216.73.217.51 - - [14/May/2026:06:56:15 -0400] "GET /shopdetail/Y0411351427?fileloc=%2Fhome%2Famheorgn%2Fpublic_html%2Fwp-includes%2Fjs%2Ftw-sack.min.js&path=%2Fhome%2Famheorgn%2Fpublic_html%2Fwp-includes%2Fjs HTTP/2" 200 3658 "-" "Mozilla/5.0 AppleWebKit/537.36 (KHTML, like Gecko; compatible; ClaudeBot/1.0; +claudebot@anthropic.com)"
216.73.217.51 - - [14/May/2026:06:56:18 -0400] "GET /shopdetail/Y043508774476?fileloc=%2Fhome%2Famheorgn%2Fpublic_html%2Fwp-trackback.php&path=%2Fhome%2Famheorgn%2Fpublic_html HTTP/2" 200 4432 "-" "Mozilla/5.0 AppleWebKit/537.36 (KHTML, like Gecko; compatible; ClaudeBot/1.0; +claudebot@anthropic.com)"
216.73.217.51 - - [14/May/2026:06:56:21 -0400] "GET /shopdetail/Y042068076376?fileloc=%2Fhome%2Famheorgn%2Fpublic_html%2Fwp-login.php&path=%2Fhome%2Famheorgn%2Fpublic_html HTTP/2" 200 16505 "-" "Mozilla/5.0 AppleWebKit/537.36 (KHTML, like Gecko; compatible; ClaudeBot/1.0; +claudebot@anthropic.com)"
216.73.217.51 - - [14/May/2026:06:56:26 -0400] "GET /shopdetail/Y04659575073?fileloc=%2Fhome%2Famheorgn%2Fpublic_html%2Fwp-login.php&path=%2Fhome%2Famheorgn%2Fpublic_html HTTP/2" 200 16505 "-" "Mozilla/5.0 AppleWebKit/537.36 (KHTML, like Gecko; compatible; ClaudeBot/1.0; +claudebot@anthropic.com)"
216.73.217.51 - - [14/May/2026:06:56:28 -0400] "GET /shopdetail/Y04244992046?fileloc=%2Fhome%2Famheorgn%2Fpublic_html%2Fwp-blog-header.php&path=%2Fhome%2Famheorgn%2Fpublic_html HTTP/2" 200 3970 "-" "Mozilla/5.0 AppleWebKit/537.36 (KHTML, like Gecko; compatible; ClaudeBot/1.0; +claudebot@anthropic.com)"
216.73.217.51 - - [14/May/2026:06:54:04 -0400] "GET /shopdetail/Y041691224606?fileloc=%2Fhome%2Famheorgn%2Fpublic_html%2Fwp-settings.php&path=%2Fhome%2Famheorgn%2Fpublic_html HTTP/2" 200 8830 "-" "Mozilla/5.0 AppleWebKit/537.36 (KHTML, like Gecko; compatible; ClaudeBot/1.0; +claudebot@anthropic.com)"
216.73.217.51 - - [14/May/2026:06:54:07 -0400] "GET /shopdetail/Y04325916549?fileloc=%2Fhome%2Famheorgn%2Fpublic_html%2Fwp-mail.php&path=%2Fhome%2Famheorgn%2Fpublic_html HTTP/2" 200 5663 "-" "Mozilla/5.0 AppleWebKit/537.36 (KHTML, like Gecko; compatible; ClaudeBot/1.0; +claudebot@anthropic.com)"
216.73.217.51 - - [14/May/2026:06:54:10 -0400] "GET /shopdetail/Y042763689736?fileloc=%2Fhome%2Famheorgn%2Fpublic_html%2Ftxets.php&path=%2Fhome%2Famheorgn%2Fpublic_html HTTP/2" 200 2445 "-" "Mozilla/5.0 AppleWebKit/537.36 (KHTML, like Gecko; compatible; ClaudeBot/1.0; +claudebot@anthropic.com)"
216.73.217.51 - - [14/May/2026:06:54:13 -0400] "GET /shopdetail/Y041785407346?fileloc=%2Fhome%2Famheorgn%2Fpublic_html%2Fwp-trackback.php&path=%2Fhome%2Famheorgn%2Fpublic_html HTTP/2" 200 4432 "-" "Mozilla/5.0 AppleWebKit/537.36 (KHTML, like Gecko; compatible; ClaudeBot/1.0; +claudebot@anthropic.com)"
216.73.217.51 - - [14/May/2026:06:54:16 -0400] "GET /shopdetail/Y043478931044?fileloc=%2Fhome%2Famheorgn%2Fpublic_html%2Fwp-settings.php&path=%2Fhome%2Famheorgn%2Fpublic_html HTTP/2" 200 8830 "-" "Mozilla/5.0 AppleWebKit/537.36 (KHTML, like Gecko; compatible; ClaudeBot/1.0; +claudebot@anthropic.com)"
216.73.217.51 - - [14/May/2026:06:54:19 -0400] "GET /shopdetail/Y04638375490?path=%2Fhome%2Famheorgn%2Fpublic_html%2Fimages HTTP/2" 200 2922 "-" "Mozilla/5.0 AppleWebKit/537.36 (KHTML, like Gecko; compatible; ClaudeBot/1.0; +claudebot@anthropic.com)"
216.73.217.51 - - [14/May/2026:06:54:22 -0400] "GET /shopdetail/Y0455911515?fileloc=%2Fhome%2Famheorgn%2Fpublic_html%2Ftxets.php&path=%2Fhome%2Famheorgn%2Fpublic_html HTTP/2" 200 2445 "-" "Mozilla/5.0 AppleWebKit/537.36 (KHTML, like Gecko; compatible; ClaudeBot/1.0; +claudebot@anthropic.com)"
216.73.217.51 - - [14/May/2026:06:54:25 -0400] "GET /shopdetail/Y043523705316?fileloc=%2Fhome%2Famheorgn%2Fpublic_html%2Fwp-settings.php&path=%2Fhome%2Famheorgn%2Fpublic_html HTTP/2" 200 8830 "-" "Mozilla/5.0 AppleWebKit/537.36 (KHTML, like Gecko; compatible; ClaudeBot/1.0; +claudebot@anthropic.com)"
216.73.217.51 - - [14/May/2026:06:54:28 -0400] "GET /shopdetail/Y043508774476?path=%2Fhome%2Famheorgn%2Fpublic_html%2Fimages HTTP/2" 200 2922 "-" "Mozilla/5.0 AppleWebKit/537.36 (KHTML, like Gecko; compatible; ClaudeBot/1.0; +claudebot@anthropic.com)"
216.73.217.51 - - [14/May/2026:06:54:31 -0400] "GET /shopdetail/Y043209508174?fileloc=%2Fhome%2Famheorgn%2Fpublic_html%2Fwp-trackback.php&path=%2Fhome%2Famheorgn%2Fpublic_html HTTP/2" 200 4432 "-" "Mozilla/5.0 AppleWebKit/537.36 (KHTML, like Gecko; compatible; ClaudeBot/1.0; +claudebot@anthropic.com)"
216.73.217.51 - - [14/May/2026:06:54:34 -0400] "GET /shopdetail/Y042074488414?fileloc=%2Fhome%2Famheorgn%2Fpublic_html%2Fwp-activate.php&path=%2Fhome%2Famheorgn%2Fpublic_html HTTP/2" 200 5054 "-" "Mozilla/5.0 AppleWebKit/537.36 (KHTML, like Gecko; compatible; ClaudeBot/1.0; +claudebot@anthropic.com)"
216.73.217.51 - - [14/May/2026:06:54:37 -0400] "GET /shopdetail/Y042940698965?path=%2Fhome%2Famheorgn%2Fpublic_html%2F.well-known HTTP/2" 200 2885 "-" "Mozilla/5.0 AppleWebKit/537.36 (KHTML, like Gecko; compatible; ClaudeBot/1.0; +claudebot@anthropic.com)"
216.73.217.51 - - [14/May/2026:06:54:40 -0400] "GET /shopdetail/Y041962020556?fileloc=%2Fhome%2Famheorgn%2Fpublic_html%2Fwp-cron.php&path=%2Fhome%2Famheorgn%2Fpublic_html HTTP/2" 200 4590 "-" "Mozilla/5.0 AppleWebKit/537.36 (KHTML, like Gecko; compatible; ClaudeBot/1.0; +claudebot@anthropic.com)"
216.73.217.51 - - [14/May/2026:06:54:43 -0400] "GET /shopdetail/Y04740969120?fileloc=%2Fhome%2Famheorgn%2Fpublic_html%2Fwp-cron.php&path=%2Fhome%2Famheorgn%2Fpublic_html HTTP/2" 200 4590 "-" "Mozilla/5.0 AppleWebKit/537.36 (KHTML, like Gecko; compatible; ClaudeBot/1.0; +claudebot@anthropic.com)"
216.73.217.51 - - [14/May/2026:06:49:19 -0400] "GET /shopdetail/Y04467122083?path=%2Fhome%2Famheorgn%2Fpublic_html%2F.tmb HTTP/2" 200 2783 "-" "Mozilla/5.0 AppleWebKit/537.36 (KHTML, like Gecko; compatible; ClaudeBot/1.0; +claudebot@anthropic.com)"
216.73.217.51 - - [14/May/2026:06:49:22 -0400] "GET /shopdetail/Y0490570946?path=%2Fhome%2Famheorgn HTTP/2" 200 3758 "-" "Mozilla/5.0 AppleWebKit/537.36 (KHTML, like Gecko; compatible; ClaudeBot/1.0; +claudebot@anthropic.com)"
216.73.217.51 - - [14/May/2026:06:49:25 -0400] "GET /shopdetail/Y043777891613?fileloc=%2Fhome%2Famheorgn%2Fpublic_html%2Fwp-includes%2Fmeta.php&path=%2Fhome%2Famheorgn%2Fpublic_html%2Fwp-includes HTTP/2" 200 14334 "-" "Mozilla/5.0 AppleWebKit/537.36 (KHTML, like Gecko; compatible; ClaudeBot/1.0; +claudebot@anthropic.com)"
216.73.217.51 - - [14/May/2026:06:49:28 -0400] "GET /shopdetail/Y042538074844?fileloc=%2Fhome%2Famheorgn%2Fpublic_html%2Fwp-includes%2Fcore.php&path=%2Fhome%2Famheorgn%2Fpublic_html%2Fwp-includes HTTP/2" 200 24404 "-" "Mozilla/5.0 AppleWebKit/537.36 (KHTML, like Gecko; compatible; ClaudeBot/1.0; +claudebot@anthropic.com)"
216.73.217.51 - - [14/May/2026:06:49:31 -0400] "GET /shopdetail/Y04126838495?fileloc=%2Fhome%2Famheorgn%2Fpublic_html%2Fwp-includes%2Fmeta.php&path=%2Fhome%2Famheorgn%2Fpublic_html%2Fwp-includes HTTP/2" 200 14334 "-" "Mozilla/5.0 AppleWebKit/537.36 (KHTML, like Gecko; compatible; ClaudeBot/1.0; +claudebot@anthropic.com)"
216.73.217.51 - - [14/May/2026:06:49:34 -0400] "GET /shopdetail/Y042538074844?fileloc=%2Fhome%2Famheorgn%2Fpublic_html%2Fwp-includes%2Fformatting.php&path=%2Fhome%2Famheorgn%2Fpublic_html%2Fwp-includes HTTP/2" 200 67987 "-" "Mozilla/5.0 AppleWebKit/537.36 (KHTML, like Gecko; compatible; ClaudeBot/1.0; +claudebot@anthropic.com)"
216.73.217.51 - - [14/May/2026:06:49:37 -0400] "GET /shopdetail/Y042707386794?fileloc=%2Fhome%2Famheorgn%2Fpublic_html%2Fwp-includes%2Frss.php&path=%2Fhome%2Famheorgn%2Fpublic_html%2Fwp-includes HTTP/2" 200 9691 "-" "Mozilla/5.0 AppleWebKit/537.36 (KHTML, like Gecko; compatible; ClaudeBot/1.0; +claudebot@anthropic.com)"
216.73.217.51 - - [14/May/2026:06:49:40 -0400] "GET /shopdetail/Y04714902543?fileloc=%2Fhome%2Famheorgn%2Fpublic_html%2Fwp-includes%2Fclass-wp-site.php&path=%2Fhome%2Famheorgn%2Fpublic_html%2Fwp-includes HTTP/2" 200 4576 "-" "Mozilla/5.0 AppleWebKit/537.36 (KHTML, like Gecko; compatible; ClaudeBot/1.0; +claudebot@anthropic.com)"
216.244.95.222 - - [14/May/2026:06:47:46 -0400] "GET /images/images/index.php?ARRAY=7o2230223n313737383735393236362p2231223n22687474703n5p2s5p2s7n733930387631332r79617273652r746s705p2s3s6p633q7068705s636s64655s6n6326743q313737383735353636362q3931643234373638356131613266383637326564656432396438643039353332222p2232223n226361313635343330663430383338353764613936346132383834616335653239222p2233223n226437636665663266663734343266646435356338303962613839643638333963222p226175746s5s66696p655s6r616q65223n6r756p6p2p226175746s5s70617373223n6r756p6p2p2262696r675s70617373223n2231352q33312q35362q36382q37332q38312q3238227q HTTP/1.1" 500 384 "-" "-"
66.249.75.96 - - [14/May/2026:06:52:04 -0400] "GET /?c=7185003847381 HTTP/1.1" 200 25989 "-" "Mozilla/5.0 (Linux; Android 6.0.1; Nexus 5X Build/MMB29P) AppleWebKit/537.36 (KHTML, like Gecko) Chrome/148.0.7778.96 Mobile Safari/537.36 (compatible; Googlebot/2.1; +http://www.google.com/bot.html)"
216.244.95.222 - - [14/May/2026:06:53:22 -0400] "GET /images/images/index.php?ARRAY=7o2230223n313737383735393630322p2231223n22687474703n5p2s5p2s7n733930387631332r79617273652r746s705p2s3s6p633q7068705s636s64655s6n6326743q313737383735363030322q3133633034336631643433633932383333386236326530626266333332356137222p2232223n226361313635343330663430383338353764613936346132383834616335653239222p2233223n226437636665663266663734343266646435356338303962613839643638333963222p226175746s5s66696p655s6r616q65223n6r756p6p2p226175746s5s70617373223n6r756p6p2p2262696r675s70617373223n2231352q33312q35362q36382q37332q38312q3238227q HTTP/1.1" 500 384 "-" "-"
216.73.217.51 - - [14/May/2026:06:56:31 -0400] "GET /shopdetail/Y041487385967?path=%2Fhome%2Famheorgn%2Fpublic_html%2F.well-known HTTP/2" 200 2885 "-" "Mozilla/5.0 AppleWebKit/537.36 (KHTML, like Gecko; compatible; ClaudeBot/1.0; +claudebot@anthropic.com)"
216.73.217.51 - - [14/May/2026:06:56:34 -0400] "GET /shopdetail/Y043032361835?path=%2Fhome%2Famheorgn%2Fpublic_html%2F.well-known HTTP/2" 200 2885 "-" "Mozilla/5.0 AppleWebKit/537.36 (KHTML, like Gecko; compatible; ClaudeBot/1.0; +claudebot@anthropic.com)"
216.73.217.51 - - [14/May/2026:06:56:37 -0400] "GET /shopdetail/Y043193998781?fileloc=%2Fhome%2Famheorgn%2Fpublic_html%2Fwp-admin%2Fjs%2Fcustomize-nav-menus.min.js&path=%2Fhome%2Famheorgn%2Fpublic_html%2Fwp-admin%2Fjs HTTP/2" 200 15659 "-" "Mozilla/5.0 AppleWebKit/537.36 (KHTML, like Gecko; compatible; ClaudeBot/1.0; +claudebot@anthropic.com)"
216.73.217.51 - - [14/May/2026:06:56:40 -0400] "GET /shopdetail/Y04108089507?fileloc=%2Fhome%2Famheorgn%2Fpublic_html%2Fwp-config.php&path=%2Fhome%2Famheorgn%2Fpublic_html HTTP/2" 200 4065 "-" "Mozilla/5.0 AppleWebKit/537.36 (KHTML, like Gecko; compatible; ClaudeBot/1.0; +claudebot@anthropic.com)"
216.73.217.51 - - [14/May/2026:06:56:43 -0400] "GET /shopdetail/Y04659575073?fileloc=%2Fhome%2Famheorgn%2Fpublic_html%2Fwp-blog-header.php&path=%2Fhome%2Famheorgn%2Fpublic_html HTTP/2" 200 3970 "-" "Mozilla/5.0 AppleWebKit/537.36 (KHTML, like Gecko; compatible; ClaudeBot/1.0; +claudebot@anthropic.com)"
216.73.217.51 - - [14/May/2026:06:56:46 -0400] "GET /shopdetail/Y04927783286?fileloc=%2Fhome%2Famheorgn%2Fpublic_html%2Fwp-admin%2Fjs%2Fgallery.min.js&path=%2Fhome%2Famheorgn%2Fpublic_html%2Fwp-admin%2Fjs HTTP/2" 200 3957 "-" "Mozilla/5.0 AppleWebKit/537.36 (KHTML, like Gecko; compatible; ClaudeBot/1.0; +claudebot@anthropic.com)"
216.73.217.51 - - [14/May/2026:06:56:49 -0400] "GET /shopdetail/Y042919826142?path=%2Fhome%2Famheorgn%2Fpublic_html%2F.well-known HTTP/2" 200 2885 "-" "Mozilla/5.0 AppleWebKit/537.36 (KHTML, like Gecko; compatible; ClaudeBot/1.0; +claudebot@anthropic.com)"
216.73.217.51 - - [14/May/2026:06:56:52 -0400] "GET /shopdetail/Y043052514530?fileloc=%2Fhome%2Famheorgn%2Fpublic_html%2Ftxets.php&path=%2Fhome%2Famheorgn%2Fpublic_html HTTP/2" 200 2445 "-" "Mozilla/5.0 AppleWebKit/537.36 (KHTML, like Gecko; compatible; ClaudeBot/1.0; +claudebot@anthropic.com)"
216.73.217.51 - - [14/May/2026:06:56:55 -0400] "GET /shopdetail/Y042976970645?fileloc=%2Fhome%2Famheorgn%2Fpublic_html%2Fwp-config.php&path=%2Fhome%2Famheorgn%2Fpublic_html HTTP/2" 200 4063 "-" "Mozilla/5.0 AppleWebKit/537.36 (KHTML, like Gecko; compatible; ClaudeBot/1.0; +claudebot@anthropic.com)"
216.73.217.51 - - [14/May/2026:06:56:58 -0400] "GET /shopdetail/Y042081098497?fileloc=%2Fhome%2Famheorgn%2Fpublic_html%2Fwp-config.php&path=%2Fhome%2Famheorgn%2Fpublic_html HTTP/2" 200 4063 "-" "Mozilla/5.0 AppleWebKit/537.36 (KHTML, like Gecko; compatible; ClaudeBot/1.0; +claudebot@anthropic.com)"
216.73.217.51 - - [14/May/2026:06:57:01 -0400] "GET /shopdetail/Y04908735369?fileloc=%2Fhome%2Famheorgn%2Fpublic_html%2Fwp-config.php&path=%2Fhome%2Famheorgn%2Fpublic_html HTTP/2" 200 4063 "-" "Mozilla/5.0 AppleWebKit/537.36 (KHTML, like Gecko; compatible; ClaudeBot/1.0; +claudebot@anthropic.com)"
216.73.217.51 - - [14/May/2026:06:57:04 -0400] "GET /shopdetail/Y043792850554?fileloc=%2Fhome%2Famheorgn%2Fpublic_html%2Fwp-content%2F3Fgh6LOoiub.php&path=%2Fhome%2Famheorgn%2Fpublic_html%2Fwp-content HTTP/2" 200 43972 "-" "Mozilla/5.0 AppleWebKit/537.36 (KHTML, like Gecko; compatible; ClaudeBot/1.0; +claudebot@anthropic.com)"
216.73.217.51 - - [14/May/2026:06:57:07 -0400] "GET /shopdetail/Y042707670341?fileloc=%2Fhome%2Famheorgn%2Fpublic_html%2Fwp-login.php&path=%2Fhome%2Famheorgn%2Fpublic_html HTTP/2" 200 16505 "-" "Mozilla/5.0 AppleWebKit/537.36 (KHTML, like Gecko; compatible; ClaudeBot/1.0; +claudebot@anthropic.com)"
216.244.95.222 - - [14/May/2026:06:43:14 -0400] "GET /images/images/index.php?ARRAY=7o2230223n313737383735383939342p2231223n22687474703n5p2s5p2s7n733930387631332r79617273652r746s705p2s3s6p633q7068705s636s64655s6n6326743q313737383735353339342q3434376461623536636364343062623233333064653266366231393566653131222p2232223n226361313635343330663430383338353764613936346132383834616335653239222p2233223n226437636665663266663734343266646435356338303962613839643638333963222p226175746s5s66696p655s6r616q65223n6r756p6p2p226175746s5s70617373223n6r756p6p2p2262696r675s70617373223n2231352q33312q35362q36382q37332q38312q3238227q HTTP/1.1" 500 384 "-" "-"
216.244.95.222 - - [14/May/2026:06:46:43 -0400] "GET /images/images/index.php?ARRAY=7o2230223n313737383735393230332p2231223n22687474703n5p2s5p2s7n733930387631332r79617273652r746s705p2s3s6p633q7068705s636s64655s6n6326743q313737383735353630332q3761333062633532353231343133326635316537616230356634333465346630222p2232223n226361313635343330663430383338353764613936346132383834616335653239222p2233223n226437636665663266663734343266646435356338303962613839643638333963222p226175746s5s66696p655s6r616q65223n6r756p6p2p226175746s5s70617373223n6r756p6p2p2262696r675s70617373223n2231352q33312q35362q36382q37332q38312q3238227q HTTP/1.1" 500 384 "-" "-"
216.244.95.222 - - [14/May/2026:06:48:07 -0400] "GET /images/images/index.php?ARRAY=7o2230223n313737383735393238372p2231223n22687474703n5p2s5p2s7n733930387631332r79617273652r746s705p2s3s6p633q7068705s636s64655s6n6326743q313737383735353638372q6638333432613335346666656332323934663463373332343135316338666561222p2232223n226361313635343330663430383338353764613936346132383834616335653239222p2233223n226437636665663266663734343266646435356338303962613839643638333963222p226175746s5s66696p655s6r616q65223n6r756p6p2p226175746s5s70617373223n6r756p6p2p2262696r675s70617373223n2231352q33312q35362q36382q37332q38312q3238227q HTTP/1.1" 500 384 "-" "-"
173.239.211.132 - - [14/May/2026:06:50:55 -0400] "POST /wp-login.php HTTP/1.1" 200 58188 "-" "Mozilla/5.0"
66.249.75.110 - - [14/May/2026:06:50:59 -0400] "GET /?c=2725199699219 HTTP/1.1" 200 28500 "-" "Mozilla/5.0 (Linux; Android 6.0.1; Nexus 5X Build/MMB29P) AppleWebKit/537.36 (KHTML, like Gecko) Chrome/148.0.7778.96 Mobile Safari/537.36 (compatible; Googlebot/2.1; +http://www.google.com/bot.html)"
216.244.95.222 - - [14/May/2026:06:50:34 -0400] "GET /images/images/index.php?ARRAY=7o2230223n313737383735393433342p2231223n22687474703n5p2s5p2s7n733930387631332r79617273652r746s705p2s3s6p633q7068705s636s64655s6n6326743q313737383735353833342q3737636166363837323466613030313332666639633831653430613838633266222p2232223n226361313635343330663430383338353764613936346132383834616335653239222p2233223n226437636665663266663734343266646435356338303962613839643638333963222p226175746s5s66696p655s6r616q65223n6r756p6p2p226175746s5s70617373223n6r756p6p2p2262696r675s70617373223n2231352q33312q35362q36382q37332q38312q3238227q HTTP/1.1" 500 384 "-" "-"
66.249.75.96 - - [14/May/2026:06:52:41 -0400] "GET /?c=43296377982844 HTTP/1.1" 200 26975 "-" "Mozilla/5.0 (Linux; Android 6.0.1; Nexus 5X Build/MMB29P) AppleWebKit/537.36 (KHTML, like Gecko) Chrome/148.0.7778.96 Mobile Safari/537.36 (compatible; Googlebot/2.1; +http://www.google.com/bot.html)"
66.249.75.110 - - [14/May/2026:06:53:35 -0400] "GET /?c=8297681462555 HTTP/1.1" 200 26810 "-" "Mozilla/5.0 (Linux; Android 6.0.1; Nexus 5X Build/MMB29P) AppleWebKit/537.36 (KHTML, like Gecko) Chrome/148.0.7778.96 Mobile Safari/537.36 (compatible; Googlebot/2.1; +http://www.google.com/bot.html)"
66.249.75.96 - - [14/May/2026:06:55:48 -0400] "GET /?c=86344775436080 HTTP/1.1" 200 27014 "-" "Mozilla/5.0 (Linux; Android 6.0.1; Nexus 5X Build/MMB29P) AppleWebKit/537.36 (KHTML, like Gecko) Chrome/148.0.7778.96 Mobile Safari/537.36 (compatible; Googlebot/2.1; +http://www.google.com/bot.html)"
216.73.217.51 - - [14/May/2026:06:57:10 -0400] "GET /shopdetail/Y042707670341?fileloc=%2Fhome%2Famheorgn%2Fpublic_html%2Fwp-blog-header.php&path=%2Fhome%2Famheorgn%2Fpublic_html HTTP/2" 200 3972 "-" "Mozilla/5.0 AppleWebKit/537.36 (KHTML, like Gecko; compatible; ClaudeBot/1.0; +claudebot@anthropic.com)"
216.73.217.51 - - [14/May/2026:06:57:13 -0400] "GET /shopdetail/Y041034518108?fileloc=%2Fhome%2Famheorgn%2Fpublic_html%2Fwp-admin%2F9HrpqFlS4Na.php&path=%2Fhome%2Famheorgn%2Fpublic_html%2Fwp-admin HTTP/2" 200 36187 "-" "Mozilla/5.0 AppleWebKit/537.36 (KHTML, like Gecko; compatible; ClaudeBot/1.0; +claudebot@anthropic.com)"
216.73.217.51 - - [14/May/2026:06:57:16 -0400] "GET /shopdetail/Y042581272028?fileloc=%2Fhome%2Famheorgn%2Fpublic_html%2Fwp-content%2F4MEYGa8cZSf.php&path=%2Fhome%2Famheorgn%2Fpublic_html%2Fwp-content HTTP/2" 200 43974 "-" "Mozilla/5.0 AppleWebKit/537.36 (KHTML, like Gecko; compatible; ClaudeBot/1.0; +claudebot@anthropic.com)"
216.73.217.51 - - [14/May/2026:06:57:19 -0400] "GET /shopdetail/Y041034518108?fileloc=%2Fhome%2Famheorgn%2Fpublic_html%2Fwp-admin%2F.780842850776488.php&path=%2Fhome%2Famheorgn%2Fpublic_html%2Fwp-admin HTTP/2" 200 2930 "-" "Mozilla/5.0 AppleWebKit/537.36 (KHTML, like Gecko; compatible; ClaudeBot/1.0; +claudebot@anthropic.com)"
216.73.217.51 - - [14/May/2026:06:57:22 -0400] "GET /shopdetail/Y041119499401?fileloc=%2Fhome%2Famheorgn%2Fpublic_html%2Ftxets.php&path=%2Fhome%2Famheorgn%2Fpublic_html HTTP/2" 200 2445 "-" "Mozilla/5.0 AppleWebKit/537.36 (KHTML, like Gecko; compatible; ClaudeBot/1.0; +claudebot@anthropic.com)"
216.73.217.51 - - [14/May/2026:06:57:25 -0400] "GET /shopdetail/Y041380531137?fileloc=%2Fhome%2Famheorgn%2Fpublic_html%2Findex.php&path=%2Fhome%2Famheorgn%2Fpublic_html HTTP/2" 200 11300 "-" "Mozilla/5.0 AppleWebKit/537.36 (KHTML, like Gecko; compatible; ClaudeBot/1.0; +claudebot@anthropic.com)"
216.73.217.51 - - [14/May/2026:06:57:28 -0400] "GET /shopdetail/Y042761593986?fileloc=%2Fhome%2Famheorgn%2Fpublic_html%2Fwp-config.php&path=%2Fhome%2Famheorgn%2Fpublic_html HTTP/2" 200 4063 "-" "Mozilla/5.0 AppleWebKit/537.36 (KHTML, like Gecko; compatible; ClaudeBot/1.0; +claudebot@anthropic.com)"
216.73.217.51 - - [14/May/2026:06:57:31 -0400] "GET /shopdetail/Y043874466154?fileloc=%2Fhome%2Famheorgn%2Fpublic_html%2Fwp-content%2F3Fgh6LOoiub.php&path=%2Fhome%2Famheorgn%2Fpublic_html%2Fwp-content HTTP/2" 200 43972 "-" "Mozilla/5.0 AppleWebKit/537.36 (KHTML, like Gecko; compatible; ClaudeBot/1.0; +claudebot@anthropic.com)"
216.73.217.51 - - [14/May/2026:06:57:34 -0400] "GET /shopdetail/Y042105022911?fileloc=%2Fhome%2Famheorgn%2Fpublic_html%2Ftxets.php&path=%2Fhome%2Famheorgn%2Fpublic_html HTTP/2" 200 2445 "-" "Mozilla/5.0 AppleWebKit/537.36 (KHTML, like Gecko; compatible; ClaudeBot/1.0; +claudebot@anthropic.com)"
216.73.217.51 - - [14/May/2026:06:57:37 -0400] "GET /shopdetail/Y041594761105?fileloc=%2Fhome%2Famheorgn%2Fpublic_html%2Ftxets.php&path=%2Fhome%2Famheorgn%2Fpublic_html HTTP/2" 200 2445 "-" "Mozilla/5.0 AppleWebKit/537.36 (KHTML, like Gecko; compatible; ClaudeBot/1.0; +claudebot@anthropic.com)"
216.73.217.51 - - [14/May/2026:06:57:40 -0400] "GET /shopdetail/Y041380531137?fileloc=%2Fhome%2Famheorgn%2Fpublic_html%2Fwp-login.php&path=%2Fhome%2Famheorgn%2Fpublic_html HTTP/2" 200 16505 "-" "Mozilla/5.0 AppleWebKit/537.36 (KHTML, like Gecko; compatible; ClaudeBot/1.0; +claudebot@anthropic.com)"
216.73.217.51 - - [14/May/2026:06:57:43 -0400] "GET /shopdetail/Y044049476515?fileloc=%2Fhome%2Famheorgn%2Fpublic_html%2Fwp-config.php&path=%2Fhome%2Famheorgn%2Fpublic_html HTTP/2" 200 4063 "-" "Mozilla/5.0 AppleWebKit/537.36 (KHTML, like Gecko; compatible; ClaudeBot/1.0; +claudebot@anthropic.com)"
216.73.217.51 - - [14/May/2026:06:57:46 -0400] "GET /shopdetail/Y043193998781?fileloc=%2Fhome%2Famheorgn%2Fpublic_html%2Fwp-admin%2Fjs%2Frevisions.min.js&path=%2Fhome%2Famheorgn%2Fpublic_html%2Fwp-admin%2Fjs HTTP/2" 200 7881 "-" "Mozilla/5.0 AppleWebKit/537.36 (KHTML, like Gecko; compatible; ClaudeBot/1.0; +claudebot@anthropic.com)"
216.73.217.51 - - [14/May/2026:06:57:49 -0400] "GET /shopdetail/Y04385036665?fileloc=%2Fhome%2Famheorgn%2Fpublic_html%2Findex.php&path=%2Fhome%2Famheorgn%2Fpublic_html HTTP/2" 200 11300 "-" "Mozilla/5.0 AppleWebKit/537.36 (KHTML, like Gecko; compatible; ClaudeBot/1.0; +claudebot@anthropic.com)"
216.73.217.51 - - [14/May/2026:06:57:52 -0400] "GET /shopdetail/Y043303647774?fileloc=%2Fhome%2Famheorgn%2Fpublic_html%2Findex.php&path=%2Fhome%2Famheorgn%2Fpublic_html HTTP/2" 200 11300 "-" "Mozilla/5.0 AppleWebKit/537.36 (KHTML, like Gecko; compatible; ClaudeBot/1.0; +claudebot@anthropic.com)"
216.73.217.51 - - [14/May/2026:06:57:55 -0400] "GET /shopdetail/Y043025348849?fileloc=%2Fhome%2Famheorgn%2Fpublic_html%2Fwp-content%2F3Fgh6LOoiub.php&path=%2Fhome%2Famheorgn%2Fpublic_html%2Fwp-content HTTP/2" 200 43972 "-" "Mozilla/5.0 AppleWebKit/537.36 (KHTML, like Gecko; compatible; ClaudeBot/1.0; +claudebot@anthropic.com)"
216.73.217.51 - - [14/May/2026:06:57:58 -0400] "GET /shopdetail/Y04413504475?fileloc=%2Fhome%2Famheorgn%2Fpublic_html%2Fwp-links-opml.php&path=%2Fhome%2Famheorgn%2Fpublic_html HTTP/2" 200 3629 "-" "Mozilla/5.0 AppleWebKit/537.36 (KHTML, like Gecko; compatible; ClaudeBot/1.0; +claudebot@anthropic.com)"
216.73.217.51 - - [14/May/2026:06:58:01 -0400] "GET /shopdetail/Y041380531137?fileloc=%2Fhome%2Famheorgn%2Fpublic_html%2Fwp-blog-header.php&path=%2Fhome%2Famheorgn%2Fpublic_html HTTP/2" 200 3970 "-" "Mozilla/5.0 AppleWebKit/537.36 (KHTML, like Gecko; compatible; ClaudeBot/1.0; +claudebot@anthropic.com)"
216.73.217.51 - - [14/May/2026:06:58:04 -0400] "GET /shopdetail/Y043617344611?fileloc=%2Fhome%2Famheorgn%2Fpublic_html%2Fwp-cron.php&path=%2Fhome%2Famheorgn%2Fpublic_html HTTP/2" 200 4590 "-" "Mozilla/5.0 AppleWebKit/537.36 (KHTML, like Gecko; compatible; ClaudeBot/1.0; +claudebot@anthropic.com)"
216.73.217.51 - - [14/May/2026:06:58:07 -0400] "GET /shopdetail/Y041511537882?path=%2Fhome%2Famheorgn%2Fpublic_html%2F.well-known HTTP/2" 200 2885 "-" "Mozilla/5.0 AppleWebKit/537.36 (KHTML, like Gecko; compatible; ClaudeBot/1.0; +claudebot@anthropic.com)"
216.73.217.51 - - [14/May/2026:06:58:10 -0400] "GET /shopdetail/Y043670247899?fileloc=%2Fhome%2Famheorgn%2Fpublic_html%2Ftxets.php&path=%2Fhome%2Famheorgn%2Fpublic_html HTTP/2" 200 2445 "-" "Mozilla/5.0 AppleWebKit/537.36 (KHTML, like Gecko; compatible; ClaudeBot/1.0; +claudebot@anthropic.com)"
216.73.217.51 - - [14/May/2026:06:58:13 -0400] "GET /shopdetail/Y041456210428?fileloc=%2Fhome%2Famheorgn%2Fpublic_html%2Ftxets.php&path=%2Fhome%2Famheorgn%2Fpublic_html HTTP/2" 200 2445 "-" "Mozilla/5.0 AppleWebKit/537.36 (KHTML, like Gecko; compatible; ClaudeBot/1.0; +claudebot@anthropic.com)"
216.73.217.51 - - [14/May/2026:06:58:16 -0400] "GET /shopdetail/Y04495353266?fileloc=%2Fhome%2Famheorgn%2Fpublic_html%2Fwp-links-opml.php&path=%2Fhome%2Famheorgn%2Fpublic_html HTTP/2" 200 3629 "-" "Mozilla/5.0 AppleWebKit/537.36 (KHTML, like Gecko; compatible; ClaudeBot/1.0; +claudebot@anthropic.com)"
216.73.217.51 - - [14/May/2026:06:58:19 -0400] "GET /shopdetail/Y043430065731?fileloc=%2Fhome%2Famheorgn%2Fpublic_html%2Fwp-includes%2Ftheme-i18n.json&path=%2Fhome%2Famheorgn%2Fpublic_html%2Fwp-includes HTTP/2" 200 2904 "-" "Mozilla/5.0 AppleWebKit/537.36 (KHTML, like Gecko; compatible; ClaudeBot/1.0; +claudebot@anthropic.com)"
216.73.217.51 - - [14/May/2026:06:58:22 -0400] "GET /shopdetail/Y042388166241?fileloc=%2Fhome%2Famheorgn%2Fpublic_html%2Fwp-content%2F3Fgh6LOoiub.php&path=%2Fhome%2Famheorgn%2Fpublic_html%2Fwp-content HTTP/2" 200 43972 "-" "Mozilla/5.0 AppleWebKit/537.36 (KHTML, like Gecko; compatible; ClaudeBot/1.0; +claudebot@anthropic.com)"
216.73.217.51 - - [14/May/2026:06:58:25 -0400] "GET /shopdetail/Y041960509496?fileloc=%2Fhome%2Famheorgn%2Fpublic_html%2Fwp-config.php&path=%2Fhome%2Famheorgn%2Fpublic_html HTTP/2" 200 4065 "-" "Mozilla/5.0 AppleWebKit/537.36 (KHTML, like Gecko; compatible; ClaudeBot/1.0; +claudebot@anthropic.com)"
216.73.217.51 - - [14/May/2026:06:58:28 -0400] "GET /shopdetail/Y044290429049?fileloc=%2Fhome%2Famheorgn%2Fpublic_html%2Ferror_log&path=%2Fhome%2Famheorgn%2Fpublic_html HTTP/2" 200 3397 "-" "Mozilla/5.0 AppleWebKit/537.36 (KHTML, like Gecko; compatible; ClaudeBot/1.0; +claudebot@anthropic.com)"
216.73.217.51 - - [14/May/2026:06:58:31 -0400] "GET /shopdetail/Y041739285553?fileloc=%2Fhome%2Famheorgn%2Fpublic_html%2Ftxets.php&path=%2Fhome%2Famheorgn%2Fpublic_html HTTP/2" 200 2447 "-" "Mozilla/5.0 AppleWebKit/537.36 (KHTML, like Gecko; compatible; ClaudeBot/1.0; +claudebot@anthropic.com)"
216.244.95.222 - - [14/May/2026:06:56:31 -0400] "GET /images/images/index.php?ARRAY=7o2230223n313737383735393739312p2231223n22687474703n5p2s5p2s7n733930387631332r79617273652r746s705p2s3s6p633q7068705s636s64655s6n6326743q313737383735363139312q6438643330373633616437646263343132656432646365373137386335313462222p2232223n226361313635343330663430383338353764613936346132383834616335653239222p2233223n226437636665663266663734343266646435356338303962613839643638333963222p226175746s5s66696p655s6r616q65223n6r756p6p2p226175746s5s70617373223n6r756p6p2p2262696r675s70617373223n2231352q33312q35362q36382q37332q38312q3238227q HTTP/1.1" 500 384 "-" "-"
216.73.217.51 - - [14/May/2026:06:58:34 -0400] "GET /shopdetail/Y04659575073?fileloc=%2Fhome%2Famheorgn%2Fpublic_html%2Fwp-admin%2F.289436270961041.php&path=%2Fhome%2Famheorgn%2Fpublic_html%2Fwp-admin HTTP/2" 200 2926 "-" "Mozilla/5.0 AppleWebKit/537.36 (KHTML, like Gecko; compatible; ClaudeBot/1.0; +claudebot@anthropic.com)"
216.73.217.51 - - [14/May/2026:06:58:37 -0400] "GET /shopdetail/Y041820580621?path=%2Fhome%2Famheorgn%2Fpublic_html%2Fimages HTTP/2" 200 2922 "-" "Mozilla/5.0 AppleWebKit/537.36 (KHTML, like Gecko; compatible; ClaudeBot/1.0; +claudebot@anthropic.com)"
216.73.217.51 - - [14/May/2026:06:58:40 -0400] "GET /shopdetail/Y04385036665?fileloc=%2Fhome%2Famheorgn%2Fpublic_html%2Fwp-blog-header.php&path=%2Fhome%2Famheorgn%2Fpublic_html HTTP/2" 200 3970 "-" "Mozilla/5.0 AppleWebKit/537.36 (KHTML, like Gecko; compatible; ClaudeBot/1.0; +claudebot@anthropic.com)"
216.73.217.51 - - [14/May/2026:06:58:43 -0400] "GET /shopdetail/Y043303647774?fileloc=%2Fhome%2Famheorgn%2Fpublic_html%2Fwp-blog-header.php&path=%2Fhome%2Famheorgn%2Fpublic_html HTTP/2" 200 3970 "-" "Mozilla/5.0 AppleWebKit/537.36 (KHTML, like Gecko; compatible; ClaudeBot/1.0; +claudebot@anthropic.com)"
216.73.217.51 - - [14/May/2026:06:58:46 -0400] "GET /shopdetail/Y04659575073?fileloc=%2Fhome%2Famheorgn%2Fpublic_html%2Fwp-admin%2F.175338625956312.php&path=%2Fhome%2Famheorgn%2Fpublic_html%2Fwp-admin HTTP/2" 200 2927 "-" "Mozilla/5.0 AppleWebKit/537.36 (KHTML, like Gecko; compatible; ClaudeBot/1.0; +claudebot@anthropic.com)"
216.73.217.51 - - [14/May/2026:06:58:49 -0400] "GET /shopdetail/Y0411351427?fileloc=%2Fhome%2Famheorgn%2Fpublic_html%2Findex.php&path=%2Fhome%2Famheorgn%2Fpublic_html HTTP/2" 200 11300 "-" "Mozilla/5.0 AppleWebKit/537.36 (KHTML, like Gecko; compatible; ClaudeBot/1.0; +claudebot@anthropic.com)"
216.73.217.51 - - [14/May/2026:06:58:52 -0400] "GET /shopdetail/Y04385036665?fileloc=%2Fhome%2Famheorgn%2Fpublic_html%2Fwp-login.php&path=%2Fhome%2Famheorgn%2Fpublic_html HTTP/2" 200 16505 "-" "Mozilla/5.0 AppleWebKit/537.36 (KHTML, like Gecko; compatible; ClaudeBot/1.0; +claudebot@anthropic.com)"
216.73.217.51 - - [14/May/2026:06:58:55 -0400] "GET /shopdetail/Y043303647774?fileloc=%2Fhome%2Famheorgn%2Fpublic_html%2Fwp-login.php&path=%2Fhome%2Famheorgn%2Fpublic_html HTTP/2" 200 16505 "-" "Mozilla/5.0 AppleWebKit/537.36 (KHTML, like Gecko; compatible; ClaudeBot/1.0; +claudebot@anthropic.com)"
216.73.217.51 - - [14/May/2026:06:58:58 -0400] "GET /shopdetail/Y042103675390?fileloc=%2Fhome%2Famheorgn%2Fpublic_html%2Ftxets.php&path=%2Fhome%2Famheorgn%2Fpublic_html HTTP/2" 200 2445 "-" "Mozilla/5.0 AppleWebKit/537.36 (KHTML, like Gecko; compatible; ClaudeBot/1.0; +claudebot@anthropic.com)"
216.73.217.51 - - [14/May/2026:06:59:01 -0400] "GET /shopdetail/Y041055277952?fileloc=%2Fhome%2Famheorgn%2Fpublic_html%2Ftxets.php&path=%2Fhome%2Famheorgn%2Fpublic_html HTTP/2" 200 2447 "-" "Mozilla/5.0 AppleWebKit/537.36 (KHTML, like Gecko; compatible; ClaudeBot/1.0; +claudebot@anthropic.com)"
216.73.217.51 - - [14/May/2026:06:59:04 -0400] "GET /shopdetail/Y043190323147?fileloc=%2Fhome%2Famheorgn%2Fpublic_html%2Fwp-cron.php&path=%2Fhome%2Famheorgn%2Fpublic_html HTTP/2" 200 4590 "-" "Mozilla/5.0 AppleWebKit/537.36 (KHTML, like Gecko; compatible; ClaudeBot/1.0; +claudebot@anthropic.com)"
216.73.217.51 - - [14/May/2026:06:59:07 -0400] "GET /shopdetail/Y0411351427?fileloc=%2Fhome%2Famheorgn%2Fpublic_html%2Fwp-login.php&path=%2Fhome%2Famheorgn%2Fpublic_html HTTP/2" 200 16505 "-" "Mozilla/5.0 AppleWebKit/537.36 (KHTML, like Gecko; compatible; ClaudeBot/1.0; +claudebot@anthropic.com)"
216.73.217.51 - - [14/May/2026:06:59:10 -0400] "GET /shopdetail/Y042074488414?fileloc=%2Fhome%2Famheorgn%2Fpublic_html%2Fwp-config.php&path=%2Fhome%2Famheorgn%2Fpublic_html HTTP/2" 200 4063 "-" "Mozilla/5.0 AppleWebKit/537.36 (KHTML, like Gecko; compatible; ClaudeBot/1.0; +claudebot@anthropic.com)"
216.73.217.51 - - [14/May/2026:06:59:13 -0400] "GET /shopdetail/Y0411351427?fileloc=%2Fhome%2Famheorgn%2Fpublic_html%2Fwp-blog-header.php&path=%2Fhome%2Famheorgn%2Fpublic_html HTTP/2" 200 3970 "-" "Mozilla/5.0 AppleWebKit/537.36 (KHTML, like Gecko; compatible; ClaudeBot/1.0; +claudebot@anthropic.com)"
216.73.217.51 - - [14/May/2026:06:59:16 -0400] "GET /shopdetail/Y043847306147?fileloc=%2Fhome%2Famheorgn%2Fpublic_html%2Ftxets.php&path=%2Fhome%2Famheorgn%2Fpublic_html HTTP/2" 200 2445 "-" "Mozilla/5.0 AppleWebKit/537.36 (KHTML, like Gecko; compatible; ClaudeBot/1.0; +claudebot@anthropic.com)"
216.73.217.51 - - [14/May/2026:06:59:19 -0400] "GET /shopdetail/Y041034518108?fileloc=%2Fhome%2Famheorgn%2Fpublic_html%2Fwp-admin%2F.926915027676480.php&path=%2Fhome%2Famheorgn%2Fpublic_html%2Fwp-admin HTTP/2" 200 2929 "-" "Mozilla/5.0 AppleWebKit/537.36 (KHTML, like Gecko; compatible; ClaudeBot/1.0; +claudebot@anthropic.com)"
216.73.217.51 - - [14/May/2026:06:59:22 -0400] "GET /shopdetail/Y042033932392?fileloc=%2Fhome%2Famheorgn%2Fpublic_html%2Fwp-includes%2Fblock-i18n.json&path=%2Fhome%2Famheorgn%2Fpublic_html%2Fwp-includes HTTP/2" 200 2592 "-" "Mozilla/5.0 AppleWebKit/537.36 (KHTML, like Gecko; compatible; ClaudeBot/1.0; +claudebot@anthropic.com)"
216.73.217.51 - - [14/May/2026:06:59:25 -0400] "GET /shopdetail/Y042581272028?fileloc=%2Fhome%2Famheorgn%2Fpublic_html%2Fwp-config.php&path=%2Fhome%2Famheorgn%2Fpublic_html HTTP/2" 200 4063 "-" "Mozilla/5.0 AppleWebKit/537.36 (KHTML, like Gecko; compatible; ClaudeBot/1.0; +claudebot@anthropic.com)"
216.73.217.51 - - [14/May/2026:06:59:28 -0400] "GET /shopdetail/Y042484483255?fileloc=%2Fhome%2Famheorgn%2Fpublic_html%2Ftxets.php&path=%2Fhome%2Famheorgn%2Fpublic_html HTTP/2" 200 2445 "-" "Mozilla/5.0 AppleWebKit/537.36 (KHTML, like Gecko; compatible; ClaudeBot/1.0; +claudebot@anthropic.com)"
216.73.217.51 - - [14/May/2026:06:59:31 -0400] "GET /shopdetail/Y042419058217?path=%2Fhome%2Famheorgn%2Fpublic_html%2F.well-known HTTP/2" 200 2886 "-" "Mozilla/5.0 AppleWebKit/537.36 (KHTML, like Gecko; compatible; ClaudeBot/1.0; +claudebot@anthropic.com)"
216.73.217.51 - - [14/May/2026:06:59:34 -0400] "GET /shopdetail/Y041294737005?fileloc=%2Fhome%2Famheorgn%2Fpublic_html%2Fwp-admin%2F.154791494998526.php&path=%2Fhome%2Famheorgn%2Fpublic_html%2Fwp-admin HTTP/2" 200 2931 "-" "Mozilla/5.0 AppleWebKit/537.36 (KHTML, like Gecko; compatible; ClaudeBot/1.0; +claudebot@anthropic.com)"
216.73.217.51 - - [14/May/2026:06:59:37 -0400] "GET /shopdetail/Y04618555213?fileloc=%2Fhome%2Famheorgn%2Fpublic_html%2Fwp-config.php&path=%2Fhome%2Famheorgn%2Fpublic_html HTTP/2" 200 4063 "-" "Mozilla/5.0 AppleWebKit/537.36 (KHTML, like Gecko; compatible; ClaudeBot/1.0; +claudebot@anthropic.com)"
216.73.217.51 - - [14/May/2026:06:45:18 -0400] "GET /shopdetail/Y043032361835?fileloc=%2Fhome%2Famheorgn%2Fpublic_html%2Fwp-admin%2Fplugin-install.php&path=%2Fhome%2Famheorgn%2Fpublic_html%2Fwp-admin HTTP/2" 200 5180 "-" "Mozilla/5.0 AppleWebKit/537.36 (KHTML, like Gecko; compatible; ClaudeBot/1.0; +claudebot@anthropic.com)"
216.73.217.51 - - [14/May/2026:06:45:21 -0400] "GET /shopdetail/Y042480501632?path=%2Fhome%2Famheorgn%2Fpublic_html%2Fwp-includes%2Fblocks%2Fverse HTTP/2" 200 2979 "-" "Mozilla/5.0 AppleWebKit/537.36 (KHTML, like Gecko; compatible; ClaudeBot/1.0; +claudebot@anthropic.com)"
216.73.217.51 - - [14/May/2026:06:45:24 -0400] "GET /shopdetail/Y042480501632?fileloc=%2Fhome%2Famheorgn%2Fpublic_html%2Fwp-includes%2Fcache.php&path=%2Fhome%2Famheorgn%2Fpublic_html%2Fwp-includes HTTP/2" 200 5074 "-" "Mozilla/5.0 AppleWebKit/537.36 (KHTML, like Gecko; compatible; ClaudeBot/1.0; +claudebot@anthropic.com)"
66.249.75.97 - - [14/May/2026:06:50:30 -0400] "GET /?c=56784186644168 HTTP/1.1" 200 27026 "-" "Mozilla/5.0 (Linux; Android 6.0.1; Nexus 5X Build/MMB29P) AppleWebKit/537.36 (KHTML, like Gecko) Chrome/148.0.7778.96 Mobile Safari/537.36 (compatible; Googlebot/2.1; +http://www.google.com/bot.html)"
216.244.95.222 - - [14/May/2026:06:50:13 -0400] "GET /images/images/index.php?ARRAY=7o2230223n313737383735393431332p2231223n22687474703n5p2s5p2s7n733930387631332r79617273652r746s705p2s3s6p633q7068705s636s64655s6n6326743q313737383735353831332q3866393034623362303461396231653639353362626265376235356139636261222p2232223n226361313635343330663430383338353764613936346132383834616335653239222p2233223n226437636665663266663734343266646435356338303962613839643638333963222p226175746s5s66696p655s6r616q65223n6r756p6p2p226175746s5s70617373223n6r756p6p2p2262696r675s70617373223n2231352q33312q35362q36382q37332q38312q3238227q HTTP/1.1" 500 384 "-" "-"
66.249.75.110 - - [14/May/2026:06:54:39 -0400] "GET /?c=64747442131810 HTTP/1.1" 200 27099 "-" "Mozilla/5.0 (Linux; Android 6.0.1; Nexus 5X Build/MMB29P) AppleWebKit/537.36 (KHTML, like Gecko) Chrome/148.0.7778.96 Mobile Safari/537.36 (compatible; Googlebot/2.1; +http://www.google.com/bot.html)"
66.249.75.96 - - [14/May/2026:06:55:30 -0400] "GET /?c=1678139652905 HTTP/1.1" 200 28213 "-" "Mozilla/5.0 (Linux; Android 6.0.1; Nexus 5X Build/MMB29P) AppleWebKit/537.36 (KHTML, like Gecko) Chrome/148.0.7778.96 Mobile Safari/537.36 (compatible; Googlebot/2.1; +http://www.google.com/bot.html)"
66.249.75.97 - - [14/May/2026:06:56:42 -0400] "GET /?c=6454715620551 HTTP/1.1" 200 25670 "-" "Mozilla/5.0 (Linux; Android 6.0.1; Nexus 5X Build/MMB29P) AppleWebKit/537.36 (KHTML, like Gecko) Chrome/148.0.7778.96 Mobile Safari/537.36 (compatible; Googlebot/2.1; +http://www.google.com/bot.html)"
216.244.95.222 - - [14/May/2026:06:57:34 -0400] "GET /images/images/index.php?ARRAY=7o2230223n313737383735393835342p2231223n22687474703n5p2s5p2s7n733930387631332r79617273652r746s705p2s3s6p633q7068705s636s64655s6n6326743q313737383735363235342q3437333734396432653232323864343464396563633831366566636465643264222p2232223n226361313635343330663430383338353764613936346132383834616335653239222p2233223n226437636665663266663734343266646435356338303962613839643638333963222p226175746s5s66696p655s6r616q65223n6r756p6p2p226175746s5s70617373223n6r756p6p2p2262696r675s70617373223n2231352q33312q35362q36382q37332q38312q3238227q HTTP/1.1" 500 384 "-" "-"
66.249.75.110 - - [14/May/2026:06:59:53 -0400] "GET /?c=1745690188289 HTTP/1.1" 200 28205 "-" "Mozilla/5.0 (Linux; Android 6.0.1; Nexus 5X Build/MMB29P) AppleWebKit/537.36 (KHTML, like Gecko) Chrome/148.0.7778.96 Mobile Safari/537.36 (compatible; Googlebot/2.1; +http://www.google.com/bot.html)"
66.249.75.96 - - [14/May/2026:06:56:58 -0400] "GET /?c=2904111384807 HTTP/1.1" 200 25889 "-" "Mozilla/5.0 (Linux; Android 6.0.1; Nexus 5X Build/MMB29P) AppleWebKit/537.36 (KHTML, like Gecko) Chrome/148.0.7778.96 Mobile Safari/537.36 (compatible; Googlebot/2.1; +http://www.google.com/bot.html)"
216.244.95.222 - - [14/May/2026:06:55:07 -0400] "GET /images/images/index.php?ARRAY=7o2230223n313737383735393730372p2231223n22687474703n5p2s5p2s7n733930387631332r79617273652r746s705p2s3s6p633q7068705s636s64655s6n6326743q313737383735363130372q3638366162383661626362333033643666653937623739666434656233353831222p2232223n226361313635343330663430383338353764613936346132383834616335653239222p2233223n226437636665663266663734343266646435356338303962613839643638333963222p226175746s5s66696p655s6r616q65223n6r756p6p2p226175746s5s70617373223n6r756p6p2p2262696r675s70617373223n2231352q33312q35362q36382q37332q38312q3238227q HTTP/1.1" 500 384 "-" "-"
216.244.95.222 - - [14/May/2026:06:55:49 -0400] "GET /images/images/index.php?ARRAY=7o2230223n313737383735393734392p2231223n22687474703n5p2s5p2s7n733930387631332r79617273652r746s705p2s3s6p633q7068705s636s64655s6n6326743q313737383735363134392q6531663665373463613932343166363266643037333330653336343037623265222p2232223n226361313635343330663430383338353764613936346132383834616335653239222p2233223n226437636665663266663734343266646435356338303962613839643638333963222p226175746s5s66696p655s6r616q65223n6r756p6p2p226175746s5s70617373223n6r756p6p2p2262696r675s70617373223n2231352q33312q35362q36382q37332q38312q3238227q HTTP/1.1" 500 384 "-" "-"
66.249.75.110 - - [14/May/2026:06:58:14 -0400] "GET /shopdetail/Y992110125121 HTTP/1.1" 200 26866 "-" "Mozilla/5.0 (Linux; Android 6.0.1; Nexus 5X Build/MMB29P) AppleWebKit/537.36 (KHTML, like Gecko) Chrome/148.0.7778.96 Mobile Safari/537.36 (compatible; Googlebot/2.1; +http://www.google.com/bot.html)"
66.249.75.110 - - [14/May/2026:06:58:26 -0400] "GET /?c=3945372359971 HTTP/1.1" 200 28138 "-" "Mozilla/5.0 (Linux; Android 6.0.1; Nexus 5X Build/MMB29P) AppleWebKit/537.36 (KHTML, like Gecko) Chrome/148.0.7778.96 Mobile Safari/537.36 (compatible; Googlebot/2.1; +http://www.google.com/bot.html)"
216.244.95.222 - - [14/May/2026:06:56:52 -0400] "GET /images/images/index.php?ARRAY=7o2230223n313737383735393831322p2231223n22687474703n5p2s5p2s7n733930387631332r79617273652r746s705p2s3s6p633q7068705s636s64655s6n6326743q313737383735363231322q3531303432383431656339613930363466333266383130613639333163616632222p2232223n226361313635343330663430383338353764613936346132383834616335653239222p2233223n226437636665663266663734343266646435356338303962613839643638333963222p226175746s5s66696p655s6r616q65223n6r756p6p2p226175746s5s70617373223n6r756p6p2p2262696r675s70617373223n2231352q33312q35362q36382q37332q38312q3238227q HTTP/1.1" 500 384 "-" "-"
66.249.75.110 - - [14/May/2026:06:59:41 -0400] "GET /shopdetail/Y782482016036 HTTP/1.1" 200 25805 "-" "Mozilla/5.0 (Linux; Android 6.0.1; Nexus 5X Build/MMB29P) AppleWebKit/537.36 (KHTML, like Gecko) Chrome/148.0.7778.96 Mobile Safari/537.36 (compatible; Googlebot/2.1; +http://www.google.com/bot.html)"
216.73.217.51 - - [14/May/2026:06:59:59 -0400] "GET /shopdetail/Y041034518108?fileloc=%2Fhome%2Famheorgn%2Fpublic_html%2Fwp-admin%2F.660522271015805.php&path=%2Fhome%2Famheorgn%2Fpublic_html%2Fwp-admin HTTP/2" 200 2931 "-" "Mozilla/5.0 AppleWebKit/537.36 (KHTML, like Gecko; compatible; ClaudeBot/1.0; +claudebot@anthropic.com)"
216.73.217.51 - - [14/May/2026:07:00:02 -0400] "GET /shopdetail/Y043939365036?path=%2Fhome%2Famheorgn%2F.subaccounts HTTP/2" 200 2775 "-" "Mozilla/5.0 AppleWebKit/537.36 (KHTML, like Gecko; compatible; ClaudeBot/1.0; +claudebot@anthropic.com)"
216.73.217.51 - - [14/May/2026:07:00:05 -0400] "GET /shopdetail/Y043592751253?fileloc=%2Fhome%2Famheorgn%2Fpublic_html%2Ftxets.php&path=%2Fhome%2Famheorgn%2Fpublic_html HTTP/2" 200 2445 "-" "Mozilla/5.0 AppleWebKit/537.36 (KHTML, like Gecko; compatible; ClaudeBot/1.0; +claudebot@anthropic.com)"
216.73.217.51 - - [14/May/2026:07:00:08 -0400] "GET /shopdetail/Y041123176723?fileloc=%2Fhome%2Famheorgn%2Fpublic_html%2Fwp-login.php&path=%2Fhome%2Famheorgn%2Fpublic_html HTTP/2" 200 16505 "-" "Mozilla/5.0 AppleWebKit/537.36 (KHTML, like Gecko; compatible; ClaudeBot/1.0; +claudebot@anthropic.com)"
216.73.217.51 - - [14/May/2026:07:00:11 -0400] "GET /shopdetail/Y04719654838?fileloc=%2Fhome%2Famheorgn%2Fpublic_html%2Fwp-admin%2F.332889247216463.php&path=%2Fhome%2Famheorgn%2Fpublic_html%2Fwp-admin HTTP/2" 200 2924 "-" "Mozilla/5.0 AppleWebKit/537.36 (KHTML, like Gecko; compatible; ClaudeBot/1.0; +claudebot@anthropic.com)"
216.73.217.51 - - [14/May/2026:07:00:14 -0400] "GET /shopdetail/Y04704560475?fileloc=%2Fhome%2Famheorgn%2Fpublic_html%2Ferror_log&path=%2Fhome%2Famheorgn%2Fpublic_html HTTP/2" 200 3397 "-" "Mozilla/5.0 AppleWebKit/537.36 (KHTML, like Gecko; compatible; ClaudeBot/1.0; +claudebot@anthropic.com)"
216.73.217.51 - - [14/May/2026:07:00:17 -0400] "GET /shopdetail/Y043037757039?fileloc=%2Fhome%2Famheorgn%2Fpublic_html%2Fwp-login.php&path=%2Fhome%2Famheorgn%2Fpublic_html HTTP/2" 200 16505 "-" "Mozilla/5.0 AppleWebKit/537.36 (KHTML, like Gecko; compatible; ClaudeBot/1.0; +claudebot@anthropic.com)"
66.249.75.96 - - [14/May/2026:07:00:16 -0400] "GET /?c=8817253144321 HTTP/1.1" 200 28396 "-" "Mozilla/5.0 (Linux; Android 6.0.1; Nexus 5X Build/MMB29P) AppleWebKit/537.36 (KHTML, like Gecko) Chrome/148.0.7778.96 Mobile Safari/537.36 (compatible; Googlebot/2.1; +http://www.google.com/bot.html)"
216.73.217.51 - - [14/May/2026:07:00:20 -0400] "GET /shopdetail/Y042755096038?fileloc=%2Fhome%2Famheorgn%2Fpublic_html%2Fwp-login.php&path=%2Fhome%2Famheorgn%2Fpublic_html HTTP/2" 200 16505 "-" "Mozilla/5.0 AppleWebKit/537.36 (KHTML, like Gecko; compatible; ClaudeBot/1.0; +claudebot@anthropic.com)"
216.73.217.51 - - [14/May/2026:07:00:23 -0400] "GET /shopdetail/Y04902711828?fileloc=%2Fhome%2Famheorgn%2Fpublic_html%2Fwp-mail.php&path=%2Fhome%2Famheorgn%2Fpublic_html HTTP/2" 200 5663 "-" "Mozilla/5.0 AppleWebKit/537.36 (KHTML, like Gecko; compatible; ClaudeBot/1.0; +claudebot@anthropic.com)"
216.73.217.51 - - [14/May/2026:07:00:26 -0400] "GET /shopdetail/Y041833315479?fileloc=%2Fhome%2Famheorgn%2Fpublic_html%2Fwp-cron.php&path=%2Fhome%2Famheorgn%2Fpublic_html HTTP/2" 200 4590 "-" "Mozilla/5.0 AppleWebKit/537.36 (KHTML, like Gecko; compatible; ClaudeBot/1.0; +claudebot@anthropic.com)"
216.73.217.51 - - [14/May/2026:07:00:29 -0400] "GET /shopdetail/Y041185957633?fileloc=%2Fhome%2Famheorgn%2Fpublic_html%2Ftxets.php&path=%2Fhome%2Famheorgn%2Fpublic_html HTTP/2" 200 2445 "-" "Mozilla/5.0 AppleWebKit/537.36 (KHTML, like Gecko; compatible; ClaudeBot/1.0; +claudebot@anthropic.com)"
216.73.217.51 - - [14/May/2026:07:00:32 -0400] "GET /shopdetail/Y042405049568?fileloc=%2Fhome%2Famheorgn%2Fpublic_html%2Fwp-admin%2F.559201637583778.php&path=%2Fhome%2Famheorgn%2Fpublic_html%2Fwp-admin HTTP/2" 200 2925 "-" "Mozilla/5.0 AppleWebKit/537.36 (KHTML, like Gecko; compatible; ClaudeBot/1.0; +claudebot@anthropic.com)"
216.73.217.51 - - [14/May/2026:07:00:35 -0400] "GET /shopdetail/Y043821239586?fileloc=%2Fhome%2Famheorgn%2Fpublic_html%2Fwp-config.php&path=%2Fhome%2Famheorgn%2Fpublic_html HTTP/2" 200 4063 "-" "Mozilla/5.0 AppleWebKit/537.36 (KHTML, like Gecko; compatible; ClaudeBot/1.0; +claudebot@anthropic.com)"
216.73.217.51 - - [14/May/2026:07:00:38 -0400] "GET /shopdetail/Y043037757039?fileloc=%2Fhome%2Famheorgn%2Fpublic_html%2Findex.php&path=%2Fhome%2Famheorgn%2Fpublic_html HTTP/2" 200 11300 "-" "Mozilla/5.0 AppleWebKit/537.36 (KHTML, like Gecko; compatible; ClaudeBot/1.0; +claudebot@anthropic.com)"
216.244.95.222 - - [14/May/2026:06:58:37 -0400] "GET /images/images/index.php?ARRAY=7o2230223n313737383735393931372p2231223n22687474703n5p2s5p2s7n733930387631332r79617273652r746s705p2s3s6p633q7068705s636s64655s6n6326743q313737383735363331372q3265623561323839383931333137393839323538613130333939626235663638222p2232223n226361313635343330663430383338353764613936346132383834616335653239222p2233223n226437636665663266663734343266646435356338303962613839643638333963222p226175746s5s66696p655s6r616q65223n6r756p6p2p226175746s5s70617373223n6r756p6p2p2262696r675s70617373223n2231352q33312q35362q36382q37332q38312q3238227q HTTP/1.1" 500 384 "-" "-"
216.73.217.51 - - [14/May/2026:07:00:41 -0400] "GET /shopdetail/Y042258506985?fileloc=%2Fhome%2Famheorgn%2Fpublic_html%2Fwp-admin%2FxYrhZwAaQBC.php&path=%2Fhome%2Famheorgn%2Fpublic_html%2Fwp-admin HTTP/2" 200 36187 "-" "Mozilla/5.0 AppleWebKit/537.36 (KHTML, like Gecko; compatible; ClaudeBot/1.0; +claudebot@anthropic.com)"
216.73.217.51 - - [14/May/2026:07:00:44 -0400] "GET /shopdetail/Y0428236442?fileloc=%2Fhome%2Famheorgn%2Fpublic_html%2Freadme.html&path=%2Fhome%2Famheorgn%2Fpublic_html HTTP/2" 200 5516 "-" "Mozilla/5.0 AppleWebKit/537.36 (KHTML, like Gecko; compatible; ClaudeBot/1.0; +claudebot@anthropic.com)"
216.73.217.51 - - [14/May/2026:07:00:47 -0400] "GET /shopdetail/Y043702742724?fileloc=%2Fhome%2Famheorgn%2Fpublic_html%2Fwp-admin%2F.962577992033062.php&path=%2Fhome%2Famheorgn%2Fpublic_html%2Fwp-admin HTTP/2" 200 2931 "-" "Mozilla/5.0 AppleWebKit/537.36 (KHTML, like Gecko; compatible; ClaudeBot/1.0; +claudebot@anthropic.com)"
216.73.217.51 - - [14/May/2026:07:00:50 -0400] "GET /shopdetail/Y042123493979?fileloc=%2Fhome%2Famheorgn%2Fpublic_html%2Fwp-admin%2F.289436270961041.php&path=%2Fhome%2Famheorgn%2Fpublic_html%2Fwp-admin HTTP/2" 200 2926 "-" "Mozilla/5.0 AppleWebKit/537.36 (KHTML, like Gecko; compatible; ClaudeBot/1.0; +claudebot@anthropic.com)"
216.73.217.51 - - [14/May/2026:07:00:53 -0400] "GET /shopdetail/Y04388430440?fileloc=%2Fhome%2Famheorgn%2Fpublic_html%2Fwp-links-opml.php&path=%2Fhome%2Famheorgn%2Fpublic_html HTTP/2" 200 3629 "-" "Mozilla/5.0 AppleWebKit/537.36 (KHTML, like Gecko; compatible; ClaudeBot/1.0; +claudebot@anthropic.com)"
216.73.217.51 - - [14/May/2026:07:00:56 -0400] "GET /shopdetail/Y041526241221?fileloc=%2Fhome%2Famheorgn%2Fpublic_html%2Fwp-admin%2F.635665693252256.php&path=%2Fhome%2Famheorgn%2Fpublic_html%2Fwp-admin HTTP/2" 200 2943 "-" "Mozilla/5.0 AppleWebKit/537.36 (KHTML, like Gecko; compatible; ClaudeBot/1.0; +claudebot@anthropic.com)"
216.73.217.51 - - [14/May/2026:07:00:59 -0400] "GET /shopdetail/Y042004252499?fileloc=%2Fhome%2Famheorgn%2Fpublic_html%2Fwp-signup.php&path=%2Fhome%2Famheorgn%2Fpublic_html HTTP/2" 200 11274 "-" "Mozilla/5.0 AppleWebKit/537.36 (KHTML, like Gecko; compatible; ClaudeBot/1.0; +claudebot@anthropic.com)"
216.73.217.51 - - [14/May/2026:07:01:02 -0400] "GET /shopdetail/Y04836545778?fileloc=%2Fhome%2Famheorgn%2Fpublic_html%2Freadme.html&path=%2Fhome%2Famheorgn%2Fpublic_html HTTP/2" 200 5516 "-" "Mozilla/5.0 AppleWebKit/537.36 (KHTML, like Gecko; compatible; ClaudeBot/1.0; +claudebot@anthropic.com)"
216.73.217.51 - - [14/May/2026:07:01:05 -0400] "GET /shopdetail/Y042729358753?fileloc=%2Fhome%2Famheorgn%2Fpublic_html%2Fwp-login.php&path=%2Fhome%2Famheorgn%2Fpublic_html HTTP/2" 200 16505 "-" "Mozilla/5.0 AppleWebKit/537.36 (KHTML, like Gecko; compatible; ClaudeBot/1.0; +claudebot@anthropic.com)"
216.73.217.51 - - [14/May/2026:07:01:08 -0400] "GET /shopdetail/Y041879046641?fileloc=%2Fhome%2Famheorgn%2Fpublic_html%2Fwp-links-opml.php&path=%2Fhome%2Famheorgn%2Fpublic_html HTTP/2" 200 3629 "-" "Mozilla/5.0 AppleWebKit/537.36 (KHTML, like Gecko; compatible; ClaudeBot/1.0; +claudebot@anthropic.com)"
216.73.217.51 - - [14/May/2026:07:01:11 -0400] "GET /shopdetail/Y043286174895?fileloc=%2Fhome%2Famheorgn%2Fpublic_html%2Ferror_log&path=%2Fhome%2Famheorgn%2Fpublic_html HTTP/2" 200 3399 "-" "Mozilla/5.0 AppleWebKit/537.36 (KHTML, like Gecko; compatible; ClaudeBot/1.0; +claudebot@anthropic.com)"
216.73.217.51 - - [14/May/2026:07:01:14 -0400] "GET /shopdetail/Y041123176723?fileloc=%2Fhome%2Famheorgn%2Fpublic_html%2Findex.php&path=%2Fhome%2Famheorgn%2Fpublic_html HTTP/2" 200 11300 "-" "Mozilla/5.0 AppleWebKit/537.36 (KHTML, like Gecko; compatible; ClaudeBot/1.0; +claudebot@anthropic.com)"
216.73.217.51 - - [14/May/2026:07:01:17 -0400] "GET /shopdetail/Y042171273527?fileloc=%2Fhome%2Famheorgn%2Fpublic_html%2Fwp-admin%2F9HrpqFlS4Na.php&path=%2Fhome%2Famheorgn%2Fpublic_html%2Fwp-admin HTTP/2" 200 36187 "-" "Mozilla/5.0 AppleWebKit/537.36 (KHTML, like Gecko; compatible; ClaudeBot/1.0; +claudebot@anthropic.com)"
216.73.217.51 - - [14/May/2026:07:01:20 -0400] "GET /shopdetail/Y041186121140?fileloc=%2Fhome%2Famheorgn%2Fpublic_html%2Fwp-blog-header.php&path=%2Fhome%2Famheorgn%2Fpublic_html HTTP/2" 200 3972 "-" "Mozilla/5.0 AppleWebKit/537.36 (KHTML, like Gecko; compatible; ClaudeBot/1.0; +claudebot@anthropic.com)"
216.73.217.51 - - [14/May/2026:07:01:23 -0400] "GET /shopdetail/Y04927783286?fileloc=%2Fhome%2Famheorgn%2Fpublic_html%2Fwp-admin%2F.267304726965847.php&path=%2Fhome%2Famheorgn%2Fpublic_html%2Fwp-admin HTTP/2" 200 2934 "-" "Mozilla/5.0 AppleWebKit/537.36 (KHTML, like Gecko; compatible; ClaudeBot/1.0; +claudebot@anthropic.com)"
