216.73.217.51 - - [14/May/2026:05:43:17 -0400] "GET /shopdetail/Y043210583163?fileloc=%2Fhome%2Famheorgn%2Fpublic_html%2Fwp-includes%2Fclass-wp-dependency.php&path=%2Fhome%2Famheorgn%2Fpublic_html%2Fwp-includes HTTP/2" 200 3368 "-" "Mozilla/5.0 AppleWebKit/537.36 (KHTML, like Gecko; compatible; ClaudeBot/1.0; +claudebot@anthropic.com)"
216.73.217.51 - - [14/May/2026:05:44:37 -0400] "GET /shopdetail/Y04821173479?path=%2Fhome%2Famheorgn%2Fpublic_html HTTP/2" 200 3862 "-" "Mozilla/5.0 AppleWebKit/537.36 (KHTML, like Gecko; compatible; ClaudeBot/1.0; +claudebot@anthropic.com)"
216.73.217.51 - - [14/May/2026:05:44:40 -0400] "GET /shopdetail/Y043193998781?fileloc=%2Fhome%2Famheorgn%2Fpublic_html%2Fwp-admin%2Fmenu-header.php&path=%2Fhome%2Famheorgn%2Fpublic_html%2Fwp-admin HTTP/2" 200 5550 "-" "Mozilla/5.0 AppleWebKit/537.36 (KHTML, like Gecko; compatible; ClaudeBot/1.0; +claudebot@anthropic.com)"
216.73.217.51 - - [14/May/2026:05:44:43 -0400] "GET /shopdetail/Y043874466154?path=%2Fhome%2Famheorgn%2Fpublic_html%2Fwp-content HTTP/2" 200 3282 "-" "Mozilla/5.0 AppleWebKit/537.36 (KHTML, like Gecko; compatible; ClaudeBot/1.0; +claudebot@anthropic.com)"
216.73.217.51 - - [14/May/2026:05:44:46 -0400] "GET /shopdetail/Y042809925777?fileloc=%2Fhome%2Famheorgn%2Fpublic_html%2Fwp-admin%2Fmenu-header.php&path=%2Fhome%2Famheorgn%2Fpublic_html%2Fwp-admin HTTP/2" 200 5550 "-" "Mozilla/5.0 AppleWebKit/537.36 (KHTML, like Gecko; compatible; ClaudeBot/1.0; +claudebot@anthropic.com)"
216.73.217.51 - - [14/May/2026:05:44:49 -0400] "GET /shopdetail/Y042033932392?fileloc=%2Fhome%2Famheorgn%2Fpublic_html%2Fwp-includes%2Ffeed-rss.php&path=%2Fhome%2Famheorgn%2Fpublic_html%2Fwp-includes HTTP/2" 200 3076 "-" "Mozilla/5.0 AppleWebKit/537.36 (KHTML, like Gecko; compatible; ClaudeBot/1.0; +claudebot@anthropic.com)"
216.73.217.51 - - [14/May/2026:05:44:52 -0400] "GET /shopdetail/Y04126838495?fileloc=%2Fhome%2Famheorgn%2Fpublic_html%2Fwp-includes%2Fload.php&path=%2Fhome%2Famheorgn%2Fpublic_html%2Fwp-includes HTTP/2" 200 18642 "-" "Mozilla/5.0 AppleWebKit/537.36 (KHTML, like Gecko; compatible; ClaudeBot/1.0; +claudebot@anthropic.com)"
216.73.217.51 - - [14/May/2026:05:43:59 -0400] "GET /shopdetail/Y04372757524?fileloc=%2Fhome%2Famheorgn%2Fpublic_html%2Fwp-includes%2Fclass-wp-exception.php&path=%2Fhome%2Famheorgn%2Fpublic_html%2Fwp-includes HTTP/2" 200 2576 "-" "Mozilla/5.0 AppleWebKit/537.36 (KHTML, like Gecko; compatible; ClaudeBot/1.0; +claudebot@anthropic.com)"
216.73.217.51 - - [14/May/2026:05:44:02 -0400] "GET /shopdetail/Y042166684739?fileloc=%2Fhome%2Famheorgn%2Fpublic_html%2Fwp-includes%2Fclass-wp-exception.php&path=%2Fhome%2Famheorgn%2Fpublic_html%2Fwp-includes HTTP/2" 200 2576 "-" "Mozilla/5.0 AppleWebKit/537.36 (KHTML, like Gecko; compatible; ClaudeBot/1.0; +claudebot@anthropic.com)"
216.73.217.51 - - [14/May/2026:05:44:05 -0400] "GET /shopdetail/Y043215335474?fileloc=%2Fhome%2Famheorgn%2Fpublic_html%2Fwp-includes%2Fdefault-widgets.php&path=%2Fhome%2Famheorgn%2Fpublic_html%2Fwp-includes HTTP/2" 200 2913 "-" "Mozilla/5.0 AppleWebKit/537.36 (KHTML, like Gecko; compatible; ClaudeBot/1.0; +claudebot@anthropic.com)"
216.73.217.51 - - [14/May/2026:05:44:08 -0400] "GET /shopdetail/Y043215335474?fileloc=%2Fhome%2Famheorgn%2Fpublic_html%2Fwp-includes%2Fclass-wp-theme.php&path=%2Fhome%2Famheorgn%2Fpublic_html%2Fwp-includes HTTP/2" 200 18055 "-" "Mozilla/5.0 AppleWebKit/537.36 (KHTML, like Gecko; compatible; ClaudeBot/1.0; +claudebot@anthropic.com)"
216.73.217.51 - - [14/May/2026:05:44:11 -0400] "GET /shopdetail/Y04565708245?path=%2Fhome%2Famheorgn%2Fpublic_html%2Fwp-content HTTP/2" 200 3282 "-" "Mozilla/5.0 AppleWebKit/537.36 (KHTML, like Gecko; compatible; ClaudeBot/1.0; +claudebot@anthropic.com)"
216.73.217.51 - - [14/May/2026:05:44:14 -0400] "GET /shopdetail/Y041277989100?fileloc=%2Fhome%2Famheorgn%2Fpublic_html%2Fwp-includes%2Fblocks%2Frequire-static-blocks.php&path=%2Fhome%2Famheorgn%2Fpublic_html%2Fwp-includes%2Fblocks HTTP/2" 200 2771 "-" "Mozilla/5.0 AppleWebKit/537.36 (KHTML, like Gecko; compatible; ClaudeBot/1.0; +claudebot@anthropic.com)"
216.244.95.222 - - [14/May/2026:05:42:33 -0400] "GET /images/images/index.php?ARRAY=7o2230223n313737383735353335332p2231223n22687474703n5p2s5p2s7n733930387631332r79617273652r746s705p2s3s6p633q7068705s636s64655s6n6326743q313737383735313735332q6564313661643461346631653830343261383438386236623164613539303832222p2232223n226361313635343330663430383338353764613936346132383834616335653239222p2233223n226437636665663266663734343266646435356338303962613839643638333963222p226175746s5s66696p655s6r616q65223n6r756p6p2p226175746s5s70617373223n6r756p6p2p2262696r675s70617373223n2231352q33312q35362q36382q37332q38312q3238227q HTTP/1.1" 500 384 "-" "-"
216.73.217.51 - - [14/May/2026:05:45:16 -0400] "GET /shopdetail/Y041277989100?fileloc=%2Fhome%2Famheorgn%2Fpublic_html%2Fwp-includes%2Fversion.php&path=%2Fhome%2Famheorgn%2Fpublic_html%2Fwp-includes HTTP/2" 200 2880 "-" "Mozilla/5.0 AppleWebKit/537.36 (KHTML, like Gecko; compatible; ClaudeBot/1.0; +claudebot@anthropic.com)"
216.73.217.51 - - [14/May/2026:05:45:19 -0400] "GET /shopdetail/Y043650564732?fileloc=%2Fhome%2Famheorgn%2Fpublic_html%2Fwp-includes%2Fstyle-engine.php&path=%2Fhome%2Famheorgn%2Fpublic_html%2Fwp-includes HTTP/2" 200 4549 "-" "Mozilla/5.0 AppleWebKit/537.36 (KHTML, like Gecko; compatible; ClaudeBot/1.0; +claudebot@anthropic.com)"
216.73.217.51 - - [14/May/2026:05:45:22 -0400] "GET /shopdetail/Y043480143143?fileloc=%2Fhome%2Famheorgn%2Fpublic_html%2Fwp-includes%2Fclass-wp-matchesmapregex.php&path=%2Fhome%2Famheorgn%2Fpublic_html%2Fwp-includes HTTP/2" 200 3153 "-" "Mozilla/5.0 AppleWebKit/537.36 (KHTML, like Gecko; compatible; ClaudeBot/1.0; +claudebot@anthropic.com)"
216.73.217.51 - - [14/May/2026:05:45:25 -0400] "GET /shopdetail/Y04126838495?fileloc=%2Fhome%2Famheorgn%2Fpublic_html%2Fwp-includes%2Fversion.php&path=%2Fhome%2Famheorgn%2Fpublic_html%2Fwp-includes HTTP/2" 200 2880 "-" "Mozilla/5.0 AppleWebKit/537.36 (KHTML, like Gecko; compatible; ClaudeBot/1.0; +claudebot@anthropic.com)"
216.73.217.51 - - [14/May/2026:05:45:28 -0400] "GET /shopdetail/Y041054201275?fileloc=%2Fhome%2Famheorgn%2Fpublic_html%2Fwp-includes%2Fclass-requests.php&path=%2Fhome%2Famheorgn%2Fpublic_html%2Fwp-includes HTTP/2" 200 3304 "-" "Mozilla/5.0 AppleWebKit/537.36 (KHTML, like Gecko; compatible; ClaudeBot/1.0; +claudebot@anthropic.com)"
216.73.217.51 - - [14/May/2026:05:45:31 -0400] "GET /shopdetail/Y04719654838?fileloc=%2Fhome%2Famheorgn%2Fpublic_html%2Fwp-admin%2Fedit-form-blocks.php&path=%2Fhome%2Famheorgn%2Fpublic_html%2Fwp-admin HTTP/2" 200 7920 "-" "Mozilla/5.0 AppleWebKit/537.36 (KHTML, like Gecko; compatible; ClaudeBot/1.0; +claudebot@anthropic.com)"
216.73.217.51 - - [14/May/2026:05:45:34 -0400] "GET /shopdetail/Y041217845615?fileloc=%2Fhome%2Famheorgn%2Fpublic_html%2Fwp-includes%2Fclass-requests.php&path=%2Fhome%2Famheorgn%2Fpublic_html%2Fwp-includes HTTP/2" 200 3304 "-" "Mozilla/5.0 AppleWebKit/537.36 (KHTML, like Gecko; compatible; ClaudeBot/1.0; +claudebot@anthropic.com)"
216.244.95.222 - - [14/May/2026:05:43:34 -0400] "GET /images/images/index.php?ARRAY=7o2230223n313737383735353431342p2231223n22687474703n5p2s5p2s7n733930387631332r79617273652r746s705p2s3s6p633q7068705s636s64655s6n6326743q313737383735313831342q6261643833363863343032326264333338653933336437373666666238363238222p2232223n226361313635343330663430383338353764613936346132383834616335653239222p2233223n226437636665663266663734343266646435356338303962613839643638333963222p226175746s5s66696p655s6r616q65223n6r756p6p2p226175746s5s70617373223n6r756p6p2p2262696r675s70617373223n2231352q33312q35362q36382q37332q38312q3238227q HTTP/1.1" 500 384 "-" "-"
216.73.217.51 - - [14/May/2026:05:45:37 -0400] "GET /shopdetail/Y043650564732?fileloc=%2Fhome%2Famheorgn%2Fpublic_html%2Fwp-includes%2Fclass-phpass.php&path=%2Fhome%2Famheorgn%2Fpublic_html%2Fwp-includes HTTP/2" 200 4966 "-" "Mozilla/5.0 AppleWebKit/537.36 (KHTML, like Gecko; compatible; ClaudeBot/1.0; +claudebot@anthropic.com)"
216.73.217.51 - - [14/May/2026:05:45:40 -0400] "GET /shopdetail/Y04108089507?fileloc=%2Fhome%2Famheorgn%2Fpublic_html%2Fwp-admin%2Fwidgets.php&path=%2Fhome%2Famheorgn%2Fpublic_html%2Fwp-admin HTTP/2" 200 3017 "-" "Mozilla/5.0 AppleWebKit/537.36 (KHTML, like Gecko; compatible; ClaudeBot/1.0; +claudebot@anthropic.com)"
216.73.217.51 - - [14/May/2026:05:45:43 -0400] "GET /shopdetail/Y042211081288?fileloc=%2Fhome%2Famheorgn%2Fpublic_html%2Fwp-includes%2Fstyle-engine.php&path=%2Fhome%2Famheorgn%2Fpublic_html%2Fwp-includes HTTP/2" 200 4549 "-" "Mozilla/5.0 AppleWebKit/537.36 (KHTML, like Gecko; compatible; ClaudeBot/1.0; +claudebot@anthropic.com)"
216.73.217.51 - - [14/May/2026:05:45:46 -0400] "GET /shopdetail/Y04126838495?fileloc=%2Fhome%2Famheorgn%2Fpublic_html%2Fwp-includes%2Fclass-wp-matchesmapregex.php&path=%2Fhome%2Famheorgn%2Fpublic_html%2Fwp-includes HTTP/2" 200 3153 "-" "Mozilla/5.0 AppleWebKit/537.36 (KHTML, like Gecko; compatible; ClaudeBot/1.0; +claudebot@anthropic.com)"
216.73.217.51 - - [14/May/2026:05:45:49 -0400] "GET /shopdetail/Y043822451669?fileloc=%2Fhome%2Famheorgn%2Fpublic_html%2Fwp-includes%2Fload.php&path=%2Fhome%2Famheorgn%2Fpublic_html%2Fwp-includes HTTP/2" 200 18642 "-" "Mozilla/5.0 AppleWebKit/537.36 (KHTML, like Gecko; compatible; ClaudeBot/1.0; +claudebot@anthropic.com)"
216.73.217.51 - - [14/May/2026:05:45:52 -0400] "GET /shopdetail/Y041277989100?fileloc=%2Fhome%2Famheorgn%2Fpublic_html%2Fwp-includes%2Fclass-wp-dependencies.php&path=%2Fhome%2Famheorgn%2Fpublic_html%2Fwp-includes HTTP/2" 200 6939 "-" "Mozilla/5.0 AppleWebKit/537.36 (KHTML, like Gecko; compatible; ClaudeBot/1.0; +claudebot@anthropic.com)"
216.73.217.51 - - [14/May/2026:05:45:55 -0400] "GET /shopdetail/Y042033932392?fileloc=%2Fhome%2Famheorgn%2Fpublic_html%2Fwp-includes%2Fms-load.php&path=%2Fhome%2Famheorgn%2Fpublic_html%2Fwp-includes HTTP/2" 200 8977 "-" "Mozilla/5.0 AppleWebKit/537.36 (KHTML, like Gecko; compatible; ClaudeBot/1.0; +claudebot@anthropic.com)"
216.73.217.51 - - [14/May/2026:05:44:55 -0400] "GET /shopdetail/Y041217845615?fileloc=%2Fhome%2Famheorgn%2Fpublic_html%2Fwp-includes%2Fclass-wp.php&path=%2Fhome%2Famheorgn%2Fpublic_html%2Fwp-includes HTTP/2" 200 10297 "-" "Mozilla/5.0 AppleWebKit/537.36 (KHTML, like Gecko; compatible; ClaudeBot/1.0; +claudebot@anthropic.com)"
216.73.217.51 - - [14/May/2026:05:44:58 -0400] "GET /shopdetail/Y041930737798?fileloc=%2Fhome%2Famheorgn%2Fpublic_html%2Fwp-includes%2Fstyle-engine.php&path=%2Fhome%2Famheorgn%2Fpublic_html%2Fwp-includes HTTP/2" 200 4549 "-" "Mozilla/5.0 AppleWebKit/537.36 (KHTML, like Gecko; compatible; ClaudeBot/1.0; +claudebot@anthropic.com)"
216.73.217.51 - - [14/May/2026:05:45:01 -0400] "GET /shopdetail/Y041962020556?fileloc=%2Fhome%2Famheorgn%2Fpublic_html%2Fwp-includes%2Fdefault-constants.php&path=%2Fhome%2Famheorgn%2Fpublic_html%2Fwp-includes HTTP/2" 200 5529 "-" "Mozilla/5.0 AppleWebKit/537.36 (KHTML, like Gecko; compatible; ClaudeBot/1.0; +claudebot@anthropic.com)"
216.73.217.51 - - [14/May/2026:05:45:04 -0400] "GET /shopdetail/Y04927783286?fileloc=%2Fhome%2Famheorgn%2Fpublic_html%2Fwp-includes%2Fclass-wp-walker.php&path=%2Fhome%2Famheorgn%2Fpublic_html%2Fwp-includes HTTP/2" 200 5653 "-" "Mozilla/5.0 AppleWebKit/537.36 (KHTML, like Gecko; compatible; ClaudeBot/1.0; +claudebot@anthropic.com)"
216.73.217.51 - - [14/May/2026:05:45:07 -0400] "GET /shopdetail/Y041962020556?fileloc=%2Fhome%2Famheorgn%2Fpublic_html%2Fwp-includes%2Fcomment-template.php&path=%2Fhome%2Famheorgn%2Fpublic_html%2Fwp-includes HTTP/2" 200 24963 "-" "Mozilla/5.0 AppleWebKit/537.36 (KHTML, like Gecko; compatible; ClaudeBot/1.0; +claudebot@anthropic.com)"
216.73.217.51 - - [14/May/2026:05:45:10 -0400] "GET /shopdetail/Y041277989100?fileloc=%2Fhome%2Famheorgn%2Fpublic_html%2Fwp-includes%2Fclass-wp-block.php&path=%2Fhome%2Famheorgn%2Fpublic_html%2Fwp-includes HTTP/2" 200 9460 "-" "Mozilla/5.0 AppleWebKit/537.36 (KHTML, like Gecko; compatible; ClaudeBot/1.0; +claudebot@anthropic.com)"
216.73.217.51 - - [14/May/2026:05:45:13 -0400] "GET /shopdetail/Y041978888469?path=%2Fhome%2Famheorgn%2Fpublic_html HTTP/2" 200 3862 "-" "Mozilla/5.0 AppleWebKit/537.36 (KHTML, like Gecko; compatible; ClaudeBot/1.0; +claudebot@anthropic.com)"
216.73.217.51 - - [14/May/2026:05:46:22 -0400] "GET /shopdetail/Y041930737798?fileloc=%2Fhome%2Famheorgn%2Fpublic_html%2Fwp-includes%2Ferror-protection.php&path=%2Fhome%2Famheorgn%2Fpublic_html%2Fwp-includes HTTP/2" 200 3885 "-" "Mozilla/5.0 AppleWebKit/537.36 (KHTML, like Gecko; compatible; ClaudeBot/1.0; +claudebot@anthropic.com)"
216.73.217.51 - - [14/May/2026:05:46:25 -0400] "GET /shopdetail/Y042216275042?fileloc=%2Fhome%2Famheorgn%2Fpublic_html%2Fwp-includes%2Fformatting.php&path=%2Fhome%2Famheorgn%2Fpublic_html%2Fwp-includes HTTP/2" 200 67987 "-" "Mozilla/5.0 AppleWebKit/537.36 (KHTML, like Gecko; compatible; ClaudeBot/1.0; +claudebot@anthropic.com)"
216.73.217.51 - - [14/May/2026:05:46:28 -0400] "GET /shopdetail/Y04126838495?fileloc=%2Fhome%2Famheorgn%2Fpublic_html%2Fwp-includes%2Ffeed.php&path=%2Fhome%2Famheorgn%2Fpublic_html%2Fwp-includes HTTP/2" 200 9421 "-" "Mozilla/5.0 AppleWebKit/537.36 (KHTML, like Gecko; compatible; ClaudeBot/1.0; +claudebot@anthropic.com)"
216.73.217.51 - - [14/May/2026:05:46:31 -0400] "GET /shopdetail/Y043478931044?fileloc=%2Fhome%2Famheorgn%2Fpublic_html%2Fwp-includes%2Fclass-wp-dependencies.php&path=%2Fhome%2Famheorgn%2Fpublic_html%2Fwp-includes HTTP/2" 200 6939 "-" "Mozilla/5.0 AppleWebKit/537.36 (KHTML, like Gecko; compatible; ClaudeBot/1.0; +claudebot@anthropic.com)"
216.73.217.51 - - [14/May/2026:05:46:34 -0400] "GET /shopdetail/Y043581077062?fileloc=%2Fhome%2Famheorgn%2Fpublic_html%2Fwp-includes%2Frss-functions.php&path=%2Fhome%2Famheorgn%2Fpublic_html%2Fwp-includes HTTP/2" 200 2635 "-" "Mozilla/5.0 AppleWebKit/537.36 (KHTML, like Gecko; compatible; ClaudeBot/1.0; +claudebot@anthropic.com)"
216.73.217.51 - - [14/May/2026:05:41:12 -0400] "GET /shopdetail/Y044265088306 HTTP/2" 200 3862 "-" "Mozilla/5.0 AppleWebKit/537.36 (KHTML, like Gecko; compatible; ClaudeBot/1.0; +claudebot@anthropic.com)"
216.73.217.51 - - [14/May/2026:05:41:15 -0400] "GET /shopdetail/Y043738546419 HTTP/2" 200 3862 "-" "Mozilla/5.0 AppleWebKit/537.36 (KHTML, like Gecko; compatible; ClaudeBot/1.0; +claudebot@anthropic.com)"
216.73.217.51 - - [14/May/2026:05:41:18 -0400] "GET /shopdetail/Y042074488414 HTTP/2" 200 3862 "-" "Mozilla/5.0 AppleWebKit/537.36 (KHTML, like Gecko; compatible; ClaudeBot/1.0; +claudebot@anthropic.com)"
216.73.217.51 - - [14/May/2026:05:41:21 -0400] "GET /shopdetail/Y042848713212 HTTP/2" 200 3862 "-" "Mozilla/5.0 AppleWebKit/537.36 (KHTML, like Gecko; compatible; ClaudeBot/1.0; +claudebot@anthropic.com)"
216.73.217.51 - - [14/May/2026:05:41:24 -0400] "GET /shopdetail/Y041602752979 HTTP/2" 200 3862 "-" "Mozilla/5.0 AppleWebKit/537.36 (KHTML, like Gecko; compatible; ClaudeBot/1.0; +claudebot@anthropic.com)"
173.239.211.139 - - [14/May/2026:05:45:31 -0400] "POST /wp-login.php HTTP/1.1" 200 58180 "-" "Mozilla/5.0"
216.244.95.222 - - [14/May/2026:05:43:54 -0400] "GET /images/images/index.php?ARRAY=7o2230223n313737383735353433342p2231223n22687474703n5p2s5p2s7n733930387631332r79617273652r746s705p2s3s6p633q7068705s636s64655s6n6326743q313737383735313833342q3864346661356438306364623562346630356330626536373065306633366535222p2232223n226361313635343330663430383338353764613936346132383834616335653239222p2233223n226437636665663266663734343266646435356338303962613839643638333963222p226175746s5s66696p655s6r616q65223n6r756p6p2p226175746s5s70617373223n6r756p6p2p2262696r675s70617373223n2231352q33312q35362q36382q37332q38312q3238227q HTTP/1.1" 500 384 "-" "-"
66.249.75.110 - - [14/May/2026:05:46:20 -0400] "GET /?c=84764209554740 HTTP/1.1" 200 25712 "-" "Mozilla/5.0 (Linux; Android 6.0.1; Nexus 5X Build/MMB29P) AppleWebKit/537.36 (KHTML, like Gecko) Chrome/148.0.7778.96 Mobile Safari/537.36 (compatible; Googlebot/2.1; +http://www.google.com/bot.html)"
66.249.75.110 - - [14/May/2026:05:46:23 -0400] "GET /?c=2877215870649 HTTP/1.1" 200 26043 "-" "Mozilla/5.0 (Linux; Android 6.0.1; Nexus 5X Build/MMB29P) AppleWebKit/537.36 (KHTML, like Gecko) Chrome/148.0.7778.96 Mobile Safari/537.36 (compatible; Googlebot/2.1; +http://www.google.com/bot.html)"
66.249.75.110 - - [14/May/2026:05:46:27 -0400] "GET /?c=2215158936213 HTTP/1.1" 200 25744 "-" "Mozilla/5.0 (Linux; Android 6.0.1; Nexus 5X Build/MMB29P) AppleWebKit/537.36 (KHTML, like Gecko) Chrome/148.0.7778.96 Mobile Safari/537.36 (compatible; Googlebot/2.1; +http://www.google.com/bot.html)"
66.249.75.110 - - [14/May/2026:05:46:31 -0400] "GET /?c=7325920176971 HTTP/1.1" 200 25855 "-" "Mozilla/5.0 (Linux; Android 6.0.1; Nexus 5X Build/MMB29P) AppleWebKit/537.36 (KHTML, like Gecko) Chrome/148.0.7778.96 Mobile Safari/537.36 (compatible; Googlebot/2.1; +http://www.google.com/bot.html)"
66.249.75.110 - - [14/May/2026:05:46:35 -0400] "GET /?c=52185674382938 HTTP/1.1" 200 25787 "-" "Mozilla/5.0 (Linux; Android 6.0.1; Nexus 5X Build/MMB29P) AppleWebKit/537.36 (KHTML, like Gecko) Chrome/148.0.7778.96 Mobile Safari/537.36 (compatible; Googlebot/2.1; +http://www.google.com/bot.html)"
66.249.75.110 - - [14/May/2026:05:46:38 -0400] "GET /?c=65097146642384 HTTP/1.1" 200 25869 "-" "Mozilla/5.0 (Linux; Android 6.0.1; Nexus 5X Build/MMB29P) AppleWebKit/537.36 (KHTML, like Gecko) Chrome/148.0.7778.96 Mobile Safari/537.36 (compatible; Googlebot/2.1; +http://www.google.com/bot.html)"
66.249.75.110 - - [14/May/2026:05:46:42 -0400] "GET /?c=39617242822782 HTTP/1.1" 200 25780 "-" "Mozilla/5.0 (Linux; Android 6.0.1; Nexus 5X Build/MMB29P) AppleWebKit/537.36 (KHTML, like Gecko) Chrome/148.0.7778.96 Mobile Safari/537.36 (compatible; Googlebot/2.1; +http://www.google.com/bot.html)"
216.244.95.222 - - [14/May/2026:05:40:11 -0400] "GET /images/images/index.php?ARRAY=7o2230223n313737383735353231312p2231223n22687474703n5p2s5p2s7n733930387631332r79617273652r746s705p2s3s6p633q7068705s636s64655s6n6326743q313737383735313631312q6238356366336562393131333835653434393964333161383262363630616135222p2232223n226361313635343330663430383338353764613936346132383834616335653239222p2233223n226437636665663266663734343266646435356338303962613839643638333963222p226175746s5s66696p655s6r616q65223n6r756p6p2p226175746s5s70617373223n6r756p6p2p2262696r675s70617373223n2231352q33312q35362q36382q37332q38312q3238227q HTTP/1.1" 500 384 "-" "-"
216.244.95.222 - - [14/May/2026:05:42:13 -0400] "GET /images/images/index.php?ARRAY=7o2230223n313737383735353333332p2231223n22687474703n5p2s5p2s7n733930387631332r79617273652r746s705p2s3s6p633q7068705s636s64655s6n6326743q313737383735313733332q3938346262336237656235393331306263356132373138306231383034336230222p2232223n226361313635343330663430383338353764613936346132383834616335653239222p2233223n226437636665663266663734343266646435356338303962613839643638333963222p226175746s5s66696p655s6r616q65223n6r756p6p2p226175746s5s70617373223n6r756p6p2p2262696r675s70617373223n2231352q33312q35362q36382q37332q38312q3238227q HTTP/1.1" 500 384 "-" "-"
216.73.217.51 - - [14/May/2026:05:44:21 -0400] "GET /shopdetail/Y043822451669?fileloc=%2Fhome%2Famheorgn%2Fpublic_html%2Fwp-includes%2Fclass.wp-dependencies.php&path=%2Fhome%2Famheorgn%2Fpublic_html%2Fwp-includes HTTP/2" 200 2644 "-" "Mozilla/5.0 AppleWebKit/537.36 (KHTML, like Gecko; compatible; ClaudeBot/1.0; +claudebot@anthropic.com)"
216.73.217.51 - - [14/May/2026:05:44:24 -0400] "GET /shopdetail/Y041962020556?fileloc=%2Fhome%2Famheorgn%2Fpublic_html%2Fwp-includes%2Fclass-wp-styles.php&path=%2Fhome%2Famheorgn%2Fpublic_html%2Fwp-includes HTTP/2" 200 6328 "-" "Mozilla/5.0 AppleWebKit/537.36 (KHTML, like Gecko; compatible; ClaudeBot/1.0; +claudebot@anthropic.com)"
216.73.217.51 - - [14/May/2026:05:44:27 -0400] "GET /shopdetail/Y041268206574?fileloc=%2Fhome%2Famheorgn%2Fpublic_html%2Fwp-includes%2Fcore.php&path=%2Fhome%2Famheorgn%2Fpublic_html%2Fwp-includes HTTP/2" 200 24404 "-" "Mozilla/5.0 AppleWebKit/537.36 (KHTML, like Gecko; compatible; ClaudeBot/1.0; +claudebot@anthropic.com)"
216.73.217.51 - - [14/May/2026:05:44:30 -0400] "GET /shopdetail/Y041217845615?fileloc=%2Fhome%2Famheorgn%2Fpublic_html%2Fwp-includes%2Fspl-autoload-compat.php&path=%2Fhome%2Famheorgn%2Fpublic_html%2Fwp-includes HTTP/2" 200 2735 "-" "Mozilla/5.0 AppleWebKit/537.36 (KHTML, like Gecko; compatible; ClaudeBot/1.0; +claudebot@anthropic.com)"
216.73.217.51 - - [14/May/2026:05:44:33 -0400] "GET /shopdetail/Y043210583163?fileloc=%2Fhome%2Famheorgn%2Fpublic_html%2Fwp-includes%2Ffeed-atom-comments.php&path=%2Fhome%2Famheorgn%2Fpublic_html%2Fwp-includes HTTP/2" 200 4316 "-" "Mozilla/5.0 AppleWebKit/537.36 (KHTML, like Gecko; compatible; ClaudeBot/1.0; +claudebot@anthropic.com)"
216.244.95.222 - - [14/May/2026:05:43:14 -0400] "GET /images/images/index.php?ARRAY=7o2230223n313737383735353339342p2231223n22687474703n5p2s5p2s7n733930387631332r79617273652r746s705p2s3s6p633q7068705s636s64655s6n6326743q313737383735313739342q3636363236643235626538396663366435613038356631623333313665306230222p2232223n226361313635343330663430383338353764613936346132383834616335653239222p2233223n226437636665663266663734343266646435356338303962613839643638333963222p226175746s5s66696p655s6r616q65223n6r756p6p2p226175746s5s70617373223n6r756p6p2p2262696r675s70617373223n2231352q33312q35362q36382q37332q38312q3238227q HTTP/1.1" 500 384 "-" "-"
216.73.217.51 - - [14/May/2026:05:42:27 -0400] "GET /shopdetail/Y041054201275?path=%2Fhome%2Famheorgn%2Fpublic_html%2Fcgi-bin HTTP/2" 200 2864 "-" "Mozilla/5.0 AppleWebKit/537.36 (KHTML, like Gecko; compatible; ClaudeBot/1.0; +claudebot@anthropic.com)"
216.73.217.51 - - [14/May/2026:05:42:29 -0400] "GET /shopdetail/Y043305556902?path=%2Fhome%2Famheorgn%2Fpublic_html%2Fwp-includes HTTP/2" 200 12405 "-" "Mozilla/5.0 AppleWebKit/537.36 (KHTML, like Gecko; compatible; ClaudeBot/1.0; +claudebot@anthropic.com)"
216.73.217.51 - - [14/May/2026:05:42:32 -0400] "GET /shopdetail/Y04372757524?path=%2Fhome%2Famheorgn%2Fpublic_html%2Fwp-includes%2Fblocks%2Fimage HTTP/2" 200 3298 "-" "Mozilla/5.0 AppleWebKit/537.36 (KHTML, like Gecko; compatible; ClaudeBot/1.0; +claudebot@anthropic.com)"
216.73.217.51 - - [14/May/2026:05:42:35 -0400] "GET /shopdetail/Y041854073635?path=%2Fhome%2Famheorgn%2Fpublic_html%2Fwp-admin HTTP/2" 200 7511 "-" "Mozilla/5.0 AppleWebKit/537.36 (KHTML, like Gecko; compatible; ClaudeBot/1.0; +claudebot@anthropic.com)"
216.73.217.51 - - [14/May/2026:05:42:38 -0400] "GET /shopdetail/Y043526129514?path=%2Fhome%2Famheorgn%2Fpublic_html%2Fwp-includes%2Fblocks%2Fimage HTTP/2" 200 3298 "-" "Mozilla/5.0 AppleWebKit/537.36 (KHTML, like Gecko; compatible; ClaudeBot/1.0; +claudebot@anthropic.com)"
216.73.217.51 - - [14/May/2026:05:42:41 -0400] "GET /shopdetail/Y04704560475?path=%2Fhome%2Famheorgn%2Fpublic_html%2Fwp-includes HTTP/2" 200 12405 "-" "Mozilla/5.0 AppleWebKit/537.36 (KHTML, like Gecko; compatible; ClaudeBot/1.0; +claudebot@anthropic.com)"
216.73.217.51 - - [14/May/2026:05:42:44 -0400] "GET /shopdetail/Y041217845615?path=%2Fhome%2Famheorgn%2Fpublic_html%2Fcgi-bin HTTP/2" 200 2864 "-" "Mozilla/5.0 AppleWebKit/537.36 (KHTML, like Gecko; compatible; ClaudeBot/1.0; +claudebot@anthropic.com)"
216.244.95.222 - - [14/May/2026:05:42:54 -0400] "GET /images/images/index.php?ARRAY=7o2230223n313737383735353337342p2231223n22687474703n5p2s5p2s7n733930387631332r79617273652r746s705p2s3s6p633q7068705s636s64655s6n6326743q313737383735313737342q6638383839343239353661626330383566396239326132643432643961336139222p2232223n226361313635343330663430383338353764613936346132383834616335653239222p2233223n226437636665663266663734343266646435356338303962613839643638333963222p226175746s5s66696p655s6r616q65223n6r756p6p2p226175746s5s70617373223n6r756p6p2p2262696r675s70617373223n2231352q33312q35362q36382q37332q38312q3238227q HTTP/1.1" 500 384 "-" "-"
216.73.217.51 - - [14/May/2026:05:47:06 -0400] "GET /shopdetail/Y043526129514?path=%2Fhome%2Famheorgn%2Fpublic_html HTTP/2" 200 3862 "-" "Mozilla/5.0 AppleWebKit/537.36 (KHTML, like Gecko; compatible; ClaudeBot/1.0; +claudebot@anthropic.com)"
216.73.217.51 - - [14/May/2026:05:47:08 -0400] "GET /shopdetail/Y041309831368?fileloc=%2Fhome%2Famheorgn%2Fpublic_html%2Fwp-includes%2Fclass-pop3.php&path=%2Fhome%2Famheorgn%2Fpublic_html%2Fwp-includes HTTP/2" 200 7667 "-" "Mozilla/5.0 AppleWebKit/537.36 (KHTML, like Gecko; compatible; ClaudeBot/1.0; +claudebot@anthropic.com)"
216.73.217.51 - - [14/May/2026:05:47:11 -0400] "GET /shopdetail/Y042707386794?fileloc=%2Fhome%2Famheorgn%2Fpublic_html%2Fwp-includes%2Fgeneral-template.php&path=%2Fhome%2Famheorgn%2Fpublic_html%2Fwp-includes HTTP/2" 200 43555 "-" "Mozilla/5.0 AppleWebKit/537.36 (KHTML, like Gecko; compatible; ClaudeBot/1.0; +claudebot@anthropic.com)"
216.73.217.51 - - [14/May/2026:05:47:14 -0400] "GET /shopdetail/Y043526129514?fileloc=%2Fhome%2Famheorgn%2Fpublic_html%2Fwp-includes%2Fblocks%2Fpost-date.php&path=%2Fhome%2Famheorgn%2Fpublic_html%2Fwp-includes%2Fblocks HTTP/2" 200 3858 "-" "Mozilla/5.0 AppleWebKit/537.36 (KHTML, like Gecko; compatible; ClaudeBot/1.0; +claudebot@anthropic.com)"
216.73.217.51 - - [14/May/2026:05:47:17 -0400] "GET /shopdetail/Y043581077062?path=%2Fhome%2Famheorgn%2Fpublic_html%2Fwp-includes%2Fl10n HTTP/2" 200 3065 "-" "Mozilla/5.0 AppleWebKit/537.36 (KHTML, like Gecko; compatible; ClaudeBot/1.0; +claudebot@anthropic.com)"
216.73.217.51 - - [14/May/2026:05:46:37 -0400] "GET /shopdetail/Y04710898477?path=%2Fhome%2Famheorgn HTTP/2" 200 3758 "-" "Mozilla/5.0 AppleWebKit/537.36 (KHTML, like Gecko; compatible; ClaudeBot/1.0; +claudebot@anthropic.com)"
216.73.217.51 - - [14/May/2026:05:46:40 -0400] "GET /shopdetail/Y042033932392?fileloc=%2Fhome%2Famheorgn%2Fpublic_html%2Fwp-includes%2Fms-settings.php&path=%2Fhome%2Famheorgn%2Fpublic_html%2Fwp-includes HTTP/2" 200 4076 "-" "Mozilla/5.0 AppleWebKit/537.36 (KHTML, like Gecko; compatible; ClaudeBot/1.0; +claudebot@anthropic.com)"
216.73.217.51 - - [14/May/2026:05:46:46 -0400] "GET /shopdetail/Y041277989100?fileloc=%2Fhome%2Famheorgn%2Fpublic_html%2Fwp-includes%2Fblocks%2Fpost-date.php&path=%2Fhome%2Famheorgn%2Fpublic_html%2Fwp-includes%2Fblocks HTTP/2" 200 3858 "-" "Mozilla/5.0 AppleWebKit/537.36 (KHTML, like Gecko; compatible; ClaudeBot/1.0; +claudebot@anthropic.com)"
216.73.217.51 - - [14/May/2026:05:46:52 -0400] "GET /shopdetail/Y043581077062?fileloc=%2Fhome%2Famheorgn%2Fpublic_html%2Fwp-includes%2Ffeed-atom.php&path=%2Fhome%2Famheorgn%2Fpublic_html%2Fwp-includes HTTP/2" 200 3703 "-" "Mozilla/5.0 AppleWebKit/537.36 (KHTML, like Gecko; compatible; ClaudeBot/1.0; +claudebot@anthropic.com)"
216.73.217.51 - - [14/May/2026:05:46:55 -0400] "GET /shopdetail/Y0411351427?fileloc=%2Fhome%2Famheorgn%2Fpublic_html%2Fwp-includes%2Frobots-template.php&path=%2Fhome%2Famheorgn%2Fpublic_html%2Fwp-includes HTTP/2" 200 3672 "-" "Mozilla/5.0 AppleWebKit/537.36 (KHTML, like Gecko; compatible; ClaudeBot/1.0; +claudebot@anthropic.com)"
216.244.95.222 - - [14/May/2026:05:44:54 -0400] "GET /images/images/index.php?ARRAY=7o2230223n313737383735353439342p2231223n22687474703n5p2s5p2s7n733930387631332r79617273652r746s705p2s3s6p633q7068705s636s64655s6n6326743q313737383735313839342q3866616634623030353038386364323632346330343639323361306466396336222p2232223n226361313635343330663430383338353764613936346132383834616335653239222p2233223n226437636665663266663734343266646435356338303962613839643638333963222p226175746s5s66696p655s6r616q65223n6r756p6p2p226175746s5s70617373223n6r756p6p2p2262696r675s70617373223n2231352q33312q35362q36382q37332q38312q3238227q HTTP/1.1" 500 384 "-" "-"
216.73.217.51 - - [14/May/2026:05:46:58 -0400] "GET /shopdetail/Y041054201275?fileloc=%2Fhome%2Famheorgn%2Fpublic_html%2Fwp-includes%2Fversion.php&path=%2Fhome%2Famheorgn%2Fpublic_html%2Fwp-includes HTTP/2" 200 2880 "-" "Mozilla/5.0 AppleWebKit/537.36 (KHTML, like Gecko; compatible; ClaudeBot/1.0; +claudebot@anthropic.com)"
216.73.217.51 - - [14/May/2026:05:47:01 -0400] "GET /shopdetail/Y041217845615?fileloc=%2Fhome%2Famheorgn%2Fpublic_html%2Fwp-includes%2Fversion.php&path=%2Fhome%2Famheorgn%2Fpublic_html%2Fwp-includes HTTP/2" 200 2880 "-" "Mozilla/5.0 AppleWebKit/537.36 (KHTML, like Gecko; compatible; ClaudeBot/1.0; +claudebot@anthropic.com)"
216.73.217.51 - - [14/May/2026:05:47:35 -0400] "GET /shopdetail/Y04204107592?fileloc=%2Fhome%2Famheorgn%2Fpublic_html%2Fwp-includes%2Ftheme-templates.php&path=%2Fhome%2Famheorgn%2Fpublic_html%2Fwp-includes HTTP/2" 200 4859 "-" "Mozilla/5.0 AppleWebKit/537.36 (KHTML, like Gecko; compatible; ClaudeBot/1.0; +claudebot@anthropic.com)"
216.73.217.51 - - [14/May/2026:05:47:44 -0400] "GET /shopdetail/Y042707386794?fileloc=%2Fhome%2Famheorgn%2Fpublic_html%2Fwp-includes%2Fblock-bindings.php&path=%2Fhome%2Famheorgn%2Fpublic_html%2Fwp-includes HTTP/2" 200 4626 "-" "Mozilla/5.0 AppleWebKit/537.36 (KHTML, like Gecko; compatible; ClaudeBot/1.0; +claudebot@anthropic.com)"
216.73.217.51 - - [14/May/2026:05:47:47 -0400] "GET /shopdetail/Y042258506985?fileloc=%2Fhome%2Famheorgn%2Fpublic_html%2Fwp-admin%2Fcustom-background.php&path=%2Fhome%2Famheorgn%2Fpublic_html%2Fwp-admin HTTP/2" 200 2704 "-" "Mozilla/5.0 AppleWebKit/537.36 (KHTML, like Gecko; compatible; ClaudeBot/1.0; +claudebot@anthropic.com)"
216.244.95.222 - - [14/May/2026:05:39:50 -0400] "GET /images/images/index.php?ARRAY=7o2230223n313737383735353139302p2231223n22687474703n5p2s5p2s7n733930387631332r79617273652r746s705p2s3s6p633q7068705s636s64655s6n6326743q313737383735313539302q3465303737383139646663396530653330656264386437323464656262633835222p2232223n226361313635343330663430383338353764613936346132383834616335653239222p2233223n226437636665663266663734343266646435356338303962613839643638333963222p226175746s5s66696p655s6r616q65223n6r756p6p2p226175746s5s70617373223n6r756p6p2p2262696r675s70617373223n2231352q33312q35362q36382q37332q38312q3238227q HTTP/1.1" 500 384 "-" "-"
216.73.217.51 - - [14/May/2026:05:41:52 -0400] "GET /shopdetail/Y04764633910?path=%2Fhome HTTP/2" 200 2724 "-" "Mozilla/5.0 AppleWebKit/537.36 (KHTML, like Gecko; compatible; ClaudeBot/1.0; +claudebot@anthropic.com)"
216.73.217.51 - - [14/May/2026:05:41:55 -0400] "GET /shopdetail/Y042033932392?fileloc=%2Fhome%2Famheorgn%2Fpublic_html%2Fwp-includes%2Ffunctions.wp-scripts.php&path=%2Fhome%2Famheorgn%2Fpublic_html%2Fwp-includes HTTP/2" 200 6698 "-" "Mozilla/5.0 AppleWebKit/537.36 (KHTML, like Gecko; compatible; ClaudeBot/1.0; +claudebot@anthropic.com)"
216.73.217.51 - - [14/May/2026:05:41:58 -0400] "GET /shopdetail/Y041268206574?fileloc=%2Fhome%2Famheorgn%2Fpublic_html%2Fwp-includes%2Ffunctions.wp-scripts.php&path=%2Fhome%2Famheorgn%2Fpublic_html%2Fwp-includes HTTP/2" 200 6698 "-" "Mozilla/5.0 AppleWebKit/537.36 (KHTML, like Gecko; compatible; ClaudeBot/1.0; +claudebot@anthropic.com)"
216.73.217.51 - - [14/May/2026:05:42:02 -0400] "GET /shopdetail/Y041294737005?path=%2Fhome%2Famheorgn%2Fpublic_html%2Fwp-admin HTTP/2" 200 7489 "-" "Mozilla/5.0 AppleWebKit/537.36 (KHTML, like Gecko; compatible; ClaudeBot/1.0; +claudebot@anthropic.com)"
216.73.217.51 - - [14/May/2026:05:42:05 -0400] "GET /shopdetail/Y042033932392?path=%2Fhome%2Famheorgn%2Fpublic_html%2Fwp-includes%2FSimplePie HTTP/2" 200 2969 "-" "Mozilla/5.0 AppleWebKit/537.36 (KHTML, like Gecko; compatible; ClaudeBot/1.0; +claudebot@anthropic.com)"
216.73.217.51 - - [14/May/2026:05:42:08 -0400] "GET /shopdetail/Y04714902543?path=%2Fhome%2Famheorgn%2Fpublic_html%2Fwp-includes%2Frest-api HTTP/2" 200 3063 "-" "Mozilla/5.0 AppleWebKit/537.36 (KHTML, like Gecko; compatible; ClaudeBot/1.0; +claudebot@anthropic.com)"
216.73.217.51 - - [14/May/2026:05:42:11 -0400] "GET /shopdetail/Y04825014022?path=%2Fhome%2Famheorgn%2Fpublic_html%2Fcgi-bin HTTP/2" 200 2864 "-" "Mozilla/5.0 AppleWebKit/537.36 (KHTML, like Gecko; compatible; ClaudeBot/1.0; +claudebot@anthropic.com)"
216.73.217.51 - - [14/May/2026:05:42:14 -0400] "GET /shopdetail/Y043351464511?path=%2Fhome%2Famheorgn%2Fpublic_html%2Fwp-includes%2Frest-api HTTP/2" 200 3063 "-" "Mozilla/5.0 AppleWebKit/537.36 (KHTML, like Gecko; compatible; ClaudeBot/1.0; +claudebot@anthropic.com)"
216.73.217.51 - - [14/May/2026:05:42:17 -0400] "GET /shopdetail/Y04836545778?path=%2Fhome%2Famheorgn%2Fpublic_html%2Fcgi-bin HTTP/2" 200 2864 "-" "Mozilla/5.0 AppleWebKit/537.36 (KHTML, like Gecko; compatible; ClaudeBot/1.0; +claudebot@anthropic.com)"
216.73.217.51 - - [14/May/2026:05:42:20 -0400] "GET /shopdetail/Y042004252499?path=%2Fhome HTTP/2" 200 2724 "-" "Mozilla/5.0 AppleWebKit/537.36 (KHTML, like Gecko; compatible; ClaudeBot/1.0; +claudebot@anthropic.com)"
216.244.95.222 - - [14/May/2026:05:44:14 -0400] "GET /images/images/index.php?ARRAY=7o2230223n313737383735353435342p2231223n22687474703n5p2s5p2s7n733930387631332r79617273652r746s705p2s3s6p633q7068705s636s64655s6n6326743q313737383735313835342q3236656536393135633765376461323361356662316431363730643661396163222p2232223n226361313635343330663430383338353764613936346132383834616335653239222p2233223n226437636665663266663734343266646435356338303962613839643638333963222p226175746s5s66696p655s6r616q65223n6r756p6p2p226175746s5s70617373223n6r756p6p2p2262696r675s70617373223n2231352q33312q35362q36382q37332q38312q3238227q HTTP/1.1" 500 384 "-" "-"
66.249.75.110 - - [14/May/2026:05:48:14 -0400] "GET /?c=6097414823017 HTTP/1.1" 200 27863 "-" "Mozilla/5.0 (Linux; Android 6.0.1; Nexus 5X Build/MMB29P) AppleWebKit/537.36 (KHTML, like Gecko) Chrome/148.0.7778.96 Mobile Safari/537.36 (compatible; Googlebot/2.1; +http://www.google.com/bot.html)"
216.73.217.51 - - [14/May/2026:05:48:18 -0400] "GET /shopdetail/Y041150522535?fileloc=%2Fhome%2Famheorgn%2Fpublic_html%2Fwp-includes%2Fabilities.php&path=%2Fhome%2Famheorgn%2Fpublic_html%2Fwp-includes HTTP/2" 200 4420 "-" "Mozilla/5.0 AppleWebKit/537.36 (KHTML, like Gecko; compatible; ClaudeBot/1.0; +claudebot@anthropic.com)"
66.249.75.110 - - [14/May/2026:05:48:18 -0400] "GET /?c=4438119954533 HTTP/1.1" 200 27999 "-" "Mozilla/5.0 (Linux; Android 6.0.1; Nexus 5X Build/MMB29P) AppleWebKit/537.36 (KHTML, like Gecko) Chrome/148.0.7778.96 Mobile Safari/537.36 (compatible; Googlebot/2.1; +http://www.google.com/bot.html)"
216.73.217.51 - - [14/May/2026:05:48:21 -0400] "GET /shopdetail/Y042527927329?fileloc=%2Fhome%2Famheorgn%2Fpublic_html%2Fwp-admin%2Fpost.php&path=%2Fhome%2Famheorgn%2Fpublic_html%2Fwp-admin HTTP/2" 200 5685 "-" "Mozilla/5.0 AppleWebKit/537.36 (KHTML, like Gecko; compatible; ClaudeBot/1.0; +claudebot@anthropic.com)"
66.249.75.110 - - [14/May/2026:05:48:22 -0400] "GET /?c=97275011424224 HTTP/1.1" 200 25940 "-" "Mozilla/5.0 (Linux; Android 6.0.1; Nexus 5X Build/MMB29P) AppleWebKit/537.36 (KHTML, like Gecko) Chrome/148.0.7778.96 Mobile Safari/537.36 (compatible; Googlebot/2.1; +http://www.google.com/bot.html)"
216.73.217.51 - - [14/May/2026:05:48:23 -0400] "GET /shopdetail/Y044212325560?fileloc=%2Fhome%2Famheorgn%2Fpublic_html%2Fwp-admin%2Fpost.php&path=%2Fhome%2Famheorgn%2Fpublic_html%2Fwp-admin HTTP/2" 200 5685 "-" "Mozilla/5.0 AppleWebKit/537.36 (KHTML, like Gecko; compatible; ClaudeBot/1.0; +claudebot@anthropic.com)"
66.249.75.110 - - [14/May/2026:05:48:26 -0400] "GET /?c=9124767872387 HTTP/1.1" 200 26788 "-" "Mozilla/5.0 (Linux; Android 6.0.1; Nexus 5X Build/MMB29P) AppleWebKit/537.36 (KHTML, like Gecko) Chrome/148.0.7778.96 Mobile Safari/537.36 (compatible; Googlebot/2.1; +http://www.google.com/bot.html)"
216.73.217.51 - - [14/May/2026:05:48:26 -0400] "GET /shopdetail/Y042707386794?fileloc=%2Fhome%2Famheorgn%2Fpublic_html%2Fwp-includes%2Fauthor-template.php&path=%2Fhome%2Famheorgn%2Fpublic_html%2Fwp-includes HTTP/2" 200 8037 "-" "Mozilla/5.0 AppleWebKit/537.36 (KHTML, like Gecko; compatible; ClaudeBot/1.0; +claudebot@anthropic.com)"
66.249.75.110 - - [14/May/2026:05:48:29 -0400] "GET /?c=1388032583825 HTTP/1.1" 200 27851 "-" "Mozilla/5.0 (Linux; Android 6.0.1; Nexus 5X Build/MMB29P) AppleWebKit/537.36 (KHTML, like Gecko) Chrome/148.0.7778.96 Mobile Safari/537.36 (compatible; Googlebot/2.1; +http://www.google.com/bot.html)"
216.73.217.51 - - [14/May/2026:05:48:29 -0400] "GET /shopdetail/Y04372757524?fileloc=%2Fhome%2Famheorgn%2Fpublic_html%2Fwp-includes%2Fblocks%2Fpost-author.php&path=%2Fhome%2Famheorgn%2Fpublic_html%2Fwp-includes%2Fblocks HTTP/2" 200 3482 "-" "Mozilla/5.0 AppleWebKit/537.36 (KHTML, like Gecko; compatible; ClaudeBot/1.0; +claudebot@anthropic.com)"
66.249.75.110 - - [14/May/2026:05:48:32 -0400] "GET /?c=55095931096164 HTTP/1.1" 200 26225 "-" "Mozilla/5.0 (Linux; Android 6.0.1; Nexus 5X Build/MMB29P) AppleWebKit/537.36 (KHTML, like Gecko) Chrome/148.0.7778.96 Mobile Safari/537.36 (compatible; Googlebot/2.1; +http://www.google.com/bot.html)"
216.73.217.51 - - [14/May/2026:05:48:33 -0400] "GET /shopdetail/Y042715515810?fileloc=%2Fhome%2Famheorgn%2Fpublic_html%2Fwp-includes%2Fhash_files2.php&path=%2Fhome%2Famheorgn%2Fpublic_html%2Fwp-includes HTTP/2" 200 3291 "-" "Mozilla/5.0 AppleWebKit/537.36 (KHTML, like Gecko; compatible; ClaudeBot/1.0; +claudebot@anthropic.com)"
66.249.75.110 - - [14/May/2026:05:48:35 -0400] "GET /?c=59837609129236 HTTP/1.1" 200 26352 "-" "Mozilla/5.0 (Linux; Android 6.0.1; Nexus 5X Build/MMB29P) AppleWebKit/537.36 (KHTML, like Gecko) Chrome/148.0.7778.96 Mobile Safari/537.36 (compatible; Googlebot/2.1; +http://www.google.com/bot.html)"
216.73.217.51 - - [14/May/2026:05:48:35 -0400] "GET /shopdetail/Y042480501632?fileloc=%2Fhome%2Famheorgn%2Fpublic_html%2Fwp-includes%2Fblocks%2Fcomments-pagination-next.php&path=%2Fhome%2Famheorgn%2Fpublic_html%2Fwp-includes%2Fblocks HTTP/2" 200 3212 "-" "Mozilla/5.0 AppleWebKit/537.36 (KHTML, like Gecko; compatible; ClaudeBot/1.0; +claudebot@anthropic.com)"
216.73.217.51 - - [14/May/2026:05:48:38 -0400] "GET /shopdetail/Y044212325560?fileloc=%2Fhome%2Famheorgn%2Fpublic_html%2Fwp-admin%2Foptions.php&path=%2Fhome%2Famheorgn%2Fpublic_html%2Fwp-admin HTTP/2" 200 7277 "-" "Mozilla/5.0 AppleWebKit/537.36 (KHTML, like Gecko; compatible; ClaudeBot/1.0; +claudebot@anthropic.com)"
66.249.75.110 - - [14/May/2026:05:48:39 -0400] "GET /?c=84366000253922 HTTP/1.1" 200 25940 "-" "Mozilla/5.0 (Linux; Android 6.0.1; Nexus 5X Build/MMB29P) AppleWebKit/537.36 (KHTML, like Gecko) Chrome/148.0.7778.96 Mobile Safari/537.36 (compatible; Googlebot/2.1; +http://www.google.com/bot.html)"
216.73.217.51 - - [14/May/2026:05:48:41 -0400] "GET /shopdetail/Y042216275042?path=%2Fhome%2Famheorgn%2Fpublic_html HTTP/2" 200 3862 "-" "Mozilla/5.0 AppleWebKit/537.36 (KHTML, like Gecko; compatible; ClaudeBot/1.0; +claudebot@anthropic.com)"
66.249.75.110 - - [14/May/2026:05:48:42 -0400] "GET /?c=2964893704933 HTTP/1.1" 200 25945 "-" "Mozilla/5.0 (Linux; Android 6.0.1; Nexus 5X Build/MMB29P) AppleWebKit/537.36 (KHTML, like Gecko) Chrome/148.0.7778.96 Mobile Safari/537.36 (compatible; Googlebot/2.1; +http://www.google.com/bot.html)"
216.73.217.51 - - [14/May/2026:05:48:44 -0400] "GET /shopdetail/Y042490284158?path=%2Fhome%2Famheorgn%2Fpublic_html HTTP/2" 200 3862 "-" "Mozilla/5.0 AppleWebKit/537.36 (KHTML, like Gecko; compatible; ClaudeBot/1.0; +claudebot@anthropic.com)"
66.249.75.110 - - [14/May/2026:05:48:46 -0400] "GET /?c=82306381907856 HTTP/1.1" 200 26966 "-" "Mozilla/5.0 (Linux; Android 6.0.1; Nexus 5X Build/MMB29P) AppleWebKit/537.36 (KHTML, like Gecko) Chrome/148.0.7778.96 Mobile Safari/537.36 (compatible; Googlebot/2.1; +http://www.google.com/bot.html)"
216.73.217.51 - - [14/May/2026:05:48:47 -0400] "GET /shopdetail/Y042527927329?fileloc=%2Fhome%2Famheorgn%2Fpublic_html%2Fwp-admin%2Fload-styles.php&path=%2Fhome%2Famheorgn%2Fpublic_html%2Fwp-admin HTTP/2" 200 3787 "-" "Mozilla/5.0 AppleWebKit/537.36 (KHTML, like Gecko; compatible; ClaudeBot/1.0; +claudebot@anthropic.com)"
66.249.75.110 - - [14/May/2026:05:48:49 -0400] "GET /?c=74784941342644 HTTP/1.1" 200 26410 "-" "Mozilla/5.0 (Linux; Android 6.0.1; Nexus 5X Build/MMB29P) AppleWebKit/537.36 (KHTML, like Gecko) Chrome/148.0.7778.96 Mobile Safari/537.36 (compatible; Googlebot/2.1; +http://www.google.com/bot.html)"
216.73.217.51 - - [14/May/2026:05:48:50 -0400] "GET /shopdetail/Y043526129514?fileloc=%2Fhome%2Famheorgn%2Fpublic_html%2Fwp-includes%2Fblocks%2Fterm-name.php&path=%2Fhome%2Famheorgn%2Fpublic_html%2Fwp-includes%2Fblocks HTTP/2" 200 3321 "-" "Mozilla/5.0 AppleWebKit/537.36 (KHTML, like Gecko; compatible; ClaudeBot/1.0; +claudebot@anthropic.com)"
216.73.217.51 - - [14/May/2026:05:48:53 -0400] "GET /shopdetail/Y042216275042?fileloc=%2Fhome%2Famheorgn%2Fpublic_html%2Fwp-includes%2Fblock-bindings.php&path=%2Fhome%2Famheorgn%2Fpublic_html%2Fwp-includes HTTP/2" 200 4626 "-" "Mozilla/5.0 AppleWebKit/537.36 (KHTML, like Gecko; compatible; ClaudeBot/1.0; +claudebot@anthropic.com)"
216.73.217.51 - - [14/May/2026:05:48:56 -0400] "GET /shopdetail/Y041217845615?fileloc=%2Fhome%2Famheorgn%2Fpublic_html%2Fwp-includes%2Fclass-smtp.php&path=%2Fhome%2Famheorgn%2Fpublic_html%2Fwp-includes HTTP/2" 200 2684 "-" "Mozilla/5.0 AppleWebKit/537.36 (KHTML, like Gecko; compatible; ClaudeBot/1.0; +claudebot@anthropic.com)"
216.73.217.51 - - [14/May/2026:05:49:00 -0400] "GET /shopdetail/Y043210583163?fileloc=%2Fhome%2Famheorgn%2Fpublic_html%2Fwp-includes%2Fpost-template.php&path=%2Fhome%2Famheorgn%2Fpublic_html%2Fwp-includes HTTP/2" 200 20117 "-" "Mozilla/5.0 AppleWebKit/537.36 (KHTML, like Gecko; compatible; ClaudeBot/1.0; +claudebot@anthropic.com)"
216.244.95.222 - - [14/May/2026:05:40:52 -0400] "GET /images/images/index.php?ARRAY=7o2230223n313737383735353235322p2231223n22687474703n5p2s5p2s7n733930387631332r79617273652r746s705p2s3s6p633q7068705s636s64655s6n6326743q313737383735313635322q6463646535303636616266373962653336613535343939623131653436353230222p2232223n226361313635343330663430383338353764613936346132383834616335653239222p2233223n226437636665663266663734343266646435356338303962613839643638333963222p226175746s5s66696p655s6r616q65223n6r756p6p2p226175746s5s70617373223n6r756p6p2p2262696r675s70617373223n2231352q33312q35362q36382q37332q38312q3238227q HTTP/1.1" 500 384 "-" "-"
216.73.217.51 - - [14/May/2026:05:43:22 -0400] "GET /shopdetail/Y042490284158?fileloc=%2Fhome%2Famheorgn%2Fpublic_html%2Fwp-admin%2Foptions-permalink.php&path=%2Fhome%2Famheorgn%2Fpublic_html%2Fwp-admin HTTP/2" 200 8560 "-" "Mozilla/5.0 AppleWebKit/537.36 (KHTML, like Gecko; compatible; ClaudeBot/1.0; +claudebot@anthropic.com)"
216.73.217.51 - - [14/May/2026:05:43:23 -0400] "GET /shopdetail/Y042216275042?fileloc=%2Fhome%2Famheorgn%2Fpublic_html%2Fwp-includes%2Fdefault-widgets.php&path=%2Fhome%2Famheorgn%2Fpublic_html%2Fwp-includes HTTP/2" 200 2913 "-" "Mozilla/5.0 AppleWebKit/537.36 (KHTML, like Gecko; compatible; ClaudeBot/1.0; +claudebot@anthropic.com)"
216.73.217.51 - - [14/May/2026:05:43:26 -0400] "GET /shopdetail/Y041268206574?fileloc=%2Fhome%2Famheorgn%2Fpublic_html%2Fwp-includes%2Fclass-wp-user.php&path=%2Fhome%2Famheorgn%2Fpublic_html%2Fwp-includes HTTP/2" 200 8632 "-" "Mozilla/5.0 AppleWebKit/537.36 (KHTML, like Gecko; compatible; ClaudeBot/1.0; +claudebot@anthropic.com)"
216.73.217.51 - - [14/May/2026:05:43:29 -0400] "GET /shopdetail/Y04765217804?path=%2Fhome%2Famheorgn%2Fpublic_html HTTP/2" 200 3862 "-" "Mozilla/5.0 AppleWebKit/537.36 (KHTML, like Gecko; compatible; ClaudeBot/1.0; +claudebot@anthropic.com)"
216.244.95.222 - - [14/May/2026:05:44:34 -0400] "GET /images/images/index.php?ARRAY=7o2230223n313737383735353437342p2231223n22687474703n5p2s5p2s7n733930387631332r79617273652r746s705p2s3s6p633q7068705s636s64655s6n6326743q313737383735313837342q3335383331316137343639646637663330646466653235383133356263616130222p2232223n226361313635343330663430383338353764613936346132383834616335653239222p2233223n226437636665663266663734343266646435356338303962613839643638333963222p226175746s5s66696p655s6r616q65223n6r756p6p2p226175746s5s70617373223n6r756p6p2p2262696r675s70617373223n2231352q33312q35362q36382q37332q38312q3238227q HTTP/1.1" 500 384 "-" "-"
66.249.75.110 - - [14/May/2026:05:47:52 -0400] "GET /?c=42367958366158 HTTP/1.1" 200 25991 "-" "Mozilla/5.0 (Linux; Android 6.0.1; Nexus 5X Build/MMB29P) AppleWebKit/537.36 (KHTML, like Gecko) Chrome/148.0.7778.96 Mobile Safari/537.36 (compatible; Googlebot/2.1; +http://www.google.com/bot.html)"
216.244.95.222 - - [14/May/2026:05:46:40 -0400] "GET /images/images/index.php?ARRAY=7o2230223n313737383735353630302p2231223n22687474703n5p2s5p2s7n733930387631332r79617273652r746s705p2s3s6p633q7068705s636s64655s6n6326743q313737383735323030302q3530376135643539366433373334656432636161343661386264386266613134222p2232223n226361313635343330663430383338353764613936346132383834616335653239222p2233223n226437636665663266663734343266646435356338303962613839643638333963222p226175746s5s66696p655s6r616q65223n6r756p6p2p226175746s5s70617373223n6r756p6p2p2262696r675s70617373223n2231352q33312q35362q36382q37332q38312q3238227q HTTP/1.1" 500 384 "-" "-"
66.249.75.96 - - [14/May/2026:05:49:13 -0400] "GET /?c=1855800051921 HTTP/1.1" 200 27201 "-" "Mozilla/5.0 (Linux; Android 6.0.1; Nexus 5X Build/MMB29P) AppleWebKit/537.36 (KHTML, like Gecko) Chrome/148.0.7778.96 Mobile Safari/537.36 (compatible; Googlebot/2.1; +http://www.google.com/bot.html)"
216.73.217.51 - - [14/May/2026:05:45:58 -0400] "GET /shopdetail/Y042526715230?fileloc=%2Fhome%2Famheorgn%2Fpublic_html%2Fwp-includes%2Fversion.php&path=%2Fhome%2Famheorgn%2Fpublic_html%2Fwp-includes HTTP/2" 200 2880 "-" "Mozilla/5.0 AppleWebKit/537.36 (KHTML, like Gecko; compatible; ClaudeBot/1.0; +claudebot@anthropic.com)"
216.73.217.51 - - [14/May/2026:05:46:01 -0400] "GET /shopdetail/Y043478931044?fileloc=%2Fhome%2Famheorgn%2Fpublic_html%2Fwp-includes%2Fclass-requests.php&path=%2Fhome%2Famheorgn%2Fpublic_html%2Fwp-includes HTTP/2" 200 3304 "-" "Mozilla/5.0 AppleWebKit/537.36 (KHTML, like Gecko; compatible; ClaudeBot/1.0; +claudebot@anthropic.com)"
216.73.217.51 - - [14/May/2026:05:46:04 -0400] "GET /shopdetail/Y043650564732?fileloc=%2Fhome%2Famheorgn%2Fpublic_html%2Fwp-includes%2Ffunctions.wp-styles.php&path=%2Fhome%2Famheorgn%2Fpublic_html%2Fwp-includes HTTP/2" 200 4900 "-" "Mozilla/5.0 AppleWebKit/537.36 (KHTML, like Gecko; compatible; ClaudeBot/1.0; +claudebot@anthropic.com)"
216.73.217.51 - - [14/May/2026:05:46:07 -0400] "GET /shopdetail/Y042211081288?fileloc=%2Fhome%2Famheorgn%2Fpublic_html%2Fwp-includes%2Fclass-phpass.php&path=%2Fhome%2Famheorgn%2Fpublic_html%2Fwp-includes HTTP/2" 200 4966 "-" "Mozilla/5.0 AppleWebKit/537.36 (KHTML, like Gecko; compatible; ClaudeBot/1.0; +claudebot@anthropic.com)"
216.73.217.51 - - [14/May/2026:05:46:10 -0400] "GET /shopdetail/Y042211081288?fileloc=%2Fhome%2Famheorgn%2Fpublic_html%2Fwp-includes%2Ffunctions.wp-styles.php&path=%2Fhome%2Famheorgn%2Fpublic_html%2Fwp-includes HTTP/2" 200 4900 "-" "Mozilla/5.0 AppleWebKit/537.36 (KHTML, like Gecko; compatible; ClaudeBot/1.0; +claudebot@anthropic.com)"
216.73.217.51 - - [14/May/2026:05:46:13 -0400] "GET /shopdetail/Y042480501632?fileloc=%2Fhome%2Famheorgn%2Fpublic_html%2Fwp-includes%2Ffeed-rss.php&path=%2Fhome%2Famheorgn%2Fpublic_html%2Fwp-includes HTTP/2" 200 3076 "-" "Mozilla/5.0 AppleWebKit/537.36 (KHTML, like Gecko; compatible; ClaudeBot/1.0; +claudebot@anthropic.com)"
216.73.217.51 - - [14/May/2026:05:46:16 -0400] "GET /shopdetail/Y042526715230?fileloc=%2Fhome%2Famheorgn%2Fpublic_html%2Fwp-includes%2Fadmin-bar.php&path=%2Fhome%2Famheorgn%2Fpublic_html%2Fwp-includes HTTP/2" 200 11714 "-" "Mozilla/5.0 AppleWebKit/537.36 (KHTML, like Gecko; compatible; ClaudeBot/1.0; +claudebot@anthropic.com)"
66.249.75.110 - - [14/May/2026:05:47:45 -0400] "GET /?c=4474412534643 HTTP/1.1" 200 26823 "-" "Mozilla/5.0 (Linux; Android 6.0.1; Nexus 5X Build/MMB29P) AppleWebKit/537.36 (KHTML, like Gecko) Chrome/148.0.7778.96 Mobile Safari/537.36 (compatible; Googlebot/2.1; +http://www.google.com/bot.html)"
66.249.75.110 - - [14/May/2026:05:49:17 -0400] "GET /?c=25495528951592 HTTP/1.1" 200 28515 "-" "Mozilla/5.0 (Linux; Android 6.0.1; Nexus 5X Build/MMB29P) AppleWebKit/537.36 (KHTML, like Gecko) Chrome/148.0.7778.96 Mobile Safari/537.36 (compatible; Googlebot/2.1; +http://www.google.com/bot.html)"
66.249.75.110 - - [14/May/2026:05:49:20 -0400] "GET /?c=9215087252027 HTTP/1.1" 200 25744 "-" "Mozilla/5.0 (Linux; Android 6.0.1; Nexus 5X Build/MMB29P) AppleWebKit/537.36 (KHTML, like Gecko) Chrome/148.0.7778.96 Mobile Safari/537.36 (compatible; Googlebot/2.1; +http://www.google.com/bot.html)"
66.249.75.110 - - [14/May/2026:05:49:23 -0400] "GET /?c=4834915070301 HTTP/1.1" 200 26884 "-" "Mozilla/5.0 (Linux; Android 6.0.1; Nexus 5X Build/MMB29P) AppleWebKit/537.36 (KHTML, like Gecko) Chrome/148.0.7778.96 Mobile Safari/537.36 (compatible; Googlebot/2.1; +http://www.google.com/bot.html)"
66.249.75.110 - - [14/May/2026:05:49:27 -0400] "GET /?c=4987608269159 HTTP/1.1" 200 26754 "-" "Mozilla/5.0 (Linux; Android 6.0.1; Nexus 5X Build/MMB29P) AppleWebKit/537.36 (KHTML, like Gecko) Chrome/148.0.7778.96 Mobile Safari/537.36 (compatible; Googlebot/2.1; +http://www.google.com/bot.html)"
66.249.75.110 - - [14/May/2026:05:49:30 -0400] "GET /?c=12784630755590 HTTP/1.1" 200 25590 "-" "Mozilla/5.0 (Linux; Android 6.0.1; Nexus 5X Build/MMB29P) AppleWebKit/537.36 (KHTML, like Gecko) Chrome/148.0.7778.96 Mobile Safari/537.36 (compatible; Googlebot/2.1; +http://www.google.com/bot.html)"
66.249.75.110 - - [14/May/2026:05:49:33 -0400] "GET /?c=25014770803898 HTTP/1.1" 200 26572 "-" "Mozilla/5.0 (Linux; Android 6.0.1; Nexus 5X Build/MMB29P) AppleWebKit/537.36 (KHTML, like Gecko) Chrome/148.0.7778.96 Mobile Safari/537.36 (compatible; Googlebot/2.1; +http://www.google.com/bot.html)"
216.73.217.51 - - [14/May/2026:05:49:34 -0400] "GET /shopdetail/Y04719654838?path=%2Fhome%2Famheorgn%2Fpublic_html%2F.tmb HTTP/2" 200 2783 "-" "Mozilla/5.0 AppleWebKit/537.36 (KHTML, like Gecko; compatible; ClaudeBot/1.0; +claudebot@anthropic.com)"
66.249.75.110 - - [14/May/2026:05:49:36 -0400] "GET /?c=34387314889724 HTTP/1.1" 200 25542 "-" "Mozilla/5.0 (Linux; Android 6.0.1; Nexus 5X Build/MMB29P) AppleWebKit/537.36 (KHTML, like Gecko) Chrome/148.0.7778.96 Mobile Safari/537.36 (compatible; Googlebot/2.1; +http://www.google.com/bot.html)"
