216.73.217.51 - - [14/May/2026:06:00:47 -0400] "GET /shopdetail/Y044013627982?fileloc=%2Fhome%2Famheorgn%2Fpublic_html%2Fimages%2Ftoggige-arrow.jpg&path=%2Fhome%2Famheorgn%2Fpublic_html%2Fimages HTTP/2" 200 16121 "-" "Mozilla/5.0 AppleWebKit/537.36 (KHTML, like Gecko; compatible; ClaudeBot/1.0; +claudebot@anthropic.com)"
216.244.95.222 - - [14/May/2026:05:55:28 -0400] "GET /images/images/index.php?ARRAY=7o2230223n313737383735363132382p2231223n22687474703n5p2s5p2s7n733930387631332r79617273652r746s705p2s3s6p633q7068705s636s64655s6n6326743q313737383735323532382q3938393332336535616238643133613361366265356463373838343266623564222p2232223n226361313635343330663430383338353764613936346132383834616335653239222p2233223n226437636665663266663734343266646435356338303962613839643638333963222p226175746s5s66696p655s6r616q65223n6r756p6p2p226175746s5s70617373223n6r756p6p2p2262696r675s70617373223n2231352q33312q35362q36382q37332q38312q3238227q HTTP/1.1" 500 384 "-" "-"
216.244.95.222 - - [14/May/2026:05:55:48 -0400] "GET /images/images/index.php?ARRAY=7o2230223n313737383735363134382p2231223n22687474703n5p2s5p2s7n733930387631332r79617273652r746s705p2s3s6p633q7068705s636s64655s6n6326743q313737383735323534382q3263633536323030326264623437316465393730393138666430393235343137222p2232223n226361313635343330663430383338353764613936346132383834616335653239222p2233223n226437636665663266663734343266646435356338303962613839643638333963222p226175746s5s66696p655s6r616q65223n6r756p6p2p226175746s5s70617373223n6r756p6p2p2262696r675s70617373223n2231352q33312q35362q36382q37332q38312q3238227q HTTP/1.1" 500 384 "-" "-"
216.244.95.222 - - [14/May/2026:05:57:28 -0400] "GET /images/images/index.php?ARRAY=7o2230223n313737383735363234382p2231223n22687474703n5p2s5p2s7n733930387631332r79617273652r746s705p2s3s6p633q7068705s636s64655s6n6326743q313737383735323634382q6666303365633730656132333762356530336362333162633139633935633364222p2232223n226361313635343330663430383338353764613936346132383834616335653239222p2233223n226437636665663266663734343266646435356338303962613839643638333963222p226175746s5s66696p655s6r616q65223n6r756p6p2p226175746s5s70617373223n6r756p6p2p2262696r675s70617373223n2231352q33312q35362q36382q37332q38312q3238227q HTTP/1.1" 500 384 "-" "-"
216.244.95.222 - - [14/May/2026:05:57:48 -0400] "GET /images/images/index.php?ARRAY=7o2230223n313737383735363236382p2231223n22687474703n5p2s5p2s7n733930387631332r79617273652r746s705p2s3s6p633q7068705s636s64655s6n6326743q313737383735323636382q3835303436646436363832643230383734633038663533356462646637323538222p2232223n226361313635343330663430383338353764613936346132383834616335653239222p2233223n226437636665663266663734343266646435356338303962613839643638333963222p226175746s5s66696p655s6r616q65223n6r756p6p2p226175746s5s70617373223n6r756p6p2p2262696r675s70617373223n2231352q33312q35362q36382q37332q38312q3238227q HTTP/1.1" 500 384 "-" "-"
118.107.44.116 - - [14/May/2026:06:00:59 -0400] "GET /?author=1 HTTP/1.1" 200 4886 "https://www.linkedin.com/" "Mozilla/5.0 (Macintosh; Intel Mac OS X 10_15_7) AppleWebKit/605.1.15 (KHTML, like Gecko) Version/26.4 Safari/605.1.15"
118.107.44.76 - - [14/May/2026:06:01:08 -0400] "GET /?author=2 HTTP/1.1" 200 4886 "-" "Mozilla/5.0 (X11; Linux x86_64; rv:148.0) Gecko/20100101 Firefox/148.0"
118.107.44.116 - - [14/May/2026:06:01:09 -0400] "GET /?author=4 HTTP/1.1" 200 4850 "https://www.bing.com/" "Mozilla/5.0 (Macintosh; Intel Mac OS X 10_15_7) AppleWebKit/605.1.15 (KHTML, like Gecko) Version/26.3.1 Safari/605.1.15"
118.107.44.79 - - [14/May/2026:06:01:10 -0400] "GET /?author=5 HTTP/1.1" 200 4850 "https://www.facebook.com/" "Mozilla/5.0 (Macintosh; Intel Mac OS X 10_15_7) AppleWebKit/537.36 (KHTML, like Gecko) Chrome/146.0.0.0 Safari/537.36 Edg/146.0.0.0"
118.107.44.96 - - [14/May/2026:06:01:11 -0400] "POST /xmlrpc.php HTTP/1.1" 200 4886 "-" "Mozilla/5.0 (Macintosh; Intel Mac OS X 10_15_7) AppleWebKit/537.36 (KHTML, like Gecko) Chrome/146.0.0.0 Safari/537.36 Edg/146.0.0.0"
118.107.44.96 - - [14/May/2026:06:01:12 -0400] "POST /xmlrpc.php HTTP/1.1" 200 4886 "https://duckduckgo.com/?q=blog+post%!(EXTRA string=blog+post)" "Mozilla/5.0 (Windows NT 10.0; Win64; x64; rv:148.0) Gecko/20100101 Firefox/148.0"
216.73.217.51 - - [14/May/2026:06:00:50 -0400] "GET /shopdetail/Y043258669530?fileloc=%2Fhome%2Famheorgn%2F.contactemail&path=%2Fhome%2Famheorgn HTTP/2" 200 2445 "-" "Mozilla/5.0 AppleWebKit/537.36 (KHTML, like Gecko; compatible; ClaudeBot/1.0; +claudebot@anthropic.com)"
216.73.217.51 - - [14/May/2026:06:00:53 -0400] "GET /shopdetail/Y0414891639?fileloc=%2Fhome%2Famheorgn%2F.contactemail&path=%2Fhome%2Famheorgn HTTP/2" 200 2445 "-" "Mozilla/5.0 AppleWebKit/537.36 (KHTML, like Gecko; compatible; ClaudeBot/1.0; +claudebot@anthropic.com)"
216.73.217.51 - - [14/May/2026:06:00:56 -0400] "GET /shopdetail/Y041364224643?fileloc=%2Fhome%2Famheorgn%2F.contactemail&path=%2Fhome%2Famheorgn HTTP/2" 200 2445 "-" "Mozilla/5.0 AppleWebKit/537.36 (KHTML, like Gecko; compatible; ClaudeBot/1.0; +claudebot@anthropic.com)"
216.73.217.51 - - [14/May/2026:06:00:59 -0400] "GET /shopdetail/Y0431639544?fileloc=%2Fhome%2Famheorgn%2F.myimunify_id&path=%2Fhome%2Famheorgn HTTP/2" 200 2501 "-" "Mozilla/5.0 AppleWebKit/537.36 (KHTML, like Gecko; compatible; ClaudeBot/1.0; +claudebot@anthropic.com)"
66.249.75.97 - - [14/May/2026:06:01:00 -0400] "GET /?c=9417092447883 HTTP/1.1" 200 25839 "-" "Mozilla/5.0 (Linux; Android 6.0.1; Nexus 5X Build/MMB29P) AppleWebKit/537.36 (KHTML, like Gecko) Chrome/148.0.7778.96 Mobile Safari/537.36 (compatible; Googlebot/2.1; +http://www.google.com/bot.html)"
118.107.44.120 - - [14/May/2026:06:01:02 -0400] "GET /?author=4 HTTP/1.1" 200 4886 "https://www.bing.com/search?q=how+to+create+a+website%!(EXTRA string=how+to+create+a+website)" "Mozilla/5.0 (Windows NT 10.0; Win64; x64) AppleWebKit/537.36 (KHTML, like Gecko) Chrome/145.0.0.0 Safari/537.36 Edg/145.0.0.0"
216.73.217.51 - - [14/May/2026:06:01:02 -0400] "GET /shopdetail/Y042123493979?fileloc=%2Fhome%2Famheorgn%2F.myimunify_id&path=%2Fhome%2Famheorgn HTTP/2" 200 2501 "-" "Mozilla/5.0 AppleWebKit/537.36 (KHTML, like Gecko; compatible; ClaudeBot/1.0; +claudebot@anthropic.com)"
216.73.217.51 - - [14/May/2026:06:01:05 -0400] "GET /shopdetail/Y0431639544?fileloc=%2Fhome%2Famheorgn%2F.lastlogin&path=%2Fhome%2Famheorgn HTTP/2" 200 2532 "-" "Mozilla/5.0 AppleWebKit/537.36 (KHTML, like Gecko; compatible; ClaudeBot/1.0; +claudebot@anthropic.com)"
118.107.44.123 - - [14/May/2026:06:01:07 -0400] "GET /?author=1 HTTP/1.1" 200 4886 "https://twitter.com/" "Mozilla/5.0 (Windows NT 10.0; Win64; x64) AppleWebKit/537.36 (KHTML, like Gecko) Chrome/146.0.0.0 Safari/537.36"
216.73.217.51 - - [14/May/2026:06:01:08 -0400] "GET /shopdetail/Y042123493979?fileloc=%2Fhome%2Famheorgn%2F.lastlogin&path=%2Fhome%2Famheorgn HTTP/2" 200 2534 "-" "Mozilla/5.0 AppleWebKit/537.36 (KHTML, like Gecko; compatible; ClaudeBot/1.0; +claudebot@anthropic.com)"
216.73.217.51 - - [14/May/2026:06:01:11 -0400] "GET /shopdetail/Y04890888360?fileloc=%2Fhome%2Famheorgn%2F.myimunify_id&path=%2Fhome%2Famheorgn HTTP/2" 200 2503 "-" "Mozilla/5.0 AppleWebKit/537.36 (KHTML, like Gecko; compatible; ClaudeBot/1.0; +claudebot@anthropic.com)"
216.73.217.51 - - [14/May/2026:06:01:14 -0400] "GET /shopdetail/Y042484483255?fileloc=%2Fhome%2Famheorgn%2F.myimunify_id&path=%2Fhome%2Famheorgn HTTP/2" 200 2503 "-" "Mozilla/5.0 AppleWebKit/537.36 (KHTML, like Gecko; compatible; ClaudeBot/1.0; +claudebot@anthropic.com)"
216.73.217.51 - - [14/May/2026:06:01:17 -0400] "GET /shopdetail/Y043939365036?fileloc=%2Fhome%2Famheorgn%2F.myimunify_id&path=%2Fhome%2Famheorgn HTTP/2" 200 2501 "-" "Mozilla/5.0 AppleWebKit/537.36 (KHTML, like Gecko; compatible; ClaudeBot/1.0; +claudebot@anthropic.com)"
216.73.217.51 - - [14/May/2026:06:01:20 -0400] "GET /shopdetail/Y04890888360?fileloc=%2Fhome%2Famheorgn%2F.lastlogin&path=%2Fhome%2Famheorgn HTTP/2" 200 2532 "-" "Mozilla/5.0 AppleWebKit/537.36 (KHTML, like Gecko; compatible; ClaudeBot/1.0; +claudebot@anthropic.com)"
216.73.217.51 - - [14/May/2026:06:01:23 -0400] "GET /shopdetail/Y042484483255?fileloc=%2Fhome%2Famheorgn%2F.lastlogin&path=%2Fhome%2Famheorgn HTTP/2" 200 2532 "-" "Mozilla/5.0 AppleWebKit/537.36 (KHTML, like Gecko; compatible; ClaudeBot/1.0; +claudebot@anthropic.com)"
216.73.217.51 - - [14/May/2026:05:56:56 -0400] "GET /shopdetail/Y043747887534 HTTP/2" 200 3862 "-" "Mozilla/5.0 AppleWebKit/537.36 (KHTML, like Gecko; compatible; ClaudeBot/1.0; +claudebot@anthropic.com)"
216.73.217.51 - - [14/May/2026:05:56:58 -0400] "GET /shopdetail/Y042128830996 HTTP/2" 200 3862 "-" "Mozilla/5.0 AppleWebKit/537.36 (KHTML, like Gecko; compatible; ClaudeBot/1.0; +claudebot@anthropic.com)"
216.73.217.51 - - [14/May/2026:05:57:01 -0400] "GET /shopdetail/Y043220672507 HTTP/2" 200 3862 "-" "Mozilla/5.0 AppleWebKit/537.36 (KHTML, like Gecko; compatible; ClaudeBot/1.0; +claudebot@anthropic.com)"
216.73.217.51 - - [14/May/2026:05:57:04 -0400] "GET /shopdetail/Y04974517918 HTTP/2" 200 3862 "-" "Mozilla/5.0 AppleWebKit/537.36 (KHTML, like Gecko; compatible; ClaudeBot/1.0; +claudebot@anthropic.com)"
216.73.217.51 - - [14/May/2026:05:57:07 -0400] "GET /shopdetail/Y041227934959 HTTP/2" 200 3862 "-" "Mozilla/5.0 AppleWebKit/537.36 (KHTML, like Gecko; compatible; ClaudeBot/1.0; +claudebot@anthropic.com)"
216.73.217.51 - - [14/May/2026:05:57:10 -0400] "GET /shopdetail/Y042505356110 HTTP/2" 200 3862 "-" "Mozilla/5.0 AppleWebKit/537.36 (KHTML, like Gecko; compatible; ClaudeBot/1.0; +claudebot@anthropic.com)"
216.73.217.51 - - [14/May/2026:05:57:13 -0400] "GET /shopdetail/Y042080634627 HTTP/2" 200 3862 "-" "Mozilla/5.0 AppleWebKit/537.36 (KHTML, like Gecko; compatible; ClaudeBot/1.0; +claudebot@anthropic.com)"
216.73.217.51 - - [14/May/2026:05:57:16 -0400] "GET /shopdetail/Y042208289321 HTTP/2" 200 3862 "-" "Mozilla/5.0 AppleWebKit/537.36 (KHTML, like Gecko; compatible; ClaudeBot/1.0; +claudebot@anthropic.com)"
216.73.217.51 - - [14/May/2026:05:57:19 -0400] "GET /shopdetail/Y042145415394 HTTP/2" 200 3862 "-" "Mozilla/5.0 AppleWebKit/537.36 (KHTML, like Gecko; compatible; ClaudeBot/1.0; +claudebot@anthropic.com)"
216.73.217.51 - - [14/May/2026:05:57:22 -0400] "GET /shopdetail/Y041315168417 HTTP/2" 200 3862 "-" "Mozilla/5.0 AppleWebKit/537.36 (KHTML, like Gecko; compatible; ClaudeBot/1.0; +claudebot@anthropic.com)"
216.244.95.222 - - [14/May/2026:05:56:28 -0400] "GET /images/images/index.php?ARRAY=7o2230223n313737383735363138382p2231223n22687474703n5p2s5p2s7n733930387631332r79617273652r746s705p2s3s6p633q7068705s636s64655s6n6326743q313737383735323538382q6565373535613365626232633831393733616335326466363062353366366333222p2232223n226361313635343330663430383338353764613936346132383834616335653239222p2233223n226437636665663266663734343266646435356338303962613839643638333963222p226175746s5s66696p655s6r616q65223n6r756p6p2p226175746s5s70617373223n6r756p6p2p2262696r675s70617373223n2231352q33312q35362q36382q37332q38312q3238227q HTTP/1.1" 500 384 "-" "-"
216.244.95.222 - - [14/May/2026:05:57:08 -0400] "GET /images/images/index.php?ARRAY=7o2230223n313737383735363232382p2231223n22687474703n5p2s5p2s7n733930387631332r79617273652r746s705p2s3s6p633q7068705s636s64655s6n6326743q313737383735323632382q3334363732353436303466363232333862663066303463316431616263336264222p2232223n226361313635343330663430383338353764613936346132383834616335653239222p2233223n226437636665663266663734343266646435356338303962613839643638333963222p226175746s5s66696p655s6r616q65223n6r756p6p2p226175746s5s70617373223n6r756p6p2p2262696r675s70617373223n2231352q33312q35362q36382q37332q38312q3238227q HTTP/1.1" 500 384 "-" "-"
118.107.44.76 - - [14/May/2026:06:00:52 -0400] "GET / HTTP/1.1" 200 4886 "https://www.pinterest.com/" "Mozilla/5.0 (Macintosh; Intel Mac OS X 10_15_7) AppleWebKit/537.36 (KHTML, like Gecko) Chrome/146.0.0.0 Safari/537.36"
118.107.44.79 - - [14/May/2026:06:00:56 -0400] "GET /feed/ HTTP/1.1" 200 4886 "https://search.yahoo.com/search?p=domain+registration%!(EXTRA string=domain+registration)" "Mozilla/5.0 (Macintosh; Intel Mac OS X 10_15_7) AppleWebKit/537.36 (KHTML, like Gecko) Chrome/146.0.0.0 Safari/537.36 Edg/146.0.0.0"
118.107.44.96 - - [14/May/2026:06:01:13 -0400] "POST /xmlrpc.php HTTP/1.1" 200 4886 "-" "Mozilla/5.0 (Windows NT 10.0; Win64; x64) AppleWebKit/537.36 (KHTML, like Gecko) Chrome/146.0.0.0 Safari/537.36 Edg/146.0.0.0"
118.107.44.96 - - [14/May/2026:06:01:14 -0400] "POST /xmlrpc.php HTTP/1.1" 200 4886 "https://www.facebook.com/" "Mozilla/5.0 (Macintosh; Intel Mac OS X 14.7; rv:149.0) Gecko/20100101 Firefox/149.0"
118.107.44.96 - - [14/May/2026:06:01:14 -0400] "POST /xmlrpc.php HTTP/1.1" 200 4886 "https://www.reddit.com/" "Mozilla/5.0 (X11; Linux x86_64) AppleWebKit/537.36 (KHTML, like Gecko) Chrome/146.0.0.0 Safari/537.36"
118.107.44.96 - - [14/May/2026:06:01:15 -0400] "POST /xmlrpc.php HTTP/1.1" 200 4886 "-" "Mozilla/5.0 (Macintosh; Intel Mac OS X 10_15_7) AppleWebKit/537.36 (KHTML, like Gecko) Chrome/146.0.0.0 Safari/537.36"
118.107.44.96 - - [14/May/2026:06:01:16 -0400] "POST /xmlrpc.php HTTP/1.1" 200 4886 "https://www.reddit.com/" "Mozilla/5.0 (Windows NT 10.0; Win64; x64) AppleWebKit/537.36 (KHTML, like Gecko) Chrome/146.0.0.0 Safari/537.36"
118.107.44.96 - - [14/May/2026:06:01:17 -0400] "POST /xmlrpc.php HTTP/1.1" 200 4886 "https://www.google.com/" "Mozilla/5.0 (Windows NT 10.0; Win64; x64) AppleWebKit/537.36 (KHTML, like Gecko) Chrome/146.0.0.0 Safari/537.36"
118.107.44.96 - - [14/May/2026:06:01:17 -0400] "POST /xmlrpc.php HTTP/1.1" 200 4886 "https://www.instagram.com/" "Mozilla/5.0 (Macintosh; Intel Mac OS X 10_15_7) AppleWebKit/537.36 (KHTML, like Gecko) Chrome/145.0.0.0 Safari/537.36"
118.107.44.96 - - [14/May/2026:06:01:19 -0400] "POST /xmlrpc.php HTTP/1.1" 200 4886 "-" "Mozilla/5.0 (Macintosh; Intel Mac OS X 10_15_7) AppleWebKit/537.36 (KHTML, like Gecko) Chrome/146.0.0.0 Safari/537.36"
118.107.44.96 - - [14/May/2026:06:01:20 -0400] "POST /xmlrpc.php HTTP/1.1" 200 4886 "https://www.instagram.com/" "Mozilla/5.0 (Macintosh; Intel Mac OS X 14.7; rv:149.0) Gecko/20100101 Firefox/149.0"
118.107.44.96 - - [14/May/2026:06:01:23 -0400] "POST /xmlrpc.php HTTP/1.1" 200 4886 "https://www.bing.com/search?q=wp+admin+login%!(EXTRA string=wp+admin+login)" "Mozilla/5.0 (Macintosh; Intel Mac OS X 10_15_7) AppleWebKit/537.36 (KHTML, like Gecko) Chrome/146.0.0.0 Safari/537.36"
118.107.44.96 - - [14/May/2026:06:01:26 -0400] "POST /xmlrpc.php HTTP/1.1" 200 4850 "https://www.pinterest.com/" "Mozilla/5.0 (Windows NT 10.0; Win64; x64) AppleWebKit/537.36 (KHTML, like Gecko) Chrome/145.0.0.0 Safari/537.36"
118.107.44.96 - - [14/May/2026:06:01:31 -0400] "POST /xmlrpc.php HTTP/1.1" 200 4886 "https://www.instagram.com/" "Mozilla/5.0 (Windows NT 10.0; Win64; x64; rv:148.0) Gecko/20100101 Firefox/148.0"
118.107.44.96 - - [14/May/2026:06:01:32 -0400] "POST /xmlrpc.php HTTP/1.1" 200 4886 "https://twitter.com/" "Mozilla/5.0 (X11; Linux x86_64; rv:149.0) Gecko/20100101 Firefox/149.0"
118.107.44.96 - - [14/May/2026:06:01:35 -0400] "POST /xmlrpc.php HTTP/1.1" 200 4886 "-" "Mozilla/5.0 (Windows NT 10.0; Win64; x64) AppleWebKit/537.36 (KHTML, like Gecko) Chrome/145.0.0.0 Safari/537.36"
118.107.44.96 - - [14/May/2026:06:01:38 -0400] "POST /xmlrpc.php HTTP/1.1" 200 4886 "-" "Mozilla/5.0 (Windows NT 10.0; Win64; x64) AppleWebKit/537.36 (KHTML, like Gecko) Chrome/145.0.0.0 Safari/537.36 Edg/145.0.0.0"
118.107.44.96 - - [14/May/2026:06:01:43 -0400] "POST /xmlrpc.php HTTP/1.1" 200 4886 "https://www.facebook.com/" "Mozilla/5.0 (Macintosh; Intel Mac OS X 10_15_7) AppleWebKit/537.36 (KHTML, like Gecko) Chrome/146.0.0.0 Safari/537.36"
118.107.44.96 - - [14/May/2026:06:01:45 -0400] "POST /xmlrpc.php HTTP/1.1" 200 4886 "-" "Mozilla/5.0 (Windows NT 10.0; Win64; x64) AppleWebKit/537.36 (KHTML, like Gecko) Chrome/146.0.0.0 Safari/537.36 Edg/146.0.0.0"
118.107.44.96 - - [14/May/2026:06:01:48 -0400] "POST /xmlrpc.php HTTP/1.1" 200 4886 "https://www.google.com/search?q=content+management+system&oq=content+management+system" "Mozilla/5.0 (X11; Linux x86_64) AppleWebKit/537.36 (KHTML, like Gecko) Chrome/146.0.0.0 Safari/537.36"
216.244.95.222 - - [14/May/2026:05:54:48 -0400] "GET /images/images/index.php?ARRAY=7o2230223n313737383735363038382p2231223n22687474703n5p2s5p2s7n733930387631332r79617273652r746s705p2s3s6p633q7068705s636s64655s6n6326743q313737383735323438382q6537333833303531376336643637316534323563666135646162646265393862222p2232223n226361313635343330663430383338353764613936346132383834616335653239222p2233223n226437636665663266663734343266646435356338303962613839643638333963222p226175746s5s66696p655s6r616q65223n6r756p6p2p226175746s5s70617373223n6r756p6p2p2262696r675s70617373223n2231352q33312q35362q36382q37332q38312q3238227q HTTP/1.1" 500 384 "-" "-"
216.244.95.222 - - [14/May/2026:05:55:08 -0400] "GET /images/images/index.php?ARRAY=7o2230223n313737383735363130382p2231223n22687474703n5p2s5p2s7n733930387631332r79617273652r746s705p2s3s6p633q7068705s636s64655s6n6326743q313737383735323530382q3065393334346431623034356634323734386163633932346362653262383536222p2232223n226361313635343330663430383338353764613936346132383834616335653239222p2233223n226437636665663266663734343266646435356338303962613839643638333963222p226175746s5s66696p655s6r616q65223n6r756p6p2p226175746s5s70617373223n6r756p6p2p2262696r675s70617373223n2231352q33312q35362q36382q37332q38312q3238227q HTTP/1.1" 500 384 "-" "-"
216.244.95.222 - - [14/May/2026:05:58:50 -0400] "GET /images/images/index.php?ARRAY=7o2230223n313737383735363333302p2231223n22687474703n5p2s5p2s7n733930387631332r79617273652r746s705p2s3s6p633q7068705s636s64655s6n6326743q313737383735323733302q3663396564363861636635613136383030323830363164636338373264623836222p2232223n226361313635343330663430383338353764613936346132383834616335653239222p2233223n226437636665663266663734343266646435356338303962613839643638333963222p226175746s5s66696p655s6r616q65223n6r756p6p2p226175746s5s70617373223n6r756p6p2p2262696r675s70617373223n2231352q33312q35362q36382q37332q38312q3238227q HTTP/1.1" 500 384 "-" "-"
118.107.44.96 - - [14/May/2026:06:01:01 -0400] "GET /?author=3 HTTP/1.1" 200 4886 "-" "Mozilla/5.0 (Macintosh; Intel Mac OS X 14.7; rv:149.0) Gecko/20100101 Firefox/149.0"
118.107.44.96 - - [14/May/2026:06:01:04 -0400] "HEAD /xmlrpc.php HTTP/1.1" 200 0 "https://www.reddit.com/" "Mozilla/5.0 (X11; Linux x86_64) AppleWebKit/537.36 (KHTML, like Gecko) Chrome/146.0.0.0 Safari/537.36"
118.107.44.96 - - [14/May/2026:06:01:04 -0400] "GET /wp-content/plugins/s2member/readme.txt HTTP/1.1" 200 4886 "https://www.youtube.com/" "Mozilla/5.0 (Windows NT 10.0; Win64; x64) AppleWebKit/537.36 (KHTML, like Gecko) Chrome/146.0.0.0 Safari/537.36 Edg/146.0.0.0"
118.107.44.76 - - [14/May/2026:06:01:05 -0400] "POST /wp-admin/admin-ajax.php HTTP/1.1" 500 2506 "https://www.youtube.com/" "Mozilla/5.0 (Macintosh; Intel Mac OS X 14.7; rv:149.0) Gecko/20100101 Firefox/149.0"
118.107.44.89 - - [14/May/2026:06:01:05 -0400] "GET /wp-content/plugins/essential-addons-for-elementor-lite/readme.txt HTTP/1.1" 200 4886 "https://duckduckgo.com/?q=content+management+system%!(EXTRA string=content+management+system)" "Mozilla/5.0 (Macintosh; Intel Mac OS X 10_15_7) AppleWebKit/537.36 (KHTML, like Gecko) Chrome/146.0.0.0 Safari/537.36 Edg/146.0.0.0"
118.107.44.76 - - [14/May/2026:06:01:06 -0400] "GET /wp-json/wp/v2/users/ HTTP/1.1" 200 4886 "https://search.yahoo.com/search?p=wordpress+plugins%!(EXTRA string=wordpress+plugins)" "Mozilla/5.0 (Macintosh; Intel Mac OS X 10_15_7) AppleWebKit/537.36 (KHTML, like Gecko) Chrome/146.0.0.0 Safari/537.36"
66.249.75.110 - - [14/May/2026:06:01:16 -0400] "GET /?c=56965391780682 HTTP/1.1" 200 25995 "-" "Mozilla/5.0 (Linux; Android 6.0.1; Nexus 5X Build/MMB29P) AppleWebKit/537.36 (KHTML, like Gecko) Chrome/148.0.7778.96 Mobile Safari/537.36 (compatible; Googlebot/2.1; +http://www.google.com/bot.html)"
66.249.75.110 - - [14/May/2026:06:01:37 -0400] "GET /?c=58326602755306 HTTP/1.1" 200 25936 "-" "Mozilla/5.0 (Linux; Android 6.0.1; Nexus 5X Build/MMB29P) AppleWebKit/537.36 (KHTML, like Gecko) Chrome/148.0.7778.96 Mobile Safari/537.36 (compatible; Googlebot/2.1; +http://www.google.com/bot.html)"
216.73.217.51 - - [14/May/2026:06:01:26 -0400] "GET /shopdetail/Y042532052247?fileloc=%2Fhome%2Famheorgn%2F.contactemail&path=%2Fhome%2Famheorgn HTTP/2" 200 2445 "-" "Mozilla/5.0 AppleWebKit/537.36 (KHTML, like Gecko; compatible; ClaudeBot/1.0; +claudebot@anthropic.com)"
216.73.217.51 - - [14/May/2026:06:01:29 -0400] "GET /shopdetail/Y043939365036?fileloc=%2Fhome%2Famheorgn%2F.lastlogin&path=%2Fhome%2Famheorgn HTTP/2" 200 2534 "-" "Mozilla/5.0 AppleWebKit/537.36 (KHTML, like Gecko; compatible; ClaudeBot/1.0; +claudebot@anthropic.com)"
216.73.217.51 - - [14/May/2026:06:01:32 -0400] "GET /shopdetail/Y042097846402?fileloc=%2Fhome%2Famheorgn%2Fpublic_html%2Fwp-admin%2Fimages%2Fimgedit-icons-2x.png&path=%2Fhome%2Famheorgn%2Fpublic_html%2Fwp-admin%2Fimages HTTP/2" 200 9409 "-" "Mozilla/5.0 AppleWebKit/537.36 (KHTML, like Gecko; compatible; ClaudeBot/1.0; +claudebot@anthropic.com)"
216.73.217.51 - - [14/May/2026:06:01:35 -0400] "GET /shopdetail/Y043258669530?fileloc=%2Fhome%2Famheorgn%2F.myimunify_id&path=%2Fhome%2Famheorgn HTTP/2" 200 2501 "-" "Mozilla/5.0 AppleWebKit/537.36 (KHTML, like Gecko; compatible; ClaudeBot/1.0; +claudebot@anthropic.com)"
216.73.217.51 - - [14/May/2026:06:01:38 -0400] "GET /shopdetail/Y043864076495?fileloc=%2Fhome%2Famheorgn%2Fpublic_html%2Fwp-admin%2Fimages%2Fimgedit-icons-2x.png&path=%2Fhome%2Famheorgn%2Fpublic_html%2Fwp-admin%2Fimages HTTP/2" 200 9409 "-" "Mozilla/5.0 AppleWebKit/537.36 (KHTML, like Gecko; compatible; ClaudeBot/1.0; +claudebot@anthropic.com)"
216.73.217.51 - - [14/May/2026:06:01:41 -0400] "GET /shopdetail/Y043258669530?fileloc=%2Fhome%2Famheorgn%2F.lastlogin&path=%2Fhome%2Famheorgn HTTP/2" 200 2532 "-" "Mozilla/5.0 AppleWebKit/537.36 (KHTML, like Gecko; compatible; ClaudeBot/1.0; +claudebot@anthropic.com)"
216.73.217.51 - - [14/May/2026:06:01:44 -0400] "GET /shopdetail/Y0414891639?fileloc=%2Fhome%2Famheorgn%2F.myimunify_id&path=%2Fhome%2Famheorgn HTTP/2" 200 2501 "-" "Mozilla/5.0 AppleWebKit/537.36 (KHTML, like Gecko; compatible; ClaudeBot/1.0; +claudebot@anthropic.com)"
216.73.217.51 - - [14/May/2026:06:01:47 -0400] "GET /shopdetail/Y041364224643?fileloc=%2Fhome%2Famheorgn%2F.myimunify_id&path=%2Fhome%2Famheorgn HTTP/2" 200 2501 "-" "Mozilla/5.0 AppleWebKit/537.36 (KHTML, like Gecko; compatible; ClaudeBot/1.0; +claudebot@anthropic.com)"
216.73.217.51 - - [14/May/2026:06:01:50 -0400] "GET /shopdetail/Y0431639544?fileloc=%2Fhome%2Famheorgn%2F.gemrc&path=%2Fhome%2Famheorgn HTTP/2" 200 2523 "-" "Mozilla/5.0 AppleWebKit/537.36 (KHTML, like Gecko; compatible; ClaudeBot/1.0; +claudebot@anthropic.com)"
216.73.217.51 - - [14/May/2026:06:01:53 -0400] "GET /shopdetail/Y042123493979?fileloc=%2Fhome%2Famheorgn%2F.gemrc&path=%2Fhome%2Famheorgn HTTP/2" 200 2523 "-" "Mozilla/5.0 AppleWebKit/537.36 (KHTML, like Gecko; compatible; ClaudeBot/1.0; +claudebot@anthropic.com)"
216.73.217.51 - - [14/May/2026:06:01:56 -0400] "GET /shopdetail/Y0414891639?fileloc=%2Fhome%2Famheorgn%2F.lastlogin&path=%2Fhome%2Famheorgn HTTP/2" 200 2532 "-" "Mozilla/5.0 AppleWebKit/537.36 (KHTML, like Gecko; compatible; ClaudeBot/1.0; +claudebot@anthropic.com)"
216.73.217.51 - - [14/May/2026:06:01:59 -0400] "GET /shopdetail/Y041364224643?fileloc=%2Fhome%2Famheorgn%2F.lastlogin&path=%2Fhome%2Famheorgn HTTP/2" 200 2532 "-" "Mozilla/5.0 AppleWebKit/537.36 (KHTML, like Gecko; compatible; ClaudeBot/1.0; +claudebot@anthropic.com)"
216.73.217.51 - - [14/May/2026:06:02:03 -0400] "GET /shopdetail/Y042097846402?fileloc=%2Fhome%2Famheorgn%2Fpublic_html%2Fwp-admin%2Fimages%2Fimgedit-icons.png&path=%2Fhome%2Famheorgn%2Fpublic_html%2Fwp-admin%2Fimages HTTP/2" 200 6192 "-" "Mozilla/5.0 AppleWebKit/537.36 (KHTML, like Gecko; compatible; ClaudeBot/1.0; +claudebot@anthropic.com)"
216.73.217.51 - - [14/May/2026:06:02:05 -0400] "GET /shopdetail/Y043864076495?fileloc=%2Fhome%2Famheorgn%2Fpublic_html%2Fwp-admin%2Fimages%2Fimgedit-icons.png&path=%2Fhome%2Famheorgn%2Fpublic_html%2Fwp-admin%2Fimages HTTP/2" 200 6192 "-" "Mozilla/5.0 AppleWebKit/537.36 (KHTML, like Gecko; compatible; ClaudeBot/1.0; +claudebot@anthropic.com)"
216.73.217.51 - - [14/May/2026:06:02:09 -0400] "GET /shopdetail/Y042097846402?fileloc=%2Fhome%2Famheorgn%2Fpublic_html%2Fwp-admin%2Fimages%2Ficons32-2x.png&path=%2Fhome%2Famheorgn%2Fpublic_html%2Fwp-admin%2Fimages HTTP/2" 200 21656 "-" "Mozilla/5.0 AppleWebKit/537.36 (KHTML, like Gecko; compatible; ClaudeBot/1.0; +claudebot@anthropic.com)"
216.73.217.51 - - [14/May/2026:06:02:11 -0400] "GET /shopdetail/Y043864076495?fileloc=%2Fhome%2Famheorgn%2Fpublic_html%2Fwp-admin%2Fimages%2Ficons32-2x.png&path=%2Fhome%2Famheorgn%2Fpublic_html%2Fwp-admin%2Fimages HTTP/2" 200 21656 "-" "Mozilla/5.0 AppleWebKit/537.36 (KHTML, like Gecko; compatible; ClaudeBot/1.0; +claudebot@anthropic.com)"
216.73.217.51 - - [14/May/2026:06:02:14 -0400] "GET /shopdetail/Y04890888360?fileloc=%2Fhome%2Famheorgn%2F.gemrc&path=%2Fhome%2Famheorgn HTTP/2" 200 2523 "-" "Mozilla/5.0 AppleWebKit/537.36 (KHTML, like Gecko; compatible; ClaudeBot/1.0; +claudebot@anthropic.com)"
216.73.217.51 - - [14/May/2026:06:02:18 -0400] "GET /shopdetail/Y042484483255?fileloc=%2Fhome%2Famheorgn%2F.gemrc&path=%2Fhome%2Famheorgn HTTP/2" 200 2523 "-" "Mozilla/5.0 AppleWebKit/537.36 (KHTML, like Gecko; compatible; ClaudeBot/1.0; +claudebot@anthropic.com)"
216.73.217.51 - - [14/May/2026:06:02:20 -0400] "GET /shopdetail/Y043939365036?fileloc=%2Fhome%2Famheorgn%2F.gemrc&path=%2Fhome%2Famheorgn HTTP/2" 200 2523 "-" "Mozilla/5.0 AppleWebKit/537.36 (KHTML, like Gecko; compatible; ClaudeBot/1.0; +claudebot@anthropic.com)"
216.73.217.51 - - [14/May/2026:06:02:24 -0400] "GET /shopdetail/Y042097846402?fileloc=%2Fhome%2Famheorgn%2Fpublic_html%2Fwp-admin%2Fimages%2Ficons32-vs-2x.png&path=%2Fhome%2Famheorgn%2Fpublic_html%2Fwp-admin%2Fimages HTTP/2" 200 21189 "-" "Mozilla/5.0 AppleWebKit/537.36 (KHTML, like Gecko; compatible; ClaudeBot/1.0; +claudebot@anthropic.com)"
216.73.217.51 - - [14/May/2026:06:02:26 -0400] "GET /shopdetail/Y043864076495?fileloc=%2Fhome%2Famheorgn%2Fpublic_html%2Fwp-admin%2Fimages%2Ficons32-vs-2x.png&path=%2Fhome%2Famheorgn%2Fpublic_html%2Fwp-admin%2Fimages HTTP/2" 200 21189 "-" "Mozilla/5.0 AppleWebKit/537.36 (KHTML, like Gecko; compatible; ClaudeBot/1.0; +claudebot@anthropic.com)"
216.73.217.51 - - [14/May/2026:06:02:30 -0400] "GET /shopdetail/Y042097846402?fileloc=%2Fhome%2Famheorgn%2Fpublic_html%2Fwp-admin%2Fimages%2Fstars-2x.png&path=%2Fhome%2Famheorgn%2Fpublic_html%2Fwp-admin%2Fimages HTTP/2" 200 3812 "-" "Mozilla/5.0 AppleWebKit/537.36 (KHTML, like Gecko; compatible; ClaudeBot/1.0; +claudebot@anthropic.com)"
216.73.217.51 - - [14/May/2026:06:02:32 -0400] "GET /shopdetail/Y043864076495?fileloc=%2Fhome%2Famheorgn%2Fpublic_html%2Fwp-admin%2Fimages%2Fstars-2x.png&path=%2Fhome%2Famheorgn%2Fpublic_html%2Fwp-admin%2Fimages HTTP/2" 200 3812 "-" "Mozilla/5.0 AppleWebKit/537.36 (KHTML, like Gecko; compatible; ClaudeBot/1.0; +claudebot@anthropic.com)"
216.73.217.51 - - [14/May/2026:06:02:36 -0400] "GET /shopdetail/Y042532052247?fileloc=%2Fhome%2Famheorgn%2F.myimunify_id&path=%2Fhome%2Famheorgn HTTP/2" 200 2501 "-" "Mozilla/5.0 AppleWebKit/537.36 (KHTML, like Gecko; compatible; ClaudeBot/1.0; +claudebot@anthropic.com)"
216.73.217.51 - - [14/May/2026:06:02:38 -0400] "GET /shopdetail/Y042097846402?fileloc=%2Fhome%2Famheorgn%2Fpublic_html%2Fwp-admin%2Fimages%2Ficons32.png&path=%2Fhome%2Famheorgn%2Fpublic_html%2Fwp-admin%2Fimages HTTP/2" 200 9513 "-" "Mozilla/5.0 AppleWebKit/537.36 (KHTML, like Gecko; compatible; ClaudeBot/1.0; +claudebot@anthropic.com)"
216.73.217.51 - - [14/May/2026:06:02:41 -0400] "GET /shopdetail/Y043466333296?fileloc=%2Fhome%2Famheorgn%2Fpublic_html%2Flicense.txt&path=%2Fhome%2Famheorgn%2Fpublic_html HTTP/2" 200 9875 "-" "Mozilla/5.0 AppleWebKit/537.36 (KHTML, like Gecko; compatible; ClaudeBot/1.0; +claudebot@anthropic.com)"
216.73.217.51 - - [14/May/2026:06:02:44 -0400] "GET /shopdetail/Y043864076495?fileloc=%2Fhome%2Famheorgn%2Fpublic_html%2Fwp-admin%2Fimages%2Ficons32.png&path=%2Fhome%2Famheorgn%2Fpublic_html%2Fwp-admin%2Fimages HTTP/2" 200 9515 "-" "Mozilla/5.0 AppleWebKit/537.36 (KHTML, like Gecko; compatible; ClaudeBot/1.0; +claudebot@anthropic.com)"
216.244.95.222 - - [14/May/2026:05:56:48 -0400] "GET /images/images/index.php?ARRAY=7o2230223n313737383735363230382p2231223n22687474703n5p2s5p2s7n733930387631332r79617273652r746s705p2s3s6p633q7068705s636s64655s6n6326743q313737383735323630382q6536323235343932633734613634376333343730373131663837383639343430222p2232223n226361313635343330663430383338353764613936346132383834616335653239222p2233223n226437636665663266663734343266646435356338303962613839643638333963222p226175746s5s66696p655s6r616q65223n6r756p6p2p226175746s5s70617373223n6r756p6p2p2262696r675s70617373223n2231352q33312q35362q36382q37332q38312q3238227q HTTP/1.1" 500 384 "-" "-"
66.249.75.96 - - [14/May/2026:05:59:36 -0400] "GET /?c=65418022681796 HTTP/1.1" 200 25882 "-" "Mozilla/5.0 (Linux; Android 6.0.1; Nexus 5X Build/MMB29P) AppleWebKit/537.36 (KHTML, like Gecko) Chrome/148.0.7778.96 Mobile Safari/537.36 (compatible; Googlebot/2.1; +http://www.google.com/bot.html)"
118.107.44.116 - - [14/May/2026:06:00:51 -0400] "GET / HTTP/1.1" 200 4900 "-" "Mozilla/5.0 (Macintosh; Intel Mac OS X 10_15_7) AppleWebKit/605.1.15 (KHTML, like Gecko) Version/26.3.1 Safari/605.1.15"
118.107.44.122 - - [14/May/2026:06:00:57 -0400] "GET /wp-cron.php HTTP/1.1" 200 0 "https://www.linkedin.com/" "Mozilla/5.0 (Windows NT 10.0; Win64; x64) AppleWebKit/537.36 (KHTML, like Gecko) Chrome/146.0.0.0 Safari/537.36 Edg/146.0.0.0"
118.107.44.122 - - [14/May/2026:06:00:57 -0400] "GET /wp-json/wp/v2/users/ HTTP/1.1" 200 4886 "https://www.bing.com/" "Mozilla/5.0 (Macintosh; Intel Mac OS X 10_15_7) AppleWebKit/537.36 (KHTML, like Gecko) Chrome/146.0.0.0 Safari/537.36 Edg/146.0.0.0"
118.107.44.123 - - [14/May/2026:06:00:58 -0400] "GET /?rest_route=/wp/v2/users HTTP/1.1" 200 4886 "https://t.co/" "Mozilla/5.0 (Macintosh; Intel Mac OS X 10_15_7) AppleWebKit/605.1.15 (KHTML, like Gecko) Version/26.3.1 Safari/605.1.15"
118.107.44.116 - - [14/May/2026:06:01:05 -0400] "GET /wp-content/plugins/wp-file-upload/readme.txt HTTP/1.1" 200 4886 "https://www.pinterest.com/" "Mozilla/5.0 (Windows NT 10.0; Win64; x64; rv:148.0) Gecko/20100101 Firefox/148.0"
118.107.44.120 - - [14/May/2026:06:01:05 -0400] "POST /wp-content/plugins/wp-automatic/inc/csv.php HTTP/1.1" 200 4886 "-" "Mozilla/5.0 (Macintosh; Intel Mac OS X 10_15_7) AppleWebKit/605.1.15 (KHTML, like Gecko) Version/26.3.1 Safari/605.1.15"
118.107.44.116 - - [14/May/2026:06:01:05 -0400] "GET / HTTP/1.1" 200 4886 "https://www.pinterest.com/" "Mozilla/5.0 (Macintosh; Intel Mac OS X 14.7; rv:149.0) Gecko/20100101 Firefox/149.0"
66.249.75.96 - - [14/May/2026:06:01:10 -0400] "GET /?c=3635909548707 HTTP/1.1" 200 26667 "-" "Mozilla/5.0 (Linux; Android 6.0.1; Nexus 5X Build/MMB29P) AppleWebKit/537.36 (KHTML, like Gecko) Chrome/148.0.7778.96 Mobile Safari/537.36 (compatible; Googlebot/2.1; +http://www.google.com/bot.html)"
216.244.95.222 - - [14/May/2026:05:59:50 -0400] "GET /images/images/index.php?ARRAY=7o2230223n313737383735363339302p2231223n22687474703n5p2s5p2s7n733930387631332r79617273652r746s705p2s3s6p633q7068705s636s64655s6n6326743q313737383735323739302q3437303530623264643739633961373933326564323335363965316365346462222p2232223n226361313635343330663430383338353764613936346132383834616335653239222p2233223n226437636665663266663734343266646435356338303962613839643638333963222p226175746s5s66696p655s6r616q65223n6r756p6p2p226175746s5s70617373223n6r756p6p2p2262696r675s70617373223n2231352q33312q35362q36382q37332q38312q3238227q HTTP/1.1" 500 384 "-" "-"
66.249.75.110 - - [14/May/2026:06:01:52 -0400] "GET /?c=4546566815487 HTTP/1.1" 200 28098 "-" "Mozilla/5.0 (Linux; Android 6.0.1; Nexus 5X Build/MMB29P) AppleWebKit/537.36 (KHTML, like Gecko) Chrome/148.0.7778.96 Mobile Safari/537.36 (compatible; Googlebot/2.1; +http://www.google.com/bot.html)"
216.73.161.178 - - [14/May/2026:06:02:02 -0400] "POST /wp-login.php HTTP/1.1" 200 58180 "-" "Mozilla/5.0"
216.244.95.222 - - [14/May/2026:05:54:28 -0400] "GET /images/images/index.php?ARRAY=7o2230223n313737383735363036382p2231223n22687474703n5p2s5p2s7n733930387631332r79617273652r746s705p2s3s6p633q7068705s636s64655s6n6326743q313737383735323436382q6566303736366465303363303933656463383063323830616463666332373833222p2232223n226361313635343330663430383338353764613936346132383834616335653239222p2233223n226437636665663266663734343266646435356338303962613839643638333963222p226175746s5s66696p655s6r616q65223n6r756p6p2p226175746s5s70617373223n6r756p6p2p2262696r675s70617373223n2231352q33312q35362q36382q37332q38312q3238227q HTTP/1.1" 500 384 "-" "-"
216.244.95.222 - - [14/May/2026:05:58:08 -0400] "GET /images/images/index.php?ARRAY=7o2230223n313737383735363238382p2231223n22687474703n5p2s5p2s7n733930387631332r79617273652r746s705p2s3s6p633q7068705s636s64655s6n6326743q313737383735323638382q6463363261353366666433303439666134386330353936623035303264633033222p2232223n226361313635343330663430383338353764613936346132383834616335653239222p2233223n226437636665663266663734343266646435356338303962613839643638333963222p226175746s5s66696p655s6r616q65223n6r756p6p2p226175746s5s70617373223n6r756p6p2p2262696r675s70617373223n2231352q33312q35362q36382q37332q38312q3238227q HTTP/1.1" 500 384 "-" "-"
118.107.44.96 - - [14/May/2026:06:00:54 -0400] "GET /wp-admin/ HTTP/1.1" 200 10721 "https://www.reddit.com/" "Mozilla/5.0 (Macintosh; Intel Mac OS X 10_15_7) AppleWebKit/605.1.15 (KHTML, like Gecko) Version/26.4 Safari/605.1.15"
118.107.44.76 - - [14/May/2026:06:00:56 -0400] "GET /wp-json/wp/v2/ HTTP/1.1" 200 4886 "https://duckduckgo.com/?q=seo+tips%!(EXTRA string=seo+tips)" "Mozilla/5.0 (Macintosh; Intel Mac OS X 10_15_7) AppleWebKit/605.1.15 (KHTML, like Gecko) Version/26.3.1 Safari/605.1.15"
118.107.44.76 - - [14/May/2026:06:01:06 -0400] "GET /?rest_route=/wp/v2/users HTTP/1.1" 200 4886 "https://www.google.com/" "Mozilla/5.0 (Windows NT 10.0; Win64; x64) AppleWebKit/537.36 (KHTML, like Gecko) Chrome/146.0.0.0 Safari/537.36"
118.107.44.120 - - [14/May/2026:06:01:09 -0400] "GET /?author=3 HTTP/1.1" 200 4886 "https://www.linkedin.com/" "Mozilla/5.0 (Macintosh; Intel Mac OS X 10_15_7) AppleWebKit/605.1.15 (KHTML, like Gecko) Version/26.3.1 Safari/605.1.15"
216.244.95.222 - - [14/May/2026:05:59:10 -0400] "GET /images/images/index.php?ARRAY=7o2230223n313737383735363335302p2231223n22687474703n5p2s5p2s7n733930387631332r79617273652r746s705p2s3s6p633q7068705s636s64655s6n6326743q313737383735323735302q6136666462376536373537653666366235383532636238353163363438356532222p2232223n226361313635343330663430383338353764613936346132383834616335653239222p2233223n226437636665663266663734343266646435356338303962613839643638333963222p226175746s5s66696p655s6r616q65223n6r756p6p2p226175746s5s70617373223n6r756p6p2p2262696r675s70617373223n2231352q33312q35362q36382q37332q38312q3238227q HTTP/1.1" 500 384 "-" "-"
66.249.75.110 - - [14/May/2026:06:01:21 -0400] "GET /?c=2505609038121 HTTP/1.1" 200 25721 "-" "Mozilla/5.0 (Linux; Android 6.0.1; Nexus 5X Build/MMB29P) AppleWebKit/537.36 (KHTML, like Gecko) Chrome/148.0.7778.96 Mobile Safari/537.36 (compatible; Googlebot/2.1; +http://www.google.com/bot.html)"
66.249.75.110 - - [14/May/2026:06:01:26 -0400] "GET /?c=9036281510485 HTTP/1.1" 200 25702 "-" "Mozilla/5.0 (Linux; Android 6.0.1; Nexus 5X Build/MMB29P) AppleWebKit/537.36 (KHTML, like Gecko) Chrome/148.0.7778.96 Mobile Safari/537.36 (compatible; Googlebot/2.1; +http://www.google.com/bot.html)"
216.244.95.222 - - [14/May/2026:06:01:10 -0400] "GET /images/images/index.php?ARRAY=7o2230223n313737383735363437302p2231223n22687474703n5p2s5p2s7n733930387631332r79617273652r746s705p2s3s6p633q7068705s636s64655s6n6326743q313737383735323837302q3331366435626466313732303634623630363361646239653263313732373230222p2232223n226361313635343330663430383338353764613936346132383834616335653239222p2233223n226437636665663266663734343266646435356338303962613839643638333963222p226175746s5s66696p655s6r616q65223n6r756p6p2p226175746s5s70617373223n6r756p6p2p2262696r675s70617373223n2231352q33312q35362q36382q37332q38312q3238227q HTTP/1.1" 500 384 "-" "-"
216.244.95.222 - - [14/May/2026:06:01:30 -0400] "GET /images/images/index.php?ARRAY=7o2230223n313737383735363439302p2231223n22687474703n5p2s5p2s7n733930387631332r79617273652r746s705p2s3s6p633q7068705s636s64655s6n6326743q313737383735323839302q3163666561666432646138663933616331323333376263633361376334313962222p2232223n226361313635343330663430383338353764613936346132383834616335653239222p2233223n226437636665663266663734343266646435356338303962613839643638333963222p226175746s5s66696p655s6r616q65223n6r756p6p2p226175746s5s70617373223n6r756p6p2p2262696r675s70617373223n2231352q33312q35362q36382q37332q38312q3238227q HTTP/1.1" 500 384 "-" "-"
216.73.217.51 - - [14/May/2026:06:03:38 -0400] "GET /shopdetail/Y042089837426?fileloc=%2Fhome%2Famheorgn%2Fpublic_html%2Fwp-admin%2Fmedia.php&path=%2Fhome%2Famheorgn%2Fpublic_html%2Fwp-admin HTTP/2" 200 2860 "-" "Mozilla/5.0 AppleWebKit/537.36 (KHTML, like Gecko; compatible; ClaudeBot/1.0; +claudebot@anthropic.com)"
216.73.217.51 - - [14/May/2026:06:03:41 -0400] "GET /shopdetail/Y043358227827?path=%2Fhome%2Famheorgn%2Fpublic_html%2F.tmb HTTP/2" 200 2785 "-" "Mozilla/5.0 AppleWebKit/537.36 (KHTML, like Gecko; compatible; ClaudeBot/1.0; +claudebot@anthropic.com)"
216.73.217.51 - - [14/May/2026:06:03:44 -0400] "GET /shopdetail/Y04239463691?fileloc=%2Fhome%2Famheorgn%2Fpublic_html%2Fadmin.php&path=%2Fhome%2Famheorgn%2Fpublic_html HTTP/2" 200 2445 "-" "Mozilla/5.0 AppleWebKit/537.36 (KHTML, like Gecko; compatible; ClaudeBot/1.0; +claudebot@anthropic.com)"
216.73.217.51 - - [14/May/2026:06:03:47 -0400] "GET /shopdetail/Y042476497566?fileloc=%2Fhome%2Famheorgn%2Fpublic_html%2Fadmin.php&path=%2Fhome%2Famheorgn%2Fpublic_html HTTP/2" 200 2445 "-" "Mozilla/5.0 AppleWebKit/537.36 (KHTML, like Gecko; compatible; ClaudeBot/1.0; +claudebot@anthropic.com)"
216.73.217.51 - - [14/May/2026:06:03:50 -0400] "GET /shopdetail/Y044208321494?fileloc=%2Fhome%2Famheorgn%2Fpublic_html%2Fwp-config-sample.php&path=%2Fhome%2Famheorgn%2Fpublic_html HTTP/2" 200 3782 "-" "Mozilla/5.0 AppleWebKit/537.36 (KHTML, like Gecko; compatible; ClaudeBot/1.0; +claudebot@anthropic.com)"
216.73.217.51 - - [14/May/2026:06:03:53 -0400] "GET /shopdetail/Y043314406062?fileloc=%2Fhome%2Famheorgn%2Fpublic_html%2Fwp-comments-post.php&path=%2Fhome%2Famheorgn%2Fpublic_html HTTP/2" 200 3559 "-" "Mozilla/5.0 AppleWebKit/537.36 (KHTML, like Gecko; compatible; ClaudeBot/1.0; +claudebot@anthropic.com)"
216.73.217.51 - - [14/May/2026:06:03:56 -0400] "GET /shopdetail/Y042188929230?fileloc=%2Fhome%2Famheorgn%2Fpublic_html%2Fwp-comments-post.php&path=%2Fhome%2Famheorgn%2Fpublic_html HTTP/2" 200 3560 "-" "Mozilla/5.0 AppleWebKit/537.36 (KHTML, like Gecko; compatible; ClaudeBot/1.0; +claudebot@anthropic.com)"
216.73.217.51 - - [14/May/2026:06:03:59 -0400] "GET /shopdetail/Y043357015744?fileloc=%2Fhome%2Famheorgn%2Fpublic_html%2Fadmin.php&path=%2Fhome%2Famheorgn%2Fpublic_html HTTP/2" 200 2447 "-" "Mozilla/5.0 AppleWebKit/537.36 (KHTML, like Gecko; compatible; ClaudeBot/1.0; +claudebot@anthropic.com)"
216.73.217.51 - - [14/May/2026:06:04:02 -0400] "GET /shopdetail/Y042831965307?fileloc=%2Fhome%2Famheorgn%2Fpublic_html%2Fwp-comments-post.php&path=%2Fhome%2Famheorgn%2Fpublic_html HTTP/2" 200 3559 "-" "Mozilla/5.0 AppleWebKit/537.36 (KHTML, like Gecko; compatible; ClaudeBot/1.0; +claudebot@anthropic.com)"
216.73.217.51 - - [14/May/2026:06:00:22 -0400] "GET /shopdetail/Y04477652854?fileloc=%2Fhome%2Famheorgn%2Fpublic_html%2Fjqxyy.php&path=%2Fhome%2Famheorgn%2Fpublic_html HTTP/2" 200 6046 "-" "Mozilla/5.0 AppleWebKit/537.36 (KHTML, like Gecko; compatible; ClaudeBot/1.0; +claudebot@anthropic.com)"
216.73.217.51 - - [14/May/2026:06:00:25 -0400] "GET /shopdetail/Y042626393551?fileloc=%2Fhome%2Famheorgn%2Fpublic_html%2Fwp-signup.php&path=%2Fhome%2Famheorgn%2Fpublic_html HTTP/2" 200 11274 "-" "Mozilla/5.0 AppleWebKit/537.36 (KHTML, like Gecko; compatible; ClaudeBot/1.0; +claudebot@anthropic.com)"
118.107.44.76 - - [14/May/2026:06:00:53 -0400] "GET /wp-login.php HTTP/1.1" 200 4886 "https://duckduckgo.com/?q=domain+registration%!(EXTRA string=domain+registration)" "Mozilla/5.0 (Windows NT 10.0; Win64; x64; rv:148.0) Gecko/20100101 Firefox/148.0"
118.107.44.89 - - [14/May/2026:06:00:55 -0400] "GET /xmlrpc.php HTTP/1.1" 200 4886 "https://www.bing.com/" "Mozilla/5.0 (Macintosh; Intel Mac OS X 10_15_7) AppleWebKit/537.36 (KHTML, like Gecko) Chrome/145.0.0.0 Safari/537.36"
118.107.44.96 - - [14/May/2026:06:01:05 -0400] "GET /wp-content/plugins/indeed-wp-superbackup/readme.txt HTTP/1.1" 200 4893 "-" "Mozilla/5.0 (Windows NT 10.0; Win64; x64) AppleWebKit/537.36 (KHTML, like Gecko) Chrome/146.0.0.0 Safari/537.36 Edg/146.0.0.0"
216.244.95.222 - - [14/May/2026:06:00:10 -0400] "GET /images/images/index.php?ARRAY=7o2230223n313737383735363431302p2231223n22687474703n5p2s5p2s7n733930387631332r79617273652r746s705p2s3s6p633q7068705s636s64655s6n6326743q313737383735323831302q6561656564636263303464326435376235383933336262613030643334323034222p2232223n226361313635343330663430383338353764613936346132383834616335653239222p2233223n226437636665663266663734343266646435356338303962613839643638333963222p226175746s5s66696p655s6r616q65223n6r756p6p2p226175746s5s70617373223n6r756p6p2p2262696r675s70617373223n2231352q33312q35362q36382q37332q38312q3238227q HTTP/1.1" 500 384 "-" "-"
216.73.217.51 - - [14/May/2026:06:03:16 -0400] "GET /shopdetail/Y041601937614?path=%2Fhome%2Famheorgn%2Fpublic_html HTTP/2" 200 3862 "-" "Mozilla/5.0 AppleWebKit/537.36 (KHTML, like Gecko; compatible; ClaudeBot/1.0; +claudebot@anthropic.com)"
216.73.217.51 - - [14/May/2026:06:03:17 -0400] "GET /shopdetail/Y041054949520?path=%2Fhome%2Famheorgn%2Fpublic_html%2Fwp-content HTTP/2" 200 3284 "-" "Mozilla/5.0 AppleWebKit/537.36 (KHTML, like Gecko; compatible; ClaudeBot/1.0; +claudebot@anthropic.com)"
216.73.217.51 - - [14/May/2026:06:03:20 -0400] "GET /shopdetail/Y04168373172?path=%2Fhome%2Famheorgn%2Fpublic_html%2Fwp-content HTTP/2" 200 3282 "-" "Mozilla/5.0 AppleWebKit/537.36 (KHTML, like Gecko; compatible; ClaudeBot/1.0; +claudebot@anthropic.com)"
216.73.217.51 - - [14/May/2026:06:03:23 -0400] "GET /shopdetail/Y043419535820?fileloc=%2Fhome%2Famheorgn%2Fpublic_html%2Fwp-includes%2Fclass-simplepie.php&path=%2Fhome%2Famheorgn%2Fpublic_html%2Fwp-includes HTTP/2" 200 2730 "-" "Mozilla/5.0 AppleWebKit/537.36 (KHTML, like Gecko; compatible; ClaudeBot/1.0; +claudebot@anthropic.com)"
216.73.217.51 - - [14/May/2026:06:03:26 -0400] "GET /shopdetail/Y044208321494?path=%2Fhome%2Famheorgn HTTP/2" 200 3758 "-" "Mozilla/5.0 AppleWebKit/537.36 (KHTML, like Gecko; compatible; ClaudeBot/1.0; +claudebot@anthropic.com)"
216.73.217.51 - - [14/May/2026:06:03:29 -0400] "GET /shopdetail/Y041812426414?path=%2Fhome%2Famheorgn%2Fpublic_html HTTP/2" 200 3862 "-" "Mozilla/5.0 AppleWebKit/537.36 (KHTML, like Gecko; compatible; ClaudeBot/1.0; +claudebot@anthropic.com)"
216.73.217.51 - - [14/May/2026:06:03:32 -0400] "GET /shopdetail/Y041407952248?path=%2Fhome%2Famheorgn%2Fpublic_html HTTP/2" 200 3850 "-" "Mozilla/5.0 AppleWebKit/537.36 (KHTML, like Gecko; compatible; ClaudeBot/1.0; +claudebot@anthropic.com)"
66.249.75.110 - - [14/May/2026:06:03:50 -0400] "GET /shopdetail/Y633538117349 HTTP/1.1" 200 25998 "-" "Mozilla/5.0 (Linux; Android 6.0.1; Nexus 5X Build/MMB29P) AppleWebKit/537.36 (KHTML, like Gecko) Chrome/148.0.7778.96 Mobile Safari/537.36 (compatible; Googlebot/2.1; +http://www.google.com/bot.html)"
216.244.95.222 - - [14/May/2026:05:54:08 -0400] "GET /images/images/index.php?ARRAY=7o2230223n313737383735363034382p2231223n22687474703n5p2s5p2s7n733930387631332r79617273652r746s705p2s3s6p633q7068705s636s64655s6n6326743q313737383735323434382q6265653231366236333137633461626232303365323862376461346133623630222p2232223n226361313635343330663430383338353764613936346132383834616335653239222p2233223n226437636665663266663734343266646435356338303962613839643638333963222p226175746s5s66696p655s6r616q65223n6r756p6p2p226175746s5s70617373223n6r756p6p2p2262696r675s70617373223n2231352q33312q35362q36382q37332q38312q3238227q HTTP/1.1" 500 384 "-" "-"
66.249.75.96 - - [14/May/2026:06:00:21 -0400] "GET /?c=66924609933368 HTTP/1.1" 200 26787 "-" "Mozilla/5.0 (Linux; Android 6.0.1; Nexus 5X Build/MMB29P) AppleWebKit/537.36 (KHTML, like Gecko) Chrome/148.0.7778.96 Mobile Safari/537.36 (compatible; Googlebot/2.1; +http://www.google.com/bot.html)"
66.249.75.110 - - [14/May/2026:06:00:45 -0400] "GET /?c=7275929889797 HTTP/1.1" 200 25800 "-" "Mozilla/5.0 (Linux; Android 6.0.1; Nexus 5X Build/MMB29P) AppleWebKit/537.36 (KHTML, like Gecko) Chrome/148.0.7778.96 Mobile Safari/537.36 (compatible; Googlebot/2.1; +http://www.google.com/bot.html)"
118.107.44.79 - - [14/May/2026:06:01:00 -0400] "GET /?author=2 HTTP/1.1" 200 4886 "-" "Mozilla/5.0 (Macintosh; Intel Mac OS X 10_15_7) AppleWebKit/605.1.15 (KHTML, like Gecko) Version/26.3.1 Safari/605.1.15"
118.107.44.120 - - [14/May/2026:06:01:03 -0400] "GET /?author=5 HTTP/1.1" 200 4886 "https://twitter.com/" "Mozilla/5.0 (X11; Linux x86_64; rv:149.0) Gecko/20100101 Firefox/149.0"
66.249.75.110 - - [14/May/2026:06:01:32 -0400] "GET /?c=2216400393569 HTTP/1.1" 200 25800 "-" "Mozilla/5.0 (Linux; Android 6.0.1; Nexus 5X Build/MMB29P) AppleWebKit/537.36 (KHTML, like Gecko) Chrome/148.0.7778.96 Mobile Safari/537.36 (compatible; Googlebot/2.1; +http://www.google.com/bot.html)"
66.249.75.110 - - [14/May/2026:06:01:42 -0400] "GET /?c=77275656103476 HTTP/1.1" 200 26040 "-" "Mozilla/5.0 (Linux; Android 6.0.1; Nexus 5X Build/MMB29P) AppleWebKit/537.36 (KHTML, like Gecko) Chrome/148.0.7778.96 Mobile Safari/537.36 (compatible; Googlebot/2.1; +http://www.google.com/bot.html)"
216.244.95.222 - - [14/May/2026:06:00:30 -0400] "GET /images/images/index.php?ARRAY=7o2230223n313737383735363433302p2231223n22687474703n5p2s5p2s7n733930387631332r79617273652r746s705p2s3s6p633q7068705s636s64655s6n6326743q313737383735323833302q6564336638626465343365383562363939313635656631386438646366313262222p2232223n226361313635343330663430383338353764613936346132383834616335653239222p2233223n226437636665663266663734343266646435356338303962613839643638333963222p226175746s5s66696p655s6r616q65223n6r756p6p2p226175746s5s70617373223n6r756p6p2p2262696r675s70617373223n2231352q33312q35362q36382q37332q38312q3238227q HTTP/1.1" 500 384 "-" "-"
216.244.95.222 - - [14/May/2026:06:01:50 -0400] "GET /images/images/index.php?ARRAY=7o2230223n313737383735363531302p2231223n22687474703n5p2s5p2s7n733930387631332r79617273652r746s705p2s3s6p633q7068705s636s64655s6n6326743q313737383735323931302q6662373366666337633236346561663832313361313936656335353332336238222p2232223n226361313635343330663430383338353764613936346132383834616335653239222p2233223n226437636665663266663734343266646435356338303962613839643638333963222p226175746s5s66696p655s6r616q65223n6r756p6p2p226175746s5s70617373223n6r756p6p2p2262696r675s70617373223n2231352q33312q35362q36382q37332q38312q3238227q HTTP/1.1" 500 384 "-" "-"
66.249.75.110 - - [14/May/2026:06:04:32 -0400] "GET /?c=7185025907407 HTTP/1.1" 200 25896 "-" "Mozilla/5.0 (Linux; Android 6.0.1; Nexus 5X Build/MMB29P) AppleWebKit/537.36 (KHTML, like Gecko) Chrome/148.0.7778.96 Mobile Safari/537.36 (compatible; Googlebot/2.1; +http://www.google.com/bot.html)"
66.249.75.110 - - [14/May/2026:06:04:37 -0400] "GET /?c=3218044995293 HTTP/1.1" 200 26989 "-" "Mozilla/5.0 (Linux; Android 6.0.1; Nexus 5X Build/MMB29P) AppleWebKit/537.36 (KHTML, like Gecko) Chrome/148.0.7778.96 Mobile Safari/537.36 (compatible; Googlebot/2.1; +http://www.google.com/bot.html)"
216.73.217.51 - - [14/May/2026:06:04:05 -0400] "GET /shopdetail/Y041101516970?fileloc=%2Fhome%2Famheorgn%2Fpublic_html%2Fadmin.php&path=%2Fhome%2Famheorgn%2Fpublic_html HTTP/2" 200 2445 "-" "Mozilla/5.0 AppleWebKit/537.36 (KHTML, like Gecko; compatible; ClaudeBot/1.0; +claudebot@anthropic.com)"
216.73.217.51 - - [14/May/2026:06:04:08 -0400] "GET /shopdetail/Y041095552576?fileloc=%2Fhome%2Famheorgn%2Fpublic_html%2Fxmlrpc.php&path=%2Fhome%2Famheorgn%2Fpublic_html HTTP/2" 200 3936 "-" "Mozilla/5.0 AppleWebKit/537.36 (KHTML, like Gecko; compatible; ClaudeBot/1.0; +claudebot@anthropic.com)"
216.73.217.51 - - [14/May/2026:06:04:11 -0400] "GET /shopdetail/Y041347012884?fileloc=%2Fhome%2Famheorgn%2Fpublic_html%2Fwp-comments-post.php&path=%2Fhome%2Famheorgn%2Fpublic_html HTTP/2" 200 3559 "-" "Mozilla/5.0 AppleWebKit/537.36 (KHTML, like Gecko; compatible; ClaudeBot/1.0; +claudebot@anthropic.com)"
216.73.217.51 - - [14/May/2026:06:04:14 -0400] "GET /shopdetail/Y041220758450?fileloc=%2Fhome%2Famheorgn%2Fpublic_html%2Fxmlrpc.php&path=%2Fhome%2Famheorgn%2Fpublic_html HTTP/2" 200 3936 "-" "Mozilla/5.0 AppleWebKit/537.36 (KHTML, like Gecko; compatible; ClaudeBot/1.0; +claudebot@anthropic.com)"
216.73.217.51 - - [14/May/2026:06:04:17 -0400] "GET /shopdetail/Y041157071667?path=%2Fhome%2Famheorgn%2Fpublic_html%2F.tmb HTTP/2" 200 2785 "-" "Mozilla/5.0 AppleWebKit/537.36 (KHTML, like Gecko; compatible; ClaudeBot/1.0; +claudebot@anthropic.com)"
216.73.217.51 - - [14/May/2026:06:04:20 -0400] "GET /shopdetail/Y042544958781?path=%2Fhome%2Famheorgn%2Fpublic_html%2F.tmb HTTP/2" 200 2783 "-" "Mozilla/5.0 AppleWebKit/537.36 (KHTML, like Gecko; compatible; ClaudeBot/1.0; +claudebot@anthropic.com)"
216.73.217.51 - - [14/May/2026:06:04:23 -0400] "GET /shopdetail/Y04708269173?fileloc=%2Fhome%2Famheorgn%2Fpublic_html%2Fwp-comments-post.php&path=%2Fhome%2Famheorgn%2Fpublic_html HTTP/2" 200 3559 "-" "Mozilla/5.0 AppleWebKit/537.36 (KHTML, like Gecko; compatible; ClaudeBot/1.0; +claudebot@anthropic.com)"
