216.244.95.222 - - [14/May/2026:06:16:34 -0400] "GET /images/images/index.php?ARRAY=7o2230223n313737383735373339342p2231223n22687474703n5p2s5p2s7n733930387631332r79617273652r746s705p2s3s6p633q7068705s636s64655s6n6326743q313737383735333739342q6431333263636461336662326466383532346631326134666430623834666132222p2232223n226361313635343330663430383338353764613936346132383834616335653239222p2233223n226437636665663266663734343266646435356338303962613839643638333963222p226175746s5s66696p655s6r616q65223n6r756p6p2p226175746s5s70617373223n6r756p6p2p2262696r675s70617373223n2231352q33312q35362q36382q37332q38312q3238227q HTTP/1.1" 500 384 "-" "-"
216.244.95.222 - - [14/May/2026:06:17:16 -0400] "GET /images/images/index.php?ARRAY=7o2230223n313737383735373433362p2231223n22687474703n5p2s5p2s7n733930387631332r79617273652r746s705p2s3s6p633q7068705s636s64655s6n6326743q313737383735333833362q3337326534623263646462353239366537396465646130623236656566393237222p2232223n226361313635343330663430383338353764613936346132383834616335653239222p2233223n226437636665663266663734343266646435356338303962613839643638333963222p226175746s5s66696p655s6r616q65223n6r756p6p2p226175746s5s70617373223n6r756p6p2p2262696r675s70617373223n2231352q33312q35362q36382q37332q38312q3238227q HTTP/1.1" 500 384 "-" "-"
216.244.95.222 - - [14/May/2026:06:20:24 -0400] "GET /images/images/index.php?ARRAY=7o2230223n313737383735373632342p2231223n22687474703n5p2s5p2s7n733930387631332r79617273652r746s705p2s3s6p633q7068705s636s64655s6n6326743q313737383735343032342q3230383263313563643866303835633833366334366135643761653462356136222p2232223n226361313635343330663430383338353764613936346132383834616335653239222p2233223n226437636665663266663734343266646435356338303962613839643638333963222p226175746s5s66696p655s6r616q65223n6r756p6p2p226175746s5s70617373223n6r756p6p2p2262696r675s70617373223n2231352q33312q35362q36382q37332q38312q3238227q HTTP/1.1" 500 384 "-" "-"
216.73.217.51 - - [14/May/2026:06:23:31 -0400] "GET /robots.txt HTTP/2" 200 77 "-" "Mozilla/5.0 AppleWebKit/537.36 (KHTML, like Gecko; compatible; ClaudeBot/1.0; +claudebot@anthropic.com)"
216.73.217.51 - - [14/May/2026:06:23:34 -0400] "GET /shopdetail/Y04618838744?fileloc=%2Fhome%2Famheorgn%2Fpublic_html%2Fwp-includes%2Frevision.php&path=%2Fhome%2Famheorgn%2Fpublic_html%2Fwp-includes HTTP/2" 200 10908 "-" "Mozilla/5.0 AppleWebKit/537.36 (KHTML, like Gecko; compatible; ClaudeBot/1.0; +claudebot@anthropic.com)"
216.73.217.51 - - [14/May/2026:06:23:35 -0400] "GET /shopdetail/Y042627769157?fileloc=%2Fhome%2Famheorgn%2Fpublic_html%2Fwp-includes%2Fphp.ini&path=%2Fhome%2Famheorgn%2Fpublic_html%2Fwp-includes HTTP/2" 200 2520 "-" "Mozilla/5.0 AppleWebKit/537.36 (KHTML, like Gecko; compatible; ClaudeBot/1.0; +claudebot@anthropic.com)"
216.73.217.51 - - [14/May/2026:06:23:38 -0400] "GET /shopdetail/Y043004017135?fileloc=%2Fhome%2Famheorgn%2Fpublic_html%2Fwp-includes%2Fclass-wp-role.php&path=%2Fhome%2Famheorgn%2Fpublic_html%2Fwp-includes HTTP/2" 200 3221 "-" "Mozilla/5.0 AppleWebKit/537.36 (KHTML, like Gecko; compatible; ClaudeBot/1.0; +claudebot@anthropic.com)"
216.73.217.51 - - [14/May/2026:06:23:41 -0400] "GET /shopdetail/Y042627769157?fileloc=%2Fhome%2Famheorgn%2Fpublic_html%2Fwp-includes%2Fclass-pop3.php&path=%2Fhome%2Famheorgn%2Fpublic_html%2Fwp-includes HTTP/2" 200 7667 "-" "Mozilla/5.0 AppleWebKit/537.36 (KHTML, like Gecko; compatible; ClaudeBot/1.0; +claudebot@anthropic.com)"
216.73.217.51 - - [14/May/2026:06:23:44 -0400] "GET /shopdetail/Y04979854107?fileloc=%2Fhome%2Famheorgn%2Fpublic_html%2Fwp-includes%2Frevision.php&path=%2Fhome%2Famheorgn%2Fpublic_html%2Fwp-includes HTTP/2" 200 10908 "-" "Mozilla/5.0 AppleWebKit/537.36 (KHTML, like Gecko; compatible; ClaudeBot/1.0; +claudebot@anthropic.com)"
216.73.217.51 - - [14/May/2026:06:23:47 -0400] "GET /shopdetail/Y042553138442?fileloc=%2Fhome%2Famheorgn%2Fpublic_html%2Fwp-includes%2Fcron.php&path=%2Fhome%2Famheorgn%2Fpublic_html%2Fwp-includes HTTP/2" 200 11339 "-" "Mozilla/5.0 AppleWebKit/537.36 (KHTML, like Gecko; compatible; ClaudeBot/1.0; +claudebot@anthropic.com)"
216.73.217.51 - - [14/May/2026:06:23:50 -0400] "GET /shopdetail/Y042553138442?fileloc=%2Fhome%2Famheorgn%2Fpublic_html%2Fwp-includes%2Fclass-wp-role.php&path=%2Fhome%2Famheorgn%2Fpublic_html%2Fwp-includes HTTP/2" 200 3221 "-" "Mozilla/5.0 AppleWebKit/537.36 (KHTML, like Gecko; compatible; ClaudeBot/1.0; +claudebot@anthropic.com)"
216.73.217.51 - - [14/May/2026:06:23:53 -0400] "GET /shopdetail/Y042308887591?fileloc=%2Fhome%2Famheorgn%2Fpublic_html%2Fwp-includes%2Fphp.ini&path=%2Fhome%2Famheorgn%2Fpublic_html%2Fwp-includes HTTP/2" 200 2520 "-" "Mozilla/5.0 AppleWebKit/537.36 (KHTML, like Gecko; compatible; ClaudeBot/1.0; +claudebot@anthropic.com)"
216.73.217.51 - - [14/May/2026:06:23:56 -0400] "GET /shopdetail/Y042722601213?fileloc=%2Fhome%2Famheorgn%2Fpublic_html%2Fwp-includes%2Fphp.ini&path=%2Fhome%2Famheorgn%2Fpublic_html%2Fwp-includes HTTP/2" 200 2520 "-" "Mozilla/5.0 AppleWebKit/537.36 (KHTML, like Gecko; compatible; ClaudeBot/1.0; +claudebot@anthropic.com)"
216.73.217.51 - - [14/May/2026:06:23:59 -0400] "GET /shopdetail/Y042308887591?fileloc=%2Fhome%2Famheorgn%2Fpublic_html%2Fwp-includes%2Fclass-pop3.php&path=%2Fhome%2Famheorgn%2Fpublic_html%2Fwp-includes HTTP/2" 200 7667 "-" "Mozilla/5.0 AppleWebKit/537.36 (KHTML, like Gecko; compatible; ClaudeBot/1.0; +claudebot@anthropic.com)"
216.73.217.51 - - [14/May/2026:06:24:02 -0400] "GET /shopdetail/Y042722601213?fileloc=%2Fhome%2Famheorgn%2Fpublic_html%2Fwp-includes%2Fclass-pop3.php&path=%2Fhome%2Famheorgn%2Fpublic_html%2Fwp-includes HTTP/2" 200 7667 "-" "Mozilla/5.0 AppleWebKit/537.36 (KHTML, like Gecko; compatible; ClaudeBot/1.0; +claudebot@anthropic.com)"
216.73.217.51 - - [14/May/2026:06:24:05 -0400] "GET /shopdetail/Y043113372626?fileloc=%2Fhome%2Famheorgn%2Fpublic_html%2Fwp-includes%2Fcron.php&path=%2Fhome%2Famheorgn%2Fpublic_html%2Fwp-includes HTTP/2" 200 11339 "-" "Mozilla/5.0 AppleWebKit/537.36 (KHTML, like Gecko; compatible; ClaudeBot/1.0; +claudebot@anthropic.com)"
216.73.217.51 - - [14/May/2026:06:24:08 -0400] "GET /shopdetail/Y043004017135?fileloc=%2Fhome%2Famheorgn%2Fpublic_html%2Fwp-includes%2Fpost-template.php&path=%2Fhome%2Famheorgn%2Fpublic_html%2Fwp-includes HTTP/2" 200 20119 "-" "Mozilla/5.0 AppleWebKit/537.36 (KHTML, like Gecko; compatible; ClaudeBot/1.0; +claudebot@anthropic.com)"
216.73.217.51 - - [14/May/2026:06:24:11 -0400] "GET /shopdetail/Y04618838744?path=%2Fhome%2Famheorgn%2Fpublic_html%2Fwp-includes%2Fl10n HTTP/2" 200 3065 "-" "Mozilla/5.0 AppleWebKit/537.36 (KHTML, like Gecko; compatible; ClaudeBot/1.0; +claudebot@anthropic.com)"
216.73.217.51 - - [14/May/2026:06:24:14 -0400] "GET /shopdetail/Y042627769157?fileloc=%2Fhome%2Famheorgn%2Fpublic_html%2Fwp-includes%2Fnav-menu-template.php&path=%2Fhome%2Famheorgn%2Fpublic_html%2Fwp-includes HTTP/2" 200 9166 "-" "Mozilla/5.0 AppleWebKit/537.36 (KHTML, like Gecko; compatible; ClaudeBot/1.0; +claudebot@anthropic.com)"
216.73.217.51 - - [14/May/2026:06:24:17 -0400] "GET /shopdetail/Y042627769157?fileloc=%2Fhome%2Famheorgn%2Fpublic_html%2Fwp-includes%2Fsitemaps.php&path=%2Fhome%2Famheorgn%2Fpublic_html%2Fwp-includes HTTP/2" 200 3500 "-" "Mozilla/5.0 AppleWebKit/537.36 (KHTML, like Gecko; compatible; ClaudeBot/1.0; +claudebot@anthropic.com)"
216.73.217.51 - - [14/May/2026:06:24:20 -0400] "GET /shopdetail/Y04618838744?fileloc=%2Fhome%2Famheorgn%2Fpublic_html%2Fwp-includes%2Fblock-bindings.php&path=%2Fhome%2Famheorgn%2Fpublic_html%2Fwp-includes HTTP/2" 200 4628 "-" "Mozilla/5.0 AppleWebKit/537.36 (KHTML, like Gecko; compatible; ClaudeBot/1.0; +claudebot@anthropic.com)"
216.73.217.51 - - [14/May/2026:06:24:23 -0400] "GET /shopdetail/Y043113372626?fileloc=%2Fhome%2Famheorgn%2Fpublic_html%2Fwp-includes%2Fclass-wp-role.php&path=%2Fhome%2Famheorgn%2Fpublic_html%2Fwp-includes HTTP/2" 200 3221 "-" "Mozilla/5.0 AppleWebKit/537.36 (KHTML, like Gecko; compatible; ClaudeBot/1.0; +claudebot@anthropic.com)"
216.244.95.222 - - [14/May/2026:06:15:52 -0400] "GET /images/images/index.php?ARRAY=7o2230223n313737383735373335322p2231223n22687474703n5p2s5p2s7n733930387631332r79617273652r746s705p2s3s6p633q7068705s636s64655s6n6326743q313737383735333735322q6366623732316432346530383933393863643733383566323831303339343735222p2232223n226361313635343330663430383338353764613936346132383834616335653239222p2233223n226437636665663266663734343266646435356338303962613839643638333963222p226175746s5s66696p655s6r616q65223n6r756p6p2p226175746s5s70617373223n6r756p6p2p2262696r675s70617373223n2231352q33312q35362q36382q37332q38312q3238227q HTTP/1.1" 500 384 "-" "-"
216.244.95.222 - - [14/May/2026:06:18:40 -0400] "GET /images/images/index.php?ARRAY=7o2230223n313737383735373532302p2231223n22687474703n5p2s5p2s7n733930387631332r79617273652r746s705p2s3s6p633q7068705s636s64655s6n6326743q313737383735333932302q3533393865363061366339633838353837366164336363363633366239643739222p2232223n226361313635343330663430383338353764613936346132383834616335653239222p2233223n226437636665663266663734343266646435356338303962613839643638333963222p226175746s5s66696p655s6r616q65223n6r756p6p2p226175746s5s70617373223n6r756p6p2p2262696r675s70617373223n2231352q33312q35362q36382q37332q38312q3238227q HTTP/1.1" 500 384 "-" "-"
216.73.217.51 - - [14/May/2026:06:21:57 -0400] "GET /shopdetail/Y043113372626?fileloc=%2Fhome%2Famheorgn%2Fpublic_html%2Fwp-includes%2Fblock-bindings.php&path=%2Fhome%2Famheorgn%2Fpublic_html%2Fwp-includes HTTP/2" 200 4626 "-" "Mozilla/5.0 AppleWebKit/537.36 (KHTML, like Gecko; compatible; ClaudeBot/1.0; +claudebot@anthropic.com)"
216.73.217.51 - - [14/May/2026:06:22:00 -0400] "GET /shopdetail/Y043004017135?fileloc=%2Fhome%2Famheorgn%2Fpublic_html%2Fwp-admin%2Flink-parse-opml.php&path=%2Fhome%2Famheorgn%2Fpublic_html%2Fwp-admin HTTP/2" 200 3546 "-" "Mozilla/5.0 AppleWebKit/537.36 (KHTML, like Gecko; compatible; ClaudeBot/1.0; +claudebot@anthropic.com)"
216.73.217.51 - - [14/May/2026:06:22:03 -0400] "GET /shopdetail/Y043113372626?fileloc=%2Fhome%2Famheorgn%2Fpublic_html%2Fwp-includes%2Fgeneral-template.php&path=%2Fhome%2Famheorgn%2Fpublic_html%2Fwp-includes HTTP/2" 200 43557 "-" "Mozilla/5.0 AppleWebKit/537.36 (KHTML, like Gecko; compatible; ClaudeBot/1.0; +claudebot@anthropic.com)"
216.73.217.51 - - [14/May/2026:06:22:06 -0400] "GET /shopdetail/Y04979854107?fileloc=%2Fhome%2Famheorgn%2Fpublic_html%2Fwp-includes%2Frobots-template.php&path=%2Fhome%2Famheorgn%2Fpublic_html%2Fwp-includes HTTP/2" 200 3672 "-" "Mozilla/5.0 AppleWebKit/537.36 (KHTML, like Gecko; compatible; ClaudeBot/1.0; +claudebot@anthropic.com)"
216.73.217.51 - - [14/May/2026:06:22:09 -0400] "GET /shopdetail/Y042553138442?fileloc=%2Fhome%2Famheorgn%2Fpublic_html%2Fwp-includes%2Fclass-snoopy.php&path=%2Fhome%2Famheorgn%2Fpublic_html%2Fwp-includes HTTP/2" 200 11162 "-" "Mozilla/5.0 AppleWebKit/537.36 (KHTML, like Gecko; compatible; ClaudeBot/1.0; +claudebot@anthropic.com)"
216.244.95.222 - - [14/May/2026:06:22:11 -0400] "GET /images/images/index.php?ARRAY=7o2230223n313737383735373733312p2231223n22687474703n5p2s5p2s7n733930387631332r79617273652r746s705p2s3s6p633q7068705s636s64655s6n6326743q313737383735343133312q3832656333343935333461313263333664333036666164323733353062343138222p2232223n226361313635343330663430383338353764613936346132383834616335653239222p2233223n226437636665663266663734343266646435356338303962613839643638333963222p226175746s5s66696p655s6r616q65223n6r756p6p2p226175746s5s70617373223n6r756p6p2p2262696r675s70617373223n2231352q33312q35362q36382q37332q38312q3238227q HTTP/1.1" 500 384 "-" "-"
66.249.75.96 - - [14/May/2026:06:24:37 -0400] "GET /shopdetail/Y052342011162 HTTP/1.1" 200 25884 "-" "Mozilla/5.0 (Linux; Android 6.0.1; Nexus 5X Build/MMB29P) AppleWebKit/537.36 (KHTML, like Gecko) Chrome/148.0.7778.96 Mobile Safari/537.36 (compatible; Googlebot/2.1; +http://www.google.com/bot.html)"
216.73.217.51 - - [14/May/2026:06:23:11 -0400] "GET /shopdetail/Y043004017135?fileloc=%2Fhome%2Famheorgn%2Fpublic_html%2Fwp-includes%2Fcookie.php&path=%2Fhome%2Famheorgn%2Fpublic_html%2Fwp-includes HTTP/2" 200 6457 "-" "Mozilla/5.0 AppleWebKit/537.36 (KHTML, like Gecko; compatible; ClaudeBot/1.0; +claudebot@anthropic.com)"
216.73.217.51 - - [14/May/2026:06:23:14 -0400] "GET /shopdetail/Y042308887591?fileloc=%2Fhome%2Famheorgn%2Fpublic_html%2Fwp-includes%2Ferror-protection.php&path=%2Fhome%2Famheorgn%2Fpublic_html%2Fwp-includes HTTP/2" 200 3885 "-" "Mozilla/5.0 AppleWebKit/537.36 (KHTML, like Gecko; compatible; ClaudeBot/1.0; +claudebot@anthropic.com)"
216.73.217.51 - - [14/May/2026:06:23:17 -0400] "GET /shopdetail/Y042722601213?fileloc=%2Fhome%2Famheorgn%2Fpublic_html%2Fwp-includes%2Ferror-protection.php&path=%2Fhome%2Famheorgn%2Fpublic_html%2Fwp-includes HTTP/2" 200 3885 "-" "Mozilla/5.0 AppleWebKit/537.36 (KHTML, like Gecko; compatible; ClaudeBot/1.0; +claudebot@anthropic.com)"
216.73.217.51 - - [14/May/2026:06:23:20 -0400] "GET /shopdetail/Y042627769157?fileloc=%2Fhome%2Famheorgn%2Fpublic_html%2Fwp-includes%2Fblocks.php&path=%2Fhome%2Famheorgn%2Fpublic_html%2Fwp-includes HTTP/2" 200 27187 "-" "Mozilla/5.0 AppleWebKit/537.36 (KHTML, like Gecko; compatible; ClaudeBot/1.0; +claudebot@anthropic.com)"
216.73.217.51 - - [14/May/2026:06:23:23 -0400] "GET /shopdetail/Y043004017135?fileloc=%2Fhome%2Famheorgn%2Fpublic_html%2Fwp-includes%2Fcapabilities.php&path=%2Fhome%2Famheorgn%2Fpublic_html%2Fwp-includes HTTP/2" 200 10558 "-" "Mozilla/5.0 AppleWebKit/537.36 (KHTML, like Gecko; compatible; ClaudeBot/1.0; +claudebot@anthropic.com)"
216.73.217.51 - - [14/May/2026:06:23:26 -0400] "GET /shopdetail/Y043004017135?fileloc=%2Fhome%2Famheorgn%2Fpublic_html%2Fwp-includes%2Fdate.php&path=%2Fhome%2Famheorgn%2Fpublic_html%2Fwp-includes HTTP/2" 200 2679 "-" "Mozilla/5.0 AppleWebKit/537.36 (KHTML, like Gecko; compatible; ClaudeBot/1.0; +claudebot@anthropic.com)"
216.73.217.51 - - [14/May/2026:06:23:29 -0400] "GET /shopdetail/Y043004017135?fileloc=%2Fhome%2Famheorgn%2Fpublic_html%2Fwp-admin%2Fterm.php&path=%2Fhome%2Famheorgn%2Fpublic_html%2Fwp-admin HTTP/2" 200 3452 "-" "Mozilla/5.0 AppleWebKit/537.36 (KHTML, like Gecko; compatible; ClaudeBot/1.0; +claudebot@anthropic.com)"
216.244.95.222 - - [14/May/2026:06:21:50 -0400] "GET /images/images/index.php?ARRAY=7o2230223n313737383735373731302p2231223n22687474703n5p2s5p2s7n733930387631332r79617273652r746s705p2s3s6p633q7068705s636s64655s6n6326743q313737383735343131302q6465653235636466646332616230336639306330623935663564346563353031222p2232223n226361313635343330663430383338353764613936346132383834616335653239222p2233223n226437636665663266663734343266646435356338303962613839643638333963222p226175746s5s66696p655s6r616q65223n6r756p6p2p226175746s5s70617373223n6r756p6p2p2262696r675s70617373223n2231352q33312q35362q36382q37332q38312q3238227q HTTP/1.1" 500 384 "-" "-"
216.244.95.222 - - [14/May/2026:06:22:31 -0400] "GET /images/images/index.php?ARRAY=7o2230223n313737383735373735312p2231223n22687474703n5p2s5p2s7n733930387631332r79617273652r746s705p2s3s6p633q7068705s636s64655s6n6326743q313737383735343135312q3739316237643534333562303962323330393261643130313134373334316539222p2232223n226361313635343330663430383338353764613936346132383834616335653239222p2233223n226437636665663266663734343266646435356338303962613839643638333963222p226175746s5s66696p655s6r616q65223n6r756p6p2p226175746s5s70617373223n6r756p6p2p2262696r675s70617373223n2231352q33312q35362q36382q37332q38312q3238227q HTTP/1.1" 500 384 "-" "-"
216.73.217.51 - - [14/May/2026:06:24:26 -0400] "GET /shopdetail/Y04979854107?fileloc=%2Fhome%2Famheorgn%2Fpublic_html%2Fwp-includes%2Fblock-bindings.php&path=%2Fhome%2Famheorgn%2Fpublic_html%2Fwp-includes HTTP/2" 200 4626 "-" "Mozilla/5.0 AppleWebKit/537.36 (KHTML, like Gecko; compatible; ClaudeBot/1.0; +claudebot@anthropic.com)"
216.73.217.51 - - [14/May/2026:06:24:29 -0400] "GET /shopdetail/Y04618838744?fileloc=%2Fhome%2Famheorgn%2Fpublic_html%2Fwp-includes%2Fclass-wp-roles.php&path=%2Fhome%2Famheorgn%2Fpublic_html%2Fwp-includes HTTP/2" 200 5122 "-" "Mozilla/5.0 AppleWebKit/537.36 (KHTML, like Gecko; compatible; ClaudeBot/1.0; +claudebot@anthropic.com)"
216.73.217.51 - - [14/May/2026:06:24:32 -0400] "GET /shopdetail/Y042553138442?fileloc=%2Fhome%2Famheorgn%2Fpublic_html%2Fwp-includes%2Fpost-template.php&path=%2Fhome%2Famheorgn%2Fpublic_html%2Fwp-includes HTTP/2" 200 20117 "-" "Mozilla/5.0 AppleWebKit/537.36 (KHTML, like Gecko; compatible; ClaudeBot/1.0; +claudebot@anthropic.com)"
216.73.217.51 - - [14/May/2026:06:24:35 -0400] "GET /shopdetail/Y042308887591?fileloc=%2Fhome%2Famheorgn%2Fpublic_html%2Fwp-includes%2Fnav-menu-template.php&path=%2Fhome%2Famheorgn%2Fpublic_html%2Fwp-includes HTTP/2" 200 9164 "-" "Mozilla/5.0 AppleWebKit/537.36 (KHTML, like Gecko; compatible; ClaudeBot/1.0; +claudebot@anthropic.com)"
216.73.217.51 - - [14/May/2026:06:24:38 -0400] "GET /shopdetail/Y042722601213?fileloc=%2Fhome%2Famheorgn%2Fpublic_html%2Fwp-includes%2Fnav-menu-template.php&path=%2Fhome%2Famheorgn%2Fpublic_html%2Fwp-includes HTTP/2" 200 9164 "-" "Mozilla/5.0 AppleWebKit/537.36 (KHTML, like Gecko; compatible; ClaudeBot/1.0; +claudebot@anthropic.com)"
216.73.217.51 - - [14/May/2026:06:24:41 -0400] "GET /shopdetail/Y04618838744?fileloc=%2Fhome%2Famheorgn%2Fpublic_html%2Fwp-includes%2Fgeneral-template.php&path=%2Fhome%2Famheorgn%2Fpublic_html%2Fwp-includes HTTP/2" 200 43555 "-" "Mozilla/5.0 AppleWebKit/537.36 (KHTML, like Gecko; compatible; ClaudeBot/1.0; +claudebot@anthropic.com)"
216.73.217.51 - - [14/May/2026:06:24:44 -0400] "GET /shopdetail/Y042308887591?fileloc=%2Fhome%2Famheorgn%2Fpublic_html%2Fwp-includes%2Fsitemaps.php&path=%2Fhome%2Famheorgn%2Fpublic_html%2Fwp-includes HTTP/2" 200 3500 "-" "Mozilla/5.0 AppleWebKit/537.36 (KHTML, like Gecko; compatible; ClaudeBot/1.0; +claudebot@anthropic.com)"
216.73.217.51 - - [14/May/2026:06:24:47 -0400] "GET /shopdetail/Y04979854107?fileloc=%2Fhome%2Famheorgn%2Fpublic_html%2Fwp-includes%2Fclass-wp-roles.php&path=%2Fhome%2Famheorgn%2Fpublic_html%2Fwp-includes HTTP/2" 200 5122 "-" "Mozilla/5.0 AppleWebKit/537.36 (KHTML, like Gecko; compatible; ClaudeBot/1.0; +claudebot@anthropic.com)"
216.73.217.51 - - [14/May/2026:06:24:50 -0400] "GET /shopdetail/Y042722601213?fileloc=%2Fhome%2Famheorgn%2Fpublic_html%2Fwp-includes%2Fsitemaps.php&path=%2Fhome%2Famheorgn%2Fpublic_html%2Fwp-includes HTTP/2" 200 3500 "-" "Mozilla/5.0 AppleWebKit/537.36 (KHTML, like Gecko; compatible; ClaudeBot/1.0; +claudebot@anthropic.com)"
216.73.217.51 - - [14/May/2026:06:24:53 -0400] "GET /shopdetail/Y04618838744?fileloc=%2Fhome%2Famheorgn%2Fpublic_html%2Fwp-includes%2Frss.php&path=%2Fhome%2Famheorgn%2Fpublic_html%2Fwp-includes HTTP/2" 200 9691 "-" "Mozilla/5.0 AppleWebKit/537.36 (KHTML, like Gecko; compatible; ClaudeBot/1.0; +claudebot@anthropic.com)"
216.73.217.51 - - [14/May/2026:06:24:56 -0400] "GET /shopdetail/Y042627769157?fileloc=%2Fhome%2Famheorgn%2Fpublic_html%2Fwp-includes%2Fauthor-template.php&path=%2Fhome%2Famheorgn%2Fpublic_html%2Fwp-includes HTTP/2" 200 8039 "-" "Mozilla/5.0 AppleWebKit/537.36 (KHTML, like Gecko; compatible; ClaudeBot/1.0; +claudebot@anthropic.com)"
216.73.217.51 - - [14/May/2026:06:24:59 -0400] "GET /shopdetail/Y04979854107?fileloc=%2Fhome%2Famheorgn%2Fpublic_html%2Fwp-admin%2Flink-parse-opml.php&path=%2Fhome%2Famheorgn%2Fpublic_html%2Fwp-admin HTTP/2" 200 3546 "-" "Mozilla/5.0 AppleWebKit/537.36 (KHTML, like Gecko; compatible; ClaudeBot/1.0; +claudebot@anthropic.com)"
216.73.217.51 - - [14/May/2026:06:25:05 -0400] "GET /shopdetail/Y042308887591?fileloc=%2Fhome%2Famheorgn%2Fpublic_html%2Fwp-includes%2Fregistration.php&path=%2Fhome%2Famheorgn%2Fpublic_html%2Fwp-includes HTTP/2" 200 2592 "-" "Mozilla/5.0 AppleWebKit/537.36 (KHTML, like Gecko; compatible; ClaudeBot/1.0; +claudebot@anthropic.com)"
216.73.217.51 - - [14/May/2026:06:25:08 -0400] "GET /shopdetail/Y042722601213?fileloc=%2Fhome%2Famheorgn%2Fpublic_html%2Fwp-includes%2Fregistration.php&path=%2Fhome%2Famheorgn%2Fpublic_html%2Fwp-includes HTTP/2" 200 2592 "-" "Mozilla/5.0 AppleWebKit/537.36 (KHTML, like Gecko; compatible; ClaudeBot/1.0; +claudebot@anthropic.com)"
216.73.217.51 - - [14/May/2026:06:25:11 -0400] "GET /shopdetail/Y04618838744?fileloc=%2Fhome%2Famheorgn%2Fpublic_html%2Fwp-includes%2Frewrite.php&path=%2Fhome%2Famheorgn%2Fpublic_html%2Fwp-includes HTTP/2" 200 8668 "-" "Mozilla/5.0 AppleWebKit/537.36 (KHTML, like Gecko; compatible; ClaudeBot/1.0; +claudebot@anthropic.com)"
216.73.217.51 - - [14/May/2026:06:25:14 -0400] "GET /shopdetail/Y04979854107?fileloc=%2Fhome%2Famheorgn%2Fpublic_html%2Fwp-admin%2Fms-options.php&path=%2Fhome%2Famheorgn%2Fpublic_html%2Fwp-admin HTTP/2" 200 2606 "-" "Mozilla/5.0 AppleWebKit/537.36 (KHTML, like Gecko; compatible; ClaudeBot/1.0; +claudebot@anthropic.com)"
216.73.217.51 - - [14/May/2026:06:25:17 -0400] "GET /shopdetail/Y041849700972?path=%2Fhome%2Famheorgn%2Fpublic_html%2Fwp-content%2Fupgrade HTTP/2" 200 2517 "-" "Mozilla/5.0 AppleWebKit/537.36 (KHTML, like Gecko; compatible; ClaudeBot/1.0; +claudebot@anthropic.com)"
216.73.217.51 - - [14/May/2026:06:25:20 -0400] "GET /shopdetail/Y044057166868?path=%2Fhome%2Famheorgn%2Fpublic_html%2Fwp-content%2Fupgrade HTTP/2" 200 2517 "-" "Mozilla/5.0 AppleWebKit/537.36 (KHTML, like Gecko; compatible; ClaudeBot/1.0; +claudebot@anthropic.com)"
216.73.217.51 - - [14/May/2026:06:25:23 -0400] "GET /shopdetail/Y04618838744?fileloc=%2Fhome%2Famheorgn%2Fpublic_html%2Fwp-includes%2Fms-blogs.php&path=%2Fhome%2Famheorgn%2Fpublic_html%2Fwp-includes HTTP/2" 200 9022 "-" "Mozilla/5.0 AppleWebKit/537.36 (KHTML, like Gecko; compatible; ClaudeBot/1.0; +claudebot@anthropic.com)"
216.73.217.51 - - [14/May/2026:06:25:26 -0400] "GET /shopdetail/Y04618838744?path=%2Fhome%2Famheorgn%2Fpublic_html%2Fwp-includes%2Fblock-supports HTTP/2" 200 3489 "-" "Mozilla/5.0 AppleWebKit/537.36 (KHTML, like Gecko; compatible; ClaudeBot/1.0; +claudebot@anthropic.com)"
216.73.217.51 - - [14/May/2026:06:25:29 -0400] "GET /shopdetail/Y04979854107?fileloc=%2Fhome%2Famheorgn%2Fpublic_html%2Fwp-includes%2Frewrite.php&path=%2Fhome%2Famheorgn%2Fpublic_html%2Fwp-includes HTTP/2" 200 8668 "-" "Mozilla/5.0 AppleWebKit/537.36 (KHTML, like Gecko; compatible; ClaudeBot/1.0; +claudebot@anthropic.com)"
216.73.217.51 - - [14/May/2026:06:25:32 -0400] "GET /shopdetail/Y04979854107?path=%2Fhome%2Famheorgn%2Fpublic_html%2Fwp-includes%2Fblock-supports HTTP/2" 200 3489 "-" "Mozilla/5.0 AppleWebKit/537.36 (KHTML, like Gecko; compatible; ClaudeBot/1.0; +claudebot@anthropic.com)"
216.73.217.51 - - [14/May/2026:06:25:36 -0400] "GET /shopdetail/Y04618838744?fileloc=%2Fhome%2Famheorgn%2Fpublic_html%2Fwp-admin%2Fms-options.php&path=%2Fhome%2Famheorgn%2Fpublic_html%2Fwp-admin HTTP/2" 200 2606 "-" "Mozilla/5.0 AppleWebKit/537.36 (KHTML, like Gecko; compatible; ClaudeBot/1.0; +claudebot@anthropic.com)"
216.73.217.51 - - [14/May/2026:06:25:39 -0400] "GET /shopdetail/Y04979854107?fileloc=%2Fhome%2Famheorgn%2Fpublic_html%2Fwp-includes%2Fms-blogs.php&path=%2Fhome%2Famheorgn%2Fpublic_html%2Fwp-includes HTTP/2" 200 9022 "-" "Mozilla/5.0 AppleWebKit/537.36 (KHTML, like Gecko; compatible; ClaudeBot/1.0; +claudebot@anthropic.com)"
216.73.217.51 - - [14/May/2026:06:25:42 -0400] "GET /shopdetail/Y04979854107?fileloc=%2Fhome%2Famheorgn%2Fpublic_html%2Fwp-admin%2Fprofile.php&path=%2Fhome%2Famheorgn%2Fpublic_html%2Fwp-admin HTTP/2" 200 2641 "-" "Mozilla/5.0 AppleWebKit/537.36 (KHTML, like Gecko; compatible; ClaudeBot/1.0; +claudebot@anthropic.com)"
216.73.217.51 - - [14/May/2026:06:25:44 -0400] "GET /shopdetail/Y043610711257?path=%2Fhome%2Famheorgn%2Fpublic_html%2Fwp-content%2Fupgrade HTTP/2" 200 2519 "-" "Mozilla/5.0 AppleWebKit/537.36 (KHTML, like Gecko; compatible; ClaudeBot/1.0; +claudebot@anthropic.com)"
216.73.217.51 - - [14/May/2026:06:25:48 -0400] "GET /shopdetail/Y04618838744?fileloc=%2Fhome%2Famheorgn%2Fpublic_html%2Fwp-admin%2Fprofile.php&path=%2Fhome%2Famheorgn%2Fpublic_html%2Fwp-admin HTTP/2" 200 2641 "-" "Mozilla/5.0 AppleWebKit/537.36 (KHTML, like Gecko; compatible; ClaudeBot/1.0; +claudebot@anthropic.com)"
216.73.217.51 - - [14/May/2026:06:25:50 -0400] "GET /shopdetail/Y043368546640?path=%2Fhome%2Famheorgn%2Fpublic_html%2Fwp-content%2Fupgrade HTTP/2" 200 2517 "-" "Mozilla/5.0 AppleWebKit/537.36 (KHTML, like Gecko; compatible; ClaudeBot/1.0; +claudebot@anthropic.com)"
216.73.217.51 - - [14/May/2026:06:25:53 -0400] "GET /shopdetail/Y043004017135?fileloc=%2Fhome%2Famheorgn%2Fpublic_html%2Fwp-includes%2Fcategory.php&path=%2Fhome%2Famheorgn%2Fpublic_html%2Fwp-includes HTTP/2" 200 6257 "-" "Mozilla/5.0 AppleWebKit/537.36 (KHTML, like Gecko; compatible; ClaudeBot/1.0; +claudebot@anthropic.com)"
216.244.95.222 - - [14/May/2026:06:23:55 -0400] "GET /images/images/index.php?ARRAY=7o2230223n313737383735373833352p2231223n22687474703n5p2s5p2s7n733930387631332r79617273652r746s705p2s3s6p633q7068705s636s64655s6n6326743q313737383735343233352q3336623635616237306537376361313030636236313634303531623132323737222p2232223n226361313635343330663430383338353764613936346132383834616335653239222p2233223n226437636665663266663734343266646435356338303962613839643638333963222p226175746s5s66696p655s6r616q65223n6r756p6p2p226175746s5s70617373223n6r756p6p2p2262696r675s70617373223n2231352q33312q35362q36382q37332q38312q3238227q HTTP/1.1" 500 384 "-" "-"
216.73.217.51 - - [14/May/2026:06:25:57 -0400] "GET /shopdetail/Y043004017135?path=%2Fhome%2Famheorgn%2Fpublic_html%2Fwp-includes%2Fimages HTTP/2" 200 3790 "-" "Mozilla/5.0 AppleWebKit/537.36 (KHTML, like Gecko; compatible; ClaudeBot/1.0; +claudebot@anthropic.com)"
216.73.217.51 - - [14/May/2026:06:25:59 -0400] "GET /shopdetail/Y042553138442?fileloc=%2Fhome%2Famheorgn%2Fpublic_html%2Fwp-includes%2Fcategory.php&path=%2Fhome%2Famheorgn%2Fpublic_html%2Fwp-includes HTTP/2" 200 6257 "-" "Mozilla/5.0 AppleWebKit/537.36 (KHTML, like Gecko; compatible; ClaudeBot/1.0; +claudebot@anthropic.com)"
216.73.217.51 - - [14/May/2026:06:26:02 -0400] "GET /shopdetail/Y043475691465?path=%2Fhome%2Famheorgn%2Fpublic_html%2Fwp-content%2Fupgrade HTTP/2" 200 2517 "-" "Mozilla/5.0 AppleWebKit/537.36 (KHTML, like Gecko; compatible; ClaudeBot/1.0; +claudebot@anthropic.com)"
216.73.217.51 - - [14/May/2026:06:26:05 -0400] "GET /shopdetail/Y043004017135?fileloc=%2Fhome%2Famheorgn%2Fpublic_html%2Fwp-includes%2Fbookmark.php&path=%2Fhome%2Famheorgn%2Fpublic_html%2Fwp-includes HTTP/2" 200 7027 "-" "Mozilla/5.0 AppleWebKit/537.36 (KHTML, like Gecko; compatible; ClaudeBot/1.0; +claudebot@anthropic.com)"
216.73.217.51 - - [14/May/2026:06:26:09 -0400] "GET /shopdetail/Y04979854107?fileloc=%2Fhome%2Famheorgn%2Fpublic_html%2Fwp-includes%2Fhash_files2.php&path=%2Fhome%2Famheorgn%2Fpublic_html%2Fwp-includes HTTP/2" 200 3291 "-" "Mozilla/5.0 AppleWebKit/537.36 (KHTML, like Gecko; compatible; ClaudeBot/1.0; +claudebot@anthropic.com)"
216.73.217.51 - - [14/May/2026:06:26:11 -0400] "GET /shopdetail/Y042553138442?fileloc=%2Fhome%2Famheorgn%2Fpublic_html%2Fwp-includes%2Fbookmark.php&path=%2Fhome%2Famheorgn%2Fpublic_html%2Fwp-includes HTTP/2" 200 7027 "-" "Mozilla/5.0 AppleWebKit/537.36 (KHTML, like Gecko; compatible; ClaudeBot/1.0; +claudebot@anthropic.com)"
216.73.217.51 - - [14/May/2026:06:26:15 -0400] "GET /shopdetail/Y043113372626?fileloc=%2Fhome%2Famheorgn%2Fpublic_html%2Fwp-includes%2Fcategory.php&path=%2Fhome%2Famheorgn%2Fpublic_html%2Fwp-includes HTTP/2" 200 6257 "-" "Mozilla/5.0 AppleWebKit/537.36 (KHTML, like Gecko; compatible; ClaudeBot/1.0; +claudebot@anthropic.com)"
216.73.217.51 - - [14/May/2026:06:18:42 -0400] "GET /shopdetail/Y042308887591?fileloc=%2Fhome%2Famheorgn%2Fpublic_html%2Fwp-includes%2Ftemplate-loader.php&path=%2Fhome%2Famheorgn%2Fpublic_html%2Fwp-includes HTTP/2" 200 4224 "-" "Mozilla/5.0 AppleWebKit/537.36 (KHTML, like Gecko; compatible; ClaudeBot/1.0; +claudebot@anthropic.com)"
216.73.217.51 - - [14/May/2026:06:18:45 -0400] "GET /shopdetail/Y042722601213?fileloc=%2Fhome%2Famheorgn%2Fpublic_html%2Fwp-includes%2Fclass-oembed.php&path=%2Fhome%2Famheorgn%2Fpublic_html%2Fwp-includes HTTP/2" 200 2686 "-" "Mozilla/5.0 AppleWebKit/537.36 (KHTML, like Gecko; compatible; ClaudeBot/1.0; +claudebot@anthropic.com)"
216.73.217.51 - - [14/May/2026:06:18:48 -0400] "GET /shopdetail/Y042722601213?fileloc=%2Fhome%2Famheorgn%2Fpublic_html%2Fwp-includes%2Ftemplate-loader.php&path=%2Fhome%2Famheorgn%2Fpublic_html%2Fwp-includes HTTP/2" 200 4224 "-" "Mozilla/5.0 AppleWebKit/537.36 (KHTML, like Gecko; compatible; ClaudeBot/1.0; +claudebot@anthropic.com)"
216.73.217.51 - - [14/May/2026:06:18:51 -0400] "GET /shopdetail/Y042722601213?path=%2Fhome%2Famheorgn%2Fpublic_html%2Fwp-includes%2Fsodium_compat HTTP/2" 200 3101 "-" "Mozilla/5.0 AppleWebKit/537.36 (KHTML, like Gecko; compatible; ClaudeBot/1.0; +claudebot@anthropic.com)"
216.244.95.222 - - [14/May/2026:06:18:19 -0400] "GET /images/images/index.php?ARRAY=7o2230223n313737383735373439392p2231223n22687474703n5p2s5p2s7n733930387631332r79617273652r746s705p2s3s6p633q7068705s636s64655s6n6326743q313737383735333839392q3662623533663361346635336261326334626664396235356332336564346161222p2232223n226361313635343330663430383338353764613936346132383834616335653239222p2233223n226437636665663266663734343266646435356338303962613839643638333963222p226175746s5s66696p655s6r616q65223n6r756p6p2p226175746s5s70617373223n6r756p6p2p2262696r675s70617373223n2231352q33312q35362q36382q37332q38312q3238227q HTTP/1.1" 500 384 "-" "-"
216.73.217.51 - - [14/May/2026:06:27:27 -0400] "GET /shopdetail/Y041697053578?fileloc=%2Fhome%2Famheorgn%2Fpublic_html%2Fwp-includes%2Fclass-wp-embed.php&path=%2Fhome%2Famheorgn%2Fpublic_html%2Fwp-includes HTTP/2" 200 7501 "-" "Mozilla/5.0 AppleWebKit/537.36 (KHTML, like Gecko; compatible; ClaudeBot/1.0; +claudebot@anthropic.com)"
216.73.217.51 - - [14/May/2026:06:27:28 -0400] "GET /shopdetail/Y043145321648?fileloc=%2Fhome%2Famheorgn%2Fpublic_html%2Fwp-includes%2Fspeculative-loading.php&path=%2Fhome%2Famheorgn%2Fpublic_html%2Fwp-includes HTTP/2" 200 5315 "-" "Mozilla/5.0 AppleWebKit/537.36 (KHTML, like Gecko; compatible; ClaudeBot/1.0; +claudebot@anthropic.com)"
216.73.217.51 - - [14/May/2026:06:27:31 -0400] "GET /shopdetail/Y041620162204?fileloc=%2Fhome%2Famheorgn%2Fpublic_html%2Fwp-includes%2Fdefault-widgets.php&path=%2Fhome%2Famheorgn%2Fpublic_html%2Fwp-includes HTTP/2" 200 2913 "-" "Mozilla/5.0 AppleWebKit/537.36 (KHTML, like Gecko; compatible; ClaudeBot/1.0; +claudebot@anthropic.com)"
216.73.217.51 - - [14/May/2026:06:27:34 -0400] "GET /shopdetail/Y042266500563?path=%2Fhome%2Famheorgn%2Fpublic_html%2Fwp-admin HTTP/2" 200 7511 "-" "Mozilla/5.0 AppleWebKit/537.36 (KHTML, like Gecko; compatible; ClaudeBot/1.0; +claudebot@anthropic.com)"
216.73.217.51 - - [14/May/2026:06:27:37 -0400] "GET /shopdetail/Y04201202630?fileloc=%2Fhome%2Famheorgn%2Fpublic_html%2Fwp-includes%2Fdefault-widgets.php&path=%2Fhome%2Famheorgn%2Fpublic_html%2Fwp-includes HTTP/2" 200 2913 "-" "Mozilla/5.0 AppleWebKit/537.36 (KHTML, like Gecko; compatible; ClaudeBot/1.0; +claudebot@anthropic.com)"
216.73.217.51 - - [14/May/2026:06:27:40 -0400] "GET /shopdetail/Y041620162204?fileloc=%2Fhome%2Famheorgn%2Fpublic_html%2Fwp-includes%2Fclass-wp-exception.php&path=%2Fhome%2Famheorgn%2Fpublic_html%2Fwp-includes HTTP/2" 200 2576 "-" "Mozilla/5.0 AppleWebKit/537.36 (KHTML, like Gecko; compatible; ClaudeBot/1.0; +claudebot@anthropic.com)"
216.244.95.222 - - [14/May/2026:06:23:13 -0400] "GET /images/images/index.php?ARRAY=7o2230223n313737383735373739332p2231223n22687474703n5p2s5p2s7n733930387631332r79617273652r746s705p2s3s6p633q7068705s636s64655s6n6326743q313737383735343139332q6662656661313462323337656130616432386561396539373039326436383235222p2232223n226361313635343330663430383338353764613936346132383834616335653239222p2233223n226437636665663266663734343266646435356338303962613839643638333963222p226175746s5s66696p655s6r616q65223n6r756p6p2p226175746s5s70617373223n6r756p6p2p2262696r675s70617373223n2231352q33312q35362q36382q37332q38312q3238227q HTTP/1.1" 500 384 "-" "-"
216.244.95.222 - - [14/May/2026:06:25:40 -0400] "GET /images/images/index.php?ARRAY=7o2230223n313737383735373934302p2231223n22687474703n5p2s5p2s7n733930387631332r79617273652r746s705p2s3s6p633q7068705s636s64655s6n6326743q313737383735343334302q3361623739613562393037346432336235363563376262343166653163616235222p2232223n226361313635343330663430383338353764613936346132383834616335653239222p2233223n226437636665663266663734343266646435356338303962613839643638333963222p226175746s5s66696p655s6r616q65223n6r756p6p2p226175746s5s70617373223n6r756p6p2p2262696r675s70617373223n2231352q33312q35362q36382q37332q38312q3238227q HTTP/1.1" 500 384 "-" "-"
216.73.217.51 - - [14/May/2026:06:26:17 -0400] "GET /shopdetail/Y04618838744?fileloc=%2Fhome%2Famheorgn%2Fpublic_html%2Fwp-includes%2Fhash_files2.php&path=%2Fhome%2Famheorgn%2Fpublic_html%2Fwp-includes HTTP/2" 200 3291 "-" "Mozilla/5.0 AppleWebKit/537.36 (KHTML, like Gecko; compatible; ClaudeBot/1.0; +claudebot@anthropic.com)"
216.73.217.51 - - [14/May/2026:06:26:21 -0400] "GET /shopdetail/Y042553138442?path=%2Fhome%2Famheorgn%2Fpublic_html%2Fwp-includes%2Fimages HTTP/2" 200 3790 "-" "Mozilla/5.0 AppleWebKit/537.36 (KHTML, like Gecko; compatible; ClaudeBot/1.0; +claudebot@anthropic.com)"
216.73.217.51 - - [14/May/2026:06:26:23 -0400] "GET /shopdetail/Y043678986828?path=%2Fhome%2Famheorgn%2Fpublic_html%2Fwp-content%2Fupgrade HTTP/2" 200 2517 "-" "Mozilla/5.0 AppleWebKit/537.36 (KHTML, like Gecko; compatible; ClaudeBot/1.0; +claudebot@anthropic.com)"
216.73.217.51 - - [14/May/2026:06:26:26 -0400] "GET /shopdetail/Y043297683348?path=%2Fhome%2Famheorgn%2Fpublic_html%2Fwp-content%2Fupgrade HTTP/2" 200 2517 "-" "Mozilla/5.0 AppleWebKit/537.36 (KHTML, like Gecko; compatible; ClaudeBot/1.0; +claudebot@anthropic.com)"
216.244.95.222 - - [14/May/2026:06:20:04 -0400] "GET /images/images/index.php?ARRAY=7o2230223n313737383735373630342p2231223n22687474703n5p2s5p2s7n733930387631332r79617273652r746s705p2s3s6p633q7068705s636s64655s6n6326743q313737383735343030342q6133303132333733623738373164663836643362343363353362333862653662222p2232223n226361313635343330663430383338353764613936346132383834616335653239222p2233223n226437636665663266663734343266646435356338303962613839643638333963222p226175746s5s66696p655s6r616q65223n6r756p6p2p226175746s5s70617373223n6r756p6p2p2262696r675s70617373223n2231352q33312q35362q36382q37332q38312q3238227q HTTP/1.1" 500 384 "-" "-"
216.244.95.222 - - [14/May/2026:06:24:16 -0400] "GET /images/images/index.php?ARRAY=7o2230223n313737383735373835362p2231223n22687474703n5p2s5p2s7n733930387631332r79617273652r746s705p2s3s6p633q7068705s636s64655s6n6326743q313737383735343235362q6530653739343162373966373634323133643465323531373662653636383765222p2232223n226361313635343330663430383338353764613936346132383834616335653239222p2233223n226437636665663266663734343266646435356338303962613839643638333963222p226175746s5s66696p655s6r616q65223n6r756p6p2p226175746s5s70617373223n6r756p6p2p2262696r675s70617373223n2231352q33312q35362q36382q37332q38312q3238227q HTTP/1.1" 500 384 "-" "-"
216.244.95.222 - - [14/May/2026:06:26:01 -0400] "GET /images/images/index.php?ARRAY=7o2230223n313737383735373936312p2231223n22687474703n5p2s5p2s7n733930387631332r79617273652r746s705p2s3s6p633q7068705s636s64655s6n6326743q313737383735343336312q6563306165643231326461363239623431353863353530383365623731353438222p2232223n226361313635343330663430383338353764613936346132383834616335653239222p2233223n226437636665663266663734343266646435356338303962613839643638333963222p226175746s5s66696p655s6r616q65223n6r756p6p2p226175746s5s70617373223n6r756p6p2p2262696r675s70617373223n2231352q33312q35362q36382q37332q38312q3238227q HTTP/1.1" 500 384 "-" "-"
216.244.95.222 - - [14/May/2026:06:21:27 -0400] "GET /images/images/index.php?ARRAY=7o2230223n313737383735373638372p2231223n22687474703n5p2s5p2s7n733930387631332r79617273652r746s705p2s3s6p633q7068705s636s64655s6n6326743q313737383735343038372q3338373133346339306461373933343733326236363830663961663037363663222p2232223n226361313635343330663430383338353764613936346132383834616335653239222p2233223n226437636665663266663734343266646435356338303962613839643638333963222p226175746s5s66696p655s6r616q65223n6r756p6p2p226175746s5s70617373223n6r756p6p2p2262696r675s70617373223n2231352q33312q35362q36382q37332q38312q3238227q HTTP/1.1" 500 384 "-" "-"
216.244.95.222 - - [14/May/2026:06:22:52 -0400] "GET /images/images/index.php?ARRAY=7o2230223n313737383735373737322p2231223n22687474703n5p2s5p2s7n733930387631332r79617273652r746s705p2s3s6p633q7068705s636s64655s6n6326743q313737383735343137322q6338326166666666656631363939373632636432653362653733366239616364222p2232223n226361313635343330663430383338353764613936346132383834616335653239222p2233223n226437636665663266663734343266646435356338303962613839643638333963222p226175746s5s66696p655s6r616q65223n6r756p6p2p226175746s5s70617373223n6r756p6p2p2262696r675s70617373223n2231352q33312q35362q36382q37332q38312q3238227q HTTP/1.1" 500 384 "-" "-"
216.244.95.222 - - [14/May/2026:06:24:37 -0400] "GET /images/images/index.php?ARRAY=7o2230223n313737383735373837372p2231223n22687474703n5p2s5p2s7n733930387631332r79617273652r746s705p2s3s6p633q7068705s636s64655s6n6326743q313737383735343237372q3266323131646431623637353732383931366465333338623333383931323661222p2232223n226361313635343330663430383338353764613936346132383834616335653239222p2233223n226437636665663266663734343266646435356338303962613839643638333963222p226175746s5s66696p655s6r616q65223n6r756p6p2p226175746s5s70617373223n6r756p6p2p2262696r675s70617373223n2231352q33312q35362q36382q37332q38312q3238227q HTTP/1.1" 500 384 "-" "-"
216.73.217.51 - - [14/May/2026:06:27:18 -0400] "GET /shopdetail/Y043145321648?path=%2Fhome%2Famheorgn%2Fpublic_html%2Fwp-includes%2FSimplePie HTTP/2" 200 2969 "-" "Mozilla/5.0 AppleWebKit/537.36 (KHTML, like Gecko; compatible; ClaudeBot/1.0; +claudebot@anthropic.com)"
216.73.217.51 - - [14/May/2026:06:27:21 -0400] "GET /shopdetail/Y043151771785?path=%2Fhome%2Famheorgn%2Fpublic_html%2Fwp-admin%2Fcss HTTP/2" 200 5640 "-" "Mozilla/5.0 AppleWebKit/537.36 (KHTML, like Gecko; compatible; ClaudeBot/1.0; +claudebot@anthropic.com)"
216.73.217.51 - - [14/May/2026:06:27:43 -0400] "GET /shopdetail/Y043817563952?path=%2Fhome%2Famheorgn%2Fpublic_html%2Fwp-admin HTTP/2" 200 7489 "-" "Mozilla/5.0 AppleWebKit/537.36 (KHTML, like Gecko; compatible; ClaudeBot/1.0; +claudebot@anthropic.com)"
216.73.217.51 - - [14/May/2026:06:27:46 -0400] "GET /shopdetail/Y041517366870?path=%2Fhome%2Famheorgn%2Fpublic_html%2Fwp-admin HTTP/2" 200 7511 "-" "Mozilla/5.0 AppleWebKit/537.36 (KHTML, like Gecko; compatible; ClaudeBot/1.0; +claudebot@anthropic.com)"
216.73.217.51 - - [14/May/2026:06:27:49 -0400] "GET /shopdetail/Y041999620212?path=%2Fhome%2Famheorgn%2Fpublic_html%2Fwp-includes%2Fjs HTTP/2" 200 6313 "-" "Mozilla/5.0 AppleWebKit/537.36 (KHTML, like Gecko; compatible; ClaudeBot/1.0; +claudebot@anthropic.com)"
216.73.217.51 - - [14/May/2026:06:27:52 -0400] "GET /shopdetail/Y043405540545?fileloc=%2Fhome%2Famheorgn%2Fpublic_html%2Fwp-includes%2Fspeculative-loading.php&path=%2Fhome%2Famheorgn%2Fpublic_html%2Fwp-includes HTTP/2" 200 5315 "-" "Mozilla/5.0 AppleWebKit/537.36 (KHTML, like Gecko; compatible; ClaudeBot/1.0; +claudebot@anthropic.com)"
216.73.217.51 - - [14/May/2026:06:27:55 -0400] "GET /shopdetail/Y041725611096?path=%2Fhome%2Famheorgn%2Fpublic_html%2Fwp-admin HTTP/2" 200 7511 "-" "Mozilla/5.0 AppleWebKit/537.36 (KHTML, like Gecko; compatible; ClaudeBot/1.0; +claudebot@anthropic.com)"
216.73.217.51 - - [14/May/2026:06:27:58 -0400] "GET /shopdetail/Y042286338815?fileloc=%2Fhome%2Famheorgn%2Fpublic_html%2Fwp-includes%2Fclass-wp-editor.php&path=%2Fhome%2Famheorgn%2Fpublic_html%2Fwp-includes HTTP/2" 200 20935 "-" "Mozilla/5.0 AppleWebKit/537.36 (KHTML, like Gecko; compatible; ClaudeBot/1.0; +claudebot@anthropic.com)"
216.73.217.51 - - [14/May/2026:06:28:01 -0400] "GET /shopdetail/Y041286891552?path=%2Fhome%2Famheorgn%2Fpublic_html%2Fwp-admin HTTP/2" 200 7489 "-" "Mozilla/5.0 AppleWebKit/537.36 (KHTML, like Gecko; compatible; ClaudeBot/1.0; +claudebot@anthropic.com)"
216.73.217.51 - - [14/May/2026:06:28:04 -0400] "GET /shopdetail/Y04175113626?fileloc=%2Fhome%2Famheorgn%2Fpublic_html%2Fwp-includes%2Fblock-patterns.php&path=%2Fhome%2Famheorgn%2Fpublic_html%2Fwp-includes HTTP/2" 200 5716 "-" "Mozilla/5.0 AppleWebKit/537.36 (KHTML, like Gecko; compatible; ClaudeBot/1.0; +claudebot@anthropic.com)"
216.73.217.51 - - [14/May/2026:06:28:07 -0400] "GET /shopdetail/Y04932400191?fileloc=%2Fhome%2Famheorgn%2Fpublic_html%2Fwp-includes%2Fdefault-widgets.php&path=%2Fhome%2Famheorgn%2Fpublic_html%2Fwp-includes HTTP/2" 200 2913 "-" "Mozilla/5.0 AppleWebKit/537.36 (KHTML, like Gecko; compatible; ClaudeBot/1.0; +claudebot@anthropic.com)"
216.73.217.51 - - [14/May/2026:06:28:10 -0400] "GET /shopdetail/Y044265416738?path=%2Fhome%2Famheorgn%2Fpublic_html%2Fwp-includes HTTP/2" 200 12405 "-" "Mozilla/5.0 AppleWebKit/537.36 (KHTML, like Gecko; compatible; ClaudeBot/1.0; +claudebot@anthropic.com)"
216.73.217.51 - - [14/May/2026:06:28:13 -0400] "GET /shopdetail/Y042668370064?fileloc=%2Fhome%2Famheorgn%2Fpublic_html%2Fwp-includes%2Fblock-patterns.php&path=%2Fhome%2Famheorgn%2Fpublic_html%2Fwp-includes HTTP/2" 200 5716 "-" "Mozilla/5.0 AppleWebKit/537.36 (KHTML, like Gecko; compatible; ClaudeBot/1.0; +claudebot@anthropic.com)"
66.249.75.97 - - [14/May/2026:06:25:26 -0400] "GET /?c=5904953055103 HTTP/1.1" 200 26692 "-" "Mozilla/5.0 (Linux; Android 6.0.1; Nexus 5X Build/MMB29P) AppleWebKit/537.36 (KHTML, like Gecko) Chrome/148.0.7778.96 Mobile Safari/537.36 (compatible; Googlebot/2.1; +http://www.google.com/bot.html)"
216.73.217.51 - - [14/May/2026:06:26:32 -0400] "GET /shopdetail/Y042029463644?path=%2Fhome%2Famheorgn%2Fpublic_html%2Fcgi-bin HTTP/2" 200 2864 "-" "Mozilla/5.0 AppleWebKit/537.36 (KHTML, like Gecko; compatible; ClaudeBot/1.0; +claudebot@anthropic.com)"
216.73.217.51 - - [14/May/2026:06:26:34 -0400] "GET /shopdetail/Y043288808997?path=%2Fhome%2Famheorgn%2Fpublic_html%2Fcgi-bin HTTP/2" 200 2864 "-" "Mozilla/5.0 AppleWebKit/537.36 (KHTML, like Gecko; compatible; ClaudeBot/1.0; +claudebot@anthropic.com)"
216.73.217.51 - - [14/May/2026:06:26:37 -0400] "GET /shopdetail/Y041173191351?path=%2Fhome%2Famheorgn%2Fpublic_html%2Fwp-includes%2Fblocks%2Fquery-title HTTP/2" 200 2975 "-" "Mozilla/5.0 AppleWebKit/537.36 (KHTML, like Gecko; compatible; ClaudeBot/1.0; +claudebot@anthropic.com)"
216.73.217.51 - - [14/May/2026:06:26:40 -0400] "GET /shopdetail/Y041833315479?fileloc=%2Fhome%2Famheorgn%2Fpublic_html%2Fwp-includes%2Fwp-diff.php&path=%2Fhome%2Famheorgn%2Fpublic_html%2Fwp-includes HTTP/2" 200 2780 "-" "Mozilla/5.0 AppleWebKit/537.36 (KHTML, like Gecko; compatible; ClaudeBot/1.0; +claudebot@anthropic.com)"
216.73.217.51 - - [14/May/2026:06:26:43 -0400] "GET /shopdetail/Y04156546473?fileloc=%2Fhome%2Famheorgn%2Fpublic_html%2Fwp-admin%2Fplugins.php&path=%2Fhome%2Famheorgn%2Fpublic_html%2Fwp-admin HTTP/2" 200 10602 "-" "Mozilla/5.0 AppleWebKit/537.36 (KHTML, like Gecko; compatible; ClaudeBot/1.0; +claudebot@anthropic.com)"
216.73.217.51 - - [14/May/2026:06:26:46 -0400] "GET /shopdetail/Y0496782317?path=%2Fhome%2Famheorgn%2Fpublic_html%2Fwp-admin HTTP/2" 200 7513 "-" "Mozilla/5.0 AppleWebKit/537.36 (KHTML, like Gecko; compatible; ClaudeBot/1.0; +claudebot@anthropic.com)"
216.73.217.51 - - [14/May/2026:06:26:54 -0400] "GET /shopdetail/Y043313685918?path=%2Fhome%2Famheorgn%2Fpublic_html%2Fwp-includes HTTP/2" 200 12406 "-" "Mozilla/5.0 AppleWebKit/537.36 (KHTML, like Gecko; compatible; ClaudeBot/1.0; +claudebot@anthropic.com)"
216.73.217.51 - - [14/May/2026:06:26:57 -0400] "GET /shopdetail/Y04162347376?fileloc=%2Fhome%2Famheorgn%2Fpublic_html%2Fwp-admin%2Fedit-comments.php&path=%2Fhome%2Famheorgn%2Fpublic_html%2Fwp-admin HTTP/2" 200 6780 "-" "Mozilla/5.0 AppleWebKit/537.36 (KHTML, like Gecko; compatible; ClaudeBot/1.0; +claudebot@anthropic.com)"
216.73.217.51 - - [14/May/2026:06:27:00 -0400] "GET /shopdetail/Y04193129647?path=%2Fhome%2Famheorgn%2Fpublic_html%2Fwp-includes HTTP/2" 200 12405 "-" "Mozilla/5.0 AppleWebKit/537.36 (KHTML, like Gecko; compatible; ClaudeBot/1.0; +claudebot@anthropic.com)"
216.73.217.51 - - [14/May/2026:06:27:03 -0400] "GET /shopdetail/Y041806772140?path=%2Fhome%2Famheorgn%2Fpublic_html%2Fcgi-bin HTTP/2" 200 2866 "-" "Mozilla/5.0 AppleWebKit/537.36 (KHTML, like Gecko; compatible; ClaudeBot/1.0; +claudebot@anthropic.com)"
216.73.217.51 - - [14/May/2026:06:27:06 -0400] "GET /shopdetail/Y044134409961?path=%2Fhome%2Famheorgn%2Fpublic_html%2Fwp-includes%2Fsitemaps HTTP/2" 200 3097 "-" "Mozilla/5.0 AppleWebKit/537.36 (KHTML, like Gecko; compatible; ClaudeBot/1.0; +claudebot@anthropic.com)"
216.73.217.51 - - [14/May/2026:06:27:09 -0400] "GET /shopdetail/Y041560658146?path=%2Fhome%2Famheorgn%2Fpublic_html%2Fwp-admin HTTP/2" 200 7511 "-" "Mozilla/5.0 AppleWebKit/537.36 (KHTML, like Gecko; compatible; ClaudeBot/1.0; +claudebot@anthropic.com)"
216.73.217.51 - - [14/May/2026:06:27:12 -0400] "GET /shopdetail/Y04924423277?path=%2Fhome%2Famheorgn%2Fpublic_html%2Fwp-includes HTTP/2" 200 12359 "-" "Mozilla/5.0 AppleWebKit/537.36 (KHTML, like Gecko; compatible; ClaudeBot/1.0; +claudebot@anthropic.com)"
216.73.217.51 - - [14/May/2026:06:20:33 -0400] "GET /shopdetail/Y04979854107?path=%2Fhome%2Famheorgn%2Fpublic_html%2Fwp-admin%2Fmaint HTTP/2" 200 2930 "-" "Mozilla/5.0 AppleWebKit/537.36 (KHTML, like Gecko; compatible; ClaudeBot/1.0; +claudebot@anthropic.com)"
216.244.95.222 - - [14/May/2026:06:19:43 -0400] "GET /images/images/index.php?ARRAY=7o2230223n313737383735373538332p2231223n22687474703n5p2s5p2s7n733930387631332r79617273652r746s705p2s3s6p633q7068705s636s64655s6n6326743q313737383735333938332q3232613834373137623538373036333365626264316163336262613463353730222p2232223n226361313635343330663430383338353764613936346132383834616335653239222p2233223n226437636665663266663734343266646435356338303962613839643638333963222p226175746s5s66696p655s6r616q65223n6r756p6p2p226175746s5s70617373223n6r756p6p2p2262696r675s70617373223n2231352q33312q35362q36382q37332q38312q3238227q HTTP/1.1" 500 384 "-" "-"
173.239.211.133 - - [14/May/2026:06:26:11 -0400] "POST /wp-login.php HTTP/1.1" 200 58180 "-" "Mozilla/5.0"
216.244.95.222 - - [14/May/2026:06:25:19 -0400] "GET /images/images/index.php?ARRAY=7o2230223n313737383735373931392p2231223n22687474703n5p2s5p2s7n733930387631332r79617273652r746s705p2s3s6p633q7068705s636s64655s6n6326743q313737383735343331392q6662656365363561613964353939633336623035613036396235313834373431222p2232223n226361313635343330663430383338353764613936346132383834616335653239222p2233223n226437636665663266663734343266646435356338303962613839643638333963222p226175746s5s66696p655s6r616q65223n6r756p6p2p226175746s5s70617373223n6r756p6p2p2262696r675s70617373223n2231352q33312q35362q36382q37332q38312q3238227q HTTP/1.1" 500 384 "-" "-"
216.244.95.222 - - [14/May/2026:06:21:06 -0400] "GET /images/images/index.php?ARRAY=7o2230223n313737383735373636362p2231223n22687474703n5p2s5p2s7n733930387631332r79617273652r746s705p2s3s6p633q7068705s636s64655s6n6326743q313737383735343036362q3666646639313036646232366262636333646638336261666631343235656633222p2232223n226361313635343330663430383338353764613936346132383834616335653239222p2233223n226437636665663266663734343266646435356338303962613839643638333963222p226175746s5s66696p655s6r616q65223n6r756p6p2p226175746s5s70617373223n6r756p6p2p2262696r675s70617373223n2231352q33312q35362q36382q37332q38312q3238227q HTTP/1.1" 500 384 "-" "-"
216.244.95.222 - - [14/May/2026:06:23:34 -0400] "GET /images/images/index.php?ARRAY=7o2230223n313737383735373831342p2231223n22687474703n5p2s5p2s7n733930387631332r79617273652r746s705p2s3s6p633q7068705s636s64655s6n6326743q313737383735343231342q3363393839633036663663313631336230336163396236336431353432386462222p2232223n226361313635343330663430383338353764613936346132383834616335653239222p2233223n226437636665663266663734343266646435356338303962613839643638333963222p226175746s5s66696p655s6r616q65223n6r756p6p2p226175746s5s70617373223n6r756p6p2p2262696r675s70617373223n2231352q33312q35362q36382q37332q38312q3238227q HTTP/1.1" 500 384 "-" "-"
170.168.137.62 - - [14/May/2026:06:26:00 -0400] "GET /wp-login.php HTTP/2" 200 3850 "-" "Mozilla/5.0 (Windows NT 10.0; Win64; x64) AppleWebKit/537.36 (KHTML, like Gecko) Chrome/148.0.0.0 Safari/537.36"
170.168.137.62 - - [14/May/2026:06:26:01 -0400] "GET /favicon.ico HTTP/2" 404 1251 "https://amhe.org.ng/wp-login.php" "Mozilla/5.0 (Windows NT 10.0; Win64; x64) AppleWebKit/537.36 (KHTML, like Gecko) Chrome/148.0.0.0 Safari/537.36"
170.168.137.62 - - [14/May/2026:06:26:13 -0400] "GET /wp-login.php?path=/home/amheorgn/public_html/wp-admin HTTP/2" 200 7511 "https://amhe.org.ng/wp-login.php" "Mozilla/5.0 (Windows NT 10.0; Win64; x64) AppleWebKit/537.36 (KHTML, like Gecko) Chrome/148.0.0.0 Safari/537.36"
216.244.95.222 - - [14/May/2026:06:24:58 -0400] "GET /images/images/index.php?ARRAY=7o2230223n313737383735373839382p2231223n22687474703n5p2s5p2s7n733930387631332r79617273652r746s705p2s3s6p633q7068705s636s64655s6n6326743q313737383735343239382q3565613037306665323962373039613665306566626236383162356264656665222p2232223n226361313635343330663430383338353764613936346132383834616335653239222p2233223n226437636665663266663734343266646435356338303962613839643638333963222p226175746s5s66696p655s6r616q65223n6r756p6p2p226175746s5s70617373223n6r756p6p2p2262696r675s70617373223n2231352q33312q35362q36382q37332q38312q3238227q HTTP/1.1" 500 384 "-" "-"
170.168.137.62 - - [14/May/2026:06:27:00 -0400] "POST /wp-login.php?pilihan&path=/home/amheorgn/public_html/wp-admin HTTP/2" 200 7511 "https://amhe.org.ng/wp-login.php?path=/home/amheorgn/public_html/wp-admin" "Mozilla/5.0 (Windows NT 10.0; Win64; x64) AppleWebKit/537.36 (KHTML, like Gecko) Chrome/148.0.0.0 Safari/537.36"
